{"id":37661,"date":"2012-10-25T09:11:00","date_gmt":"2012-10-25T07:11:00","guid":{"rendered":"https:\/\/sfu.sk\/?post_type=novinka&#038;p=37661"},"modified":"2025-07-23T10:24:30","modified_gmt":"2025-07-23T08:24:30","slug":"first-efa-nominations-announced","status":"publish","type":"novinka","link":"https:\/\/sfu.sk\/en\/news\/first-efa-nominations-announced\/","title":{"rendered":"First EFA Nominations announced"},"content":{"rendered":"<p><img decoding=\"async\" src=\"\/images\/AIC_foto\/instituty_loga\/efa_logo.jpg\" alt=\"\" align=\"left\" class=\"table\" \/><\/p>\n<p><strong>First <a href=\"http:\/\/www.europeanfilmawards.eu\/\" target=\"_blank\" rel=\"noopener\">European Film Award nominations<\/a> have been announced: the European Film Academy (EFA) revealed the nominess in the categories European Discovery \u2013 Prix Fipresci, European Film Academy Documentary \u2013 Prix Arte, European Film Academy Animated Feature Film and European Film Academy Short Film.<\/strong><\/p>\n<p>In the Film Academy Animated Feature Film\u00a0category, the co-production title <strong><em>Alois Nebel<\/em><\/strong> (dir. Tom\u00e1\u0161 Lu\u0148\u00e1k, 2011) is among the three nominees. The film, having its world premiere at Venice IFF, is a special combination of live action and animation film by rotoscopy.<\/p>\n<p>The Selection of fiction films, including the Slovak-Czech title <strong><em>Gypsy<\/em><\/strong> (2011) by Martin \u0160ul\u00edk, premiered and awarded at the Karlovy Vary IFF, will wait for its nominations until November 3rd: they will be released during the Festival of European Films in Sevilla. The categories announced will be European Film, European Director, European Actor, European Actress, European Screenwriter, Carlo di Palma European Cinematographer Award, European Editor, European Production Designer, European Composer.<\/p>\n<p>The final winners will be announced during the 25th European Film Awards ceremony on December 1, on Malta.<\/p>\n<p>Besides the producers themselves, it is also the <a href=\"http:\/\/www.sfta.sk\/\" target=\"_blank\" rel=\"noopener\">Slovak Film and Television Academy<\/a> (SFTA) proposing films. This year, in the category of fiction films it selected the film <strong><em>The House<\/em><\/strong> (dir. Zuzana Liov\u00e1, 2011) and in the category of\u00a0documentaries it decided not to propose any film.<\/p>\n<p>In the previous years, Slovakia had the successful documentary by Peter Kerekes <strong><em>Cooking History<\/em><\/strong> (2009) nominated for the European Film Academy Documentary \u2013 Prix Arte.<\/p>\n<p>More information at: <a href=\"http:\/\/www.europeanfilmawards.eu\/\">www.europeanfilmawards.eu<\/a><\/p>\n","protected":false},"excerpt":{"rendered":"<p>First European Film Award nominations have been announced: the co-production title Alois Nebel (2011) by Tom\u00e1\u0161 Lu\u0148\u00e1k being among the nominees.<\/p>\n","protected":false},"featured_media":46287,"template":"","meta":{"_acf_changed":true,"inline_featured_image":false},"kategorie_noviniek":[1965,2038,2036,2037,2145,2152],"festival":[],"rok":[2165],"class_list":["post-37661","novinka","type-novinka","status-publish","has-post-thumbnail","hentry","kategorie_noviniek-aic","kategorie_noviniek-archive","kategorie_noviniek-english","kategorie_noviniek-news","kategorie_noviniek-prezentacia-en","kategorie_noviniek-slovak-cinema-abroad"],"acf":[],"_links":{"self":[{"href":"https:\/\/sfu.sk\/en\/wp-json\/wp\/v2\/novinka\/37661","targetHints":{"allow":["GET"]}}],"collection":[{"href":"https:\/\/sfu.sk\/en\/wp-json\/wp\/v2\/novinka"}],"about":[{"href":"https:\/\/sfu.sk\/en\/wp-json\/wp\/v2\/types\/novinka"}],"wp:featuredmedia":[{"embeddable":true,"href":"https:\/\/sfu.sk\/en\/wp-json\/wp\/v2\/media\/46287"}],"wp:attachment":[{"href":"https:\/\/sfu.sk\/en\/wp-json\/wp\/v2\/media?parent=37661"}],"wp:term":[{"taxonomy":"kategorie_noviniek","embeddable":true,"href":"https:\/\/sfu.sk\/en\/wp-json\/wp\/v2\/kategorie_noviniek?post=37661"},{"taxonomy":"festival","embeddable":true,"href":"https:\/\/sfu.sk\/en\/wp-json\/wp\/v2\/festival?post=37661"},{"taxonomy":"rok","embeddable":true,"href":"https:\/\/sfu.sk\/en\/wp-json\/wp\/v2\/rok?post=37661"}],"curies":[{"name":"wp","href":"https:\/\/api.w.org\/{rel}","templated":true}]}}

<p><img decoding="async" src="/images/AIC_foto/instituty_loga/efa_logo.jpg" alt="" align="left" class="table" /></p>
<p><strong>First <a href="http://www.europeanfilmawards.eu/" target="_blank" rel="noopener">European Film Award nominations</a> have been announced: the European Film Academy (EFA) revealed the nominess in the categories European Discovery – Prix Fipresci, European Film Academy Documentary – Prix Arte, European Film Academy Animated Feature Film and European Film Academy Short Film.</strong></p>
<p>In the Film Academy Animated Feature Film category, the co-production title <strong><em>Alois Nebel</em></strong> (dir. Tomáš Luňák, 2011) is among the three nominees. The film, having its world premiere at Venice IFF, is a special combination of live action and animation film by rotoscopy.</p>
<p>The Selection of fiction films, including the Slovak-Czech title <strong><em>Gypsy</em></strong> (2011) by Martin Šulík, premiered and awarded at the Karlovy Vary IFF, will wait for its nominations until November 3rd: they will be released during the Festival of European Films in Sevilla. The categories announced will be European Film, European Director, European Actor, European Actress, European Screenwriter, Carlo di Palma European Cinematographer Award, European Editor, European Production Designer, European Composer.</p>
<p>The final winners will be announced during the 25th European Film Awards ceremony on December 1, on Malta.</p>
<p>Besides the producers themselves, it is also the <a href="http://www.sfta.sk/" target="_blank" rel="noopener">Slovak Film and Television Academy</a> (SFTA) proposing films. This year, in the category of fiction films it selected the film <strong><em>The House</em></strong> (dir. Zuzana Liová, 2011) and in the category of documentaries it decided not to propose any film.</p>
<p>In the previous years, Slovakia had the successful documentary by Peter Kerekes <strong><em>Cooking History</em></strong> (2009) nominated for the European Film Academy Documentary – Prix Arte.</p>
<p>More information at: <a href="http://www.europeanfilmawards.eu/">www.europeanfilmawards.eu</a></p>

<p>First European Film Award nominations have been announced: the co-production title Alois Nebel (2011) by Tomáš Luňák being among the nominees.</p>
