{"id":37668,"date":"2012-12-03T10:27:00","date_gmt":"2012-12-03T09:27:00","guid":{"rendered":"https:\/\/sfu.sk\/?post_type=novinka&#038;p=37668"},"modified":"2025-07-23T11:46:50","modified_gmt":"2025-07-23T09:46:50","slug":"alois-nebel-receiving-the-european-film-academy-animated-feature-film-award","status":"publish","type":"novinka","link":"https:\/\/sfu.sk\/en\/news\/alois-nebel-receiving-the-european-film-academy-animated-feature-film-award\/","title":{"rendered":"Alois Nebel receiving the European Film Academy Animated Feature Film Award"},"content":{"rendered":"<p><img decoding=\"async\" src=\"\/images\/AIC_foto\/filmy\/alois-nebel-01.JPG\" alt=\"\" align=\"left\" class=\"table\" \/><strong>The 25th edition of the <a href=\"http:\/\/europeanfilmawards.eu\/en_EN\/home\" target=\"_blank\" rel=\"noopener\">European Film Award ceremony<\/a> took place December 1, 2013\u00a0in Valetta, Malta. The European Film Academy Animated Feature Film Award went to the Czech-German-Slovak co-production title <em><a href=\"http:\/\/www.aloisnebel.cz\/\" target=\"_blank\" rel=\"noopener\">Alois Nebel<\/a><\/em> (2011,\u00a0by Tom\u00e1\u0161 Lu\u0148\u00e1k). The film was produced by the Czech company <a href=\"http:\/\/www.negativ.cz\/\" target=\"_blank\" rel=\"noopener\">Negativ<\/a>, in co-production with the German <a href=\"http:\/\/www.pallasfilm.com\/\" target=\"_blank\" rel=\"noopener\">Pallas Film<\/a>, Slovak Tobogang and Czech comapies <a href=\"http:\/\/www.upp.cz\/\" target=\"_blank\" rel=\"noopener\">UPP<\/a>, <a href=\"http:\/\/www.soundsquare.cz\/\" target=\"_blank\" rel=\"noopener\">Soundsquare<\/a> and the\u00a0\u00a0<a href=\"http:\/\/www.ceskatelevize.cz\/\" target=\"_blank\" rel=\"noopener\">Czech Television<\/a>.<\/strong><\/p>\n<p>Film <strong><em>Alois Nebel<\/em><\/strong> premiered in the Out of Competition section of the 68th Venice IFF in September 2011. The authors have chosen rotoscoping in order to keep the visual style of the original comic book. Each scene of the film was shot with actors on location or in the studio and then redrawn and animated. Alois Nebel is be the first Czech film using this unique technology, which combines animation and live-action.\u00a0In the following\u00a0year, the film was presented at various significant festivals throught the world:\u00a0Warsaw FF, BFI London, Thessaloniki IFF, Black Nights Tallinn IFF, Palm Springs IFF, Gothenburg IFF and many others. The film also received the Czech national award &#8211; Czech Lion &#8211; for the Best Sound, Best Music, Best Art Direction and Best Film Poster.<\/p>\n<p>The film is based on a graphic novel trilogy: the end of the eighties in the twentieth century. Alois Nebel (Miroslav Krobot) works as a dis\u00adpatcher at the small railway station in B\u00edl\u00fd Potok, a remote village on the Czech\u2013Polish border. He&#8217;s a loner, who prefers old timetables to people, and he finds the loneliness of the station tranquil \u2013 except when the fog rolls in. Then he hallucinates, sees trains from the last hundred years pass through the station. They bring ghosts and shadows from the dark past of Central Eu\u00adrope. Alois can\u2019t get rid of these nightmares and eventually ends up in sanatorium. In the sanatorium, he gets to know The Mute (Karel Roden), a man carrying an old photograph who was arrested by the police after crossing the border. No one knows why he came to B\u00edl\u00fd Potok or who he\u2019s looking for, but it is his past that propels Alois on his journey.<\/p>\n<p>The award was\u00a0received by director Tom\u00e1\u0161 Lu\u0148\u00e1k in person.<\/p>\n<p>More information at: <a href=\"http:\/\/www.europeanfilmawards.eu\/\">www.europeanfilmawards.eu<\/a><\/p>\n","protected":false},"excerpt":{"rendered":"<p>The 25th edition of the European Film Award ceremony took place December 1 in the Valetta, Malta. The European Film Academy Animated Feature Film Award went to the Czech-German-Slovak co-production title Alois Nebel (2011, by Tom\u00e1\u0161 Lu\u0148\u00e1k).<\/p>\n","protected":false},"featured_media":46287,"template":"","meta":{"_acf_changed":true,"inline_featured_image":false},"kategorie_noviniek":[1965,2038,2036,2037,2145,2152],"festival":[],"rok":[2165],"class_list":["post-37668","novinka","type-novinka","status-publish","has-post-thumbnail","hentry","kategorie_noviniek-aic","kategorie_noviniek-archive","kategorie_noviniek-english","kategorie_noviniek-news","kategorie_noviniek-prezentacia-en","kategorie_noviniek-slovak-cinema-abroad"],"acf":[],"_links":{"self":[{"href":"https:\/\/sfu.sk\/en\/wp-json\/wp\/v2\/novinka\/37668","targetHints":{"allow":["GET"]}}],"collection":[{"href":"https:\/\/sfu.sk\/en\/wp-json\/wp\/v2\/novinka"}],"about":[{"href":"https:\/\/sfu.sk\/en\/wp-json\/wp\/v2\/types\/novinka"}],"wp:featuredmedia":[{"embeddable":true,"href":"https:\/\/sfu.sk\/en\/wp-json\/wp\/v2\/media\/46287"}],"wp:attachment":[{"href":"https:\/\/sfu.sk\/en\/wp-json\/wp\/v2\/media?parent=37668"}],"wp:term":[{"taxonomy":"kategorie_noviniek","embeddable":true,"href":"https:\/\/sfu.sk\/en\/wp-json\/wp\/v2\/kategorie_noviniek?post=37668"},{"taxonomy":"festival","embeddable":true,"href":"https:\/\/sfu.sk\/en\/wp-json\/wp\/v2\/festival?post=37668"},{"taxonomy":"rok","embeddable":true,"href":"https:\/\/sfu.sk\/en\/wp-json\/wp\/v2\/rok?post=37668"}],"curies":[{"name":"wp","href":"https:\/\/api.w.org\/{rel}","templated":true}]}}

<p><img decoding="async" src="/images/AIC_foto/filmy/alois-nebel-01.JPG" alt="" align="left" class="table" /><strong>The 25th edition of the <a href="http://europeanfilmawards.eu/en_EN/home" target="_blank" rel="noopener">European Film Award ceremony</a> took place December 1, 2013 in Valetta, Malta. The European Film Academy Animated Feature Film Award went to the Czech-German-Slovak co-production title <em><a href="http://www.aloisnebel.cz/" target="_blank" rel="noopener">Alois Nebel</a></em> (2011, by Tomáš Luňák). The film was produced by the Czech company <a href="http://www.negativ.cz/" target="_blank" rel="noopener">Negativ</a>, in co-production with the German <a href="http://www.pallasfilm.com/" target="_blank" rel="noopener">Pallas Film</a>, Slovak Tobogang and Czech comapies <a href="http://www.upp.cz/" target="_blank" rel="noopener">UPP</a>, <a href="http://www.soundsquare.cz/" target="_blank" rel="noopener">Soundsquare</a> and the  <a href="http://www.ceskatelevize.cz/" target="_blank" rel="noopener">Czech Television</a>.</strong></p>
<p>Film <strong><em>Alois Nebel</em></strong> premiered in the Out of Competition section of the 68th Venice IFF in September 2011. The authors have chosen rotoscoping in order to keep the visual style of the original comic book. Each scene of the film was shot with actors on location or in the studio and then redrawn and animated. Alois Nebel is be the first Czech film using this unique technology, which combines animation and live-action. In the following year, the film was presented at various significant festivals throught the world: Warsaw FF, BFI London, Thessaloniki IFF, Black Nights Tallinn IFF, Palm Springs IFF, Gothenburg IFF and many others. The film also received the Czech national award &#8211; Czech Lion &#8211; for the Best Sound, Best Music, Best Art Direction and Best Film Poster.</p>
<p>The film is based on a graphic novel trilogy: the end of the eighties in the twentieth century. Alois Nebel (Miroslav Krobot) works as a dis­patcher at the small railway station in Bílý Potok, a remote village on the Czech–Polish border. He&#8217;s a loner, who prefers old timetables to people, and he finds the loneliness of the station tranquil – except when the fog rolls in. Then he hallucinates, sees trains from the last hundred years pass through the station. They bring ghosts and shadows from the dark past of Central Eu­rope. Alois can’t get rid of these nightmares and eventually ends up in sanatorium. In the sanatorium, he gets to know The Mute (Karel Roden), a man carrying an old photograph who was arrested by the police after crossing the border. No one knows why he came to Bílý Potok or who he’s looking for, but it is his past that propels Alois on his journey.</p>
<p>The award was received by director Tomáš Luňák in person.</p>
<p>More information at: <a href="http://www.europeanfilmawards.eu/">www.europeanfilmawards.eu</a></p>

<p>The 25th edition of the European Film Award ceremony took place December 1 in the Valetta, Malta. The European Film Academy Animated Feature Film Award went to the Czech-German-Slovak co-production title Alois Nebel (2011, by Tomáš Luňák).</p>
