{"id":37705,"date":"2013-06-17T09:29:00","date_gmt":"2013-06-17T07:29:00","guid":{"rendered":"https:\/\/sfu.sk\/?post_type=novinka&#038;p=37705"},"modified":"2025-07-30T00:01:30","modified_gmt":"2025-07-29T22:01:30","slug":"the-pandas-awarded-in-annecy","status":"publish","type":"novinka","link":"https:\/\/sfu.sk\/en\/news\/the-pandas-awarded-in-annecy\/","title":{"rendered":"The Pandas Awarded in Annecy"},"content":{"rendered":"<p><img decoding=\"async\" src=\"\/images\/AIC_foto\/pandy_117.jpg\" alt=\"\" align=\"left\" class=\"table\" \/><strong>It&#8217;s been a successful week for the short student animation film <em>The Pandas <\/em>by Mat\u00fa\u0161 Viz\u00e1r.<\/strong><\/p>\n<p>After receiving the 3rd prize at the Cannes IFF Cin\u00e9fondation section last month, it was awarded <a href=\"http:\/\/www.annecy.org\/home\" target=\"_blank\" rel=\"noopener\">at the prestigious festival for animation films in Annecy<\/a> by a Special Distinction in the category of graduation films. <strong><em>The P<strong>a<\/strong>ndas<\/em><\/strong> is produced by the Slovak BFILM company, in co-production with the FAMU film school in Prague, where Mat\u00fa\u0161 Viz\u00e1r is a student.<\/p>\n<p>Congratulations to the winners.<\/p>\n<p>More information at: <a href=\"http:\/\/www.annecy.org\/\">www.annecy.org<\/a><\/p>\n","protected":false},"excerpt":{"rendered":"<p>It&#8217;s been a successful week for the short student animation film Pandas by Mat\u00fa\u0161 Viz\u00e1r.<\/p>\n","protected":false},"featured_media":41572,"template":"","meta":{"_acf_changed":true,"inline_featured_image":false},"kategorie_noviniek":[1965,2038,2036,2037,2145,2152],"festival":[],"rok":[2166],"class_list":["post-37705","novinka","type-novinka","status-publish","has-post-thumbnail","hentry","kategorie_noviniek-aic","kategorie_noviniek-archive","kategorie_noviniek-english","kategorie_noviniek-news","kategorie_noviniek-prezentacia-en","kategorie_noviniek-slovak-cinema-abroad"],"acf":[],"_links":{"self":[{"href":"https:\/\/sfu.sk\/en\/wp-json\/wp\/v2\/novinka\/37705","targetHints":{"allow":["GET"]}}],"collection":[{"href":"https:\/\/sfu.sk\/en\/wp-json\/wp\/v2\/novinka"}],"about":[{"href":"https:\/\/sfu.sk\/en\/wp-json\/wp\/v2\/types\/novinka"}],"wp:featuredmedia":[{"embeddable":true,"href":"https:\/\/sfu.sk\/en\/wp-json\/wp\/v2\/media\/41572"}],"wp:attachment":[{"href":"https:\/\/sfu.sk\/en\/wp-json\/wp\/v2\/media?parent=37705"}],"wp:term":[{"taxonomy":"kategorie_noviniek","embeddable":true,"href":"https:\/\/sfu.sk\/en\/wp-json\/wp\/v2\/kategorie_noviniek?post=37705"},{"taxonomy":"festival","embeddable":true,"href":"https:\/\/sfu.sk\/en\/wp-json\/wp\/v2\/festival?post=37705"},{"taxonomy":"rok","embeddable":true,"href":"https:\/\/sfu.sk\/en\/wp-json\/wp\/v2\/rok?post=37705"}],"curies":[{"name":"wp","href":"https:\/\/api.w.org\/{rel}","templated":true}]}}

<p><img decoding="async" src="/images/AIC_foto/pandy_117.jpg" alt="" align="left" class="table" /><strong>It&#8217;s been a successful week for the short student animation film <em>The Pandas </em>by Matúš Vizár.</strong></p>
<p>After receiving the 3rd prize at the Cannes IFF Cinéfondation section last month, it was awarded <a href="http://www.annecy.org/home" target="_blank" rel="noopener">at the prestigious festival for animation films in Annecy</a> by a Special Distinction in the category of graduation films. <strong><em>The P<strong>a</strong>ndas</em></strong> is produced by the Slovak BFILM company, in co-production with the FAMU film school in Prague, where Matúš Vizár is a student.</p>
<p>Congratulations to the winners.</p>
<p>More information at: <a href="http://www.annecy.org/">www.annecy.org</a></p>

<p>It&#8217;s been a successful week for the short student animation film Pandas by Matúš Vizár.</p>
