{"id":37720,"date":"2013-09-09T09:30:00","date_gmt":"2013-09-09T07:30:00","guid":{"rendered":"https:\/\/sfu.sk\/?post_type=novinka&#038;p=37720"},"modified":"2025-07-29T10:49:11","modified_gmt":"2025-07-29T08:49:11","slug":"my-dog-killer-among-the-efa-2013-selection","status":"publish","type":"novinka","link":"https:\/\/sfu.sk\/en\/news\/my-dog-killer-among-the-efa-2013-selection\/","title":{"rendered":"My Dog Killer among the EFA 2013 selection"},"content":{"rendered":"<p><img decoding=\"async\" src=\"\/images\/AIC_foto\/filmy\/my-dog-killer-small.jpg\" alt=\"\" align=\"left\" class=\"table\" \/><strong>The <a href=\"http:\/\/www.europeanfilmacademy.org\/\" target=\"_blank\" rel=\"noopener\">European Film Academy<\/a> and EFA Productions have announced the titles of the 46 films on this year\u2019s selection list, the list of films recommended for a nomination for the <a href=\"http:\/\/www.europeanfilmawards.eu\/\" target=\"_blank\" rel=\"noopener\">26th European Film Awards 2013<\/a>. Among them is the second film by Mira Fornay, the Hivos Tiger Award winner from Rotterdam, <a href=\"https:\/\/sfu.sk\/eshop\/dvd\/moj-pes-killer\/\" target=\"_blank\" rel=\"noopener\"><em>My Dog Killer<\/em><\/a>.<\/strong><\/p>\n<p>In the 20 countries with the most EFA Members, these members have voted one national film directly into the selection list. To complete the list, a Selection Committee consisting of EFA Board Members and invited experts Pierre-Henri Deleau (festival expert, France), Jonas Holmberg (Gothenburg IFF, Sweden), Stefan Kitanov (Sofia IFF, Bulgaria), Paz L\u00e1zaro (Berlin IFF, Spain), Derek Malcolm (film critic, UK), and Elma Tataragic (Sarajevo FF, Bosnia &amp; Herzegovina) has included further films.<\/p>\n<p>In the coming weeks, the 2,900 members of the European Film Academy will vote for the nominations in the categories European Film, Director, Actor, Actress and Screenwriter. The nominations will then be announced on November 9, 2013\u00a0at the Seville European Film Festival in Spain. A 7-member jury will decide on the awards recipients in the categories European Cinematographer, Editor, Production Designer, Costume Designer, Composer and Sound Designer.<\/p>\n<p>The 26th European Film Awards with the presentation of the winners will take place in Berlin on\u00a0December 7, 2013.<\/p>\n<p><strong><em><a href=\"https:\/\/sfu.sk\/eshop\/dvd\/moj-pes-killer\/\" target=\"_blank\" rel=\"noopener\">My Dog Killer<\/a>\u00a0<\/em><\/strong>was selected by the <a href=\"http:\/\/www.sfta.sk\/\" target=\"_blank\" rel=\"noopener\">Slovak Film and Television Academy (SFTA)<\/a>.<\/p>\n<p>Last year, the co-production title <strong><em>Alois Nebel<\/em><\/strong> (dir. Tom\u00e1\u0161 Lu\u0148\u00e1k) received the European Film Academy Animated Feature Film Award. In the previous years, Slovakia had the successful documentary by Peter Kerekes <a href=\"https:\/\/sfu.sk\/eshop\/dvd\/ako-sa-varia-dejiny\/\" target=\"_blank\" rel=\"noopener\"><strong><em>Cooking History<\/em><\/strong><\/a> (2009) nominated for the European Film Academy Documentary \u2013 Prix Arte.<\/p>\n<p>More information at:<br \/>\n<a href=\"http:\/\/www.europeanfilmacademy.org\/\">www.europeanfilmacademy.org<\/a><br \/>\n<a href=\"http:\/\/www.europeanfilmawards.eu\/\">www.europeanfilmawards.eu<\/a><\/p>\n","protected":false},"excerpt":{"rendered":"<p>The European Film Academy and EFA Productions have announced the titles of the 46 films on this year\u2019s selection list, the list of films recommended for a nomination for the European Film Awards 2013. Among them is the Slovak-Czech film by Mira Fornay &#8211; My Dog Killer (2013).<\/p>\n","protected":false},"featured_media":43872,"template":"","meta":{"_acf_changed":true,"inline_featured_image":false},"kategorie_noviniek":[1965,2038,2149,2036,2037,2145,2152],"festival":[],"rok":[2166],"class_list":["post-37720","novinka","type-novinka","status-publish","has-post-thumbnail","hentry","kategorie_noviniek-aic","kategorie_noviniek-archive","kategorie_noviniek-awards","kategorie_noviniek-english","kategorie_noviniek-news","kategorie_noviniek-prezentacia-en","kategorie_noviniek-slovak-cinema-abroad"],"acf":[],"_links":{"self":[{"href":"https:\/\/sfu.sk\/en\/wp-json\/wp\/v2\/novinka\/37720","targetHints":{"allow":["GET"]}}],"collection":[{"href":"https:\/\/sfu.sk\/en\/wp-json\/wp\/v2\/novinka"}],"about":[{"href":"https:\/\/sfu.sk\/en\/wp-json\/wp\/v2\/types\/novinka"}],"wp:featuredmedia":[{"embeddable":true,"href":"https:\/\/sfu.sk\/en\/wp-json\/wp\/v2\/media\/43872"}],"wp:attachment":[{"href":"https:\/\/sfu.sk\/en\/wp-json\/wp\/v2\/media?parent=37720"}],"wp:term":[{"taxonomy":"kategorie_noviniek","embeddable":true,"href":"https:\/\/sfu.sk\/en\/wp-json\/wp\/v2\/kategorie_noviniek?post=37720"},{"taxonomy":"festival","embeddable":true,"href":"https:\/\/sfu.sk\/en\/wp-json\/wp\/v2\/festival?post=37720"},{"taxonomy":"rok","embeddable":true,"href":"https:\/\/sfu.sk\/en\/wp-json\/wp\/v2\/rok?post=37720"}],"curies":[{"name":"wp","href":"https:\/\/api.w.org\/{rel}","templated":true}]}}

<p><img decoding="async" src="/images/AIC_foto/filmy/my-dog-killer-small.jpg" alt="" align="left" class="table" /><strong>The <a href="http://www.europeanfilmacademy.org/" target="_blank" rel="noopener">European Film Academy</a> and EFA Productions have announced the titles of the 46 films on this year’s selection list, the list of films recommended for a nomination for the <a href="http://www.europeanfilmawards.eu/" target="_blank" rel="noopener">26th European Film Awards 2013</a>. Among them is the second film by Mira Fornay, the Hivos Tiger Award winner from Rotterdam, <a href="https://sfu.sk/eshop/dvd/moj-pes-killer/" target="_blank" rel="noopener"><em>My Dog Killer</em></a>.</strong></p>
<p>In the 20 countries with the most EFA Members, these members have voted one national film directly into the selection list. To complete the list, a Selection Committee consisting of EFA Board Members and invited experts Pierre-Henri Deleau (festival expert, France), Jonas Holmberg (Gothenburg IFF, Sweden), Stefan Kitanov (Sofia IFF, Bulgaria), Paz Lázaro (Berlin IFF, Spain), Derek Malcolm (film critic, UK), and Elma Tataragic (Sarajevo FF, Bosnia &amp; Herzegovina) has included further films.</p>
<p>In the coming weeks, the 2,900 members of the European Film Academy will vote for the nominations in the categories European Film, Director, Actor, Actress and Screenwriter. The nominations will then be announced on November 9, 2013 at the Seville European Film Festival in Spain. A 7-member jury will decide on the awards recipients in the categories European Cinematographer, Editor, Production Designer, Costume Designer, Composer and Sound Designer.</p>
<p>The 26th European Film Awards with the presentation of the winners will take place in Berlin on December 7, 2013.</p>
<p><strong><em><a href="https://sfu.sk/eshop/dvd/moj-pes-killer/" target="_blank" rel="noopener">My Dog Killer</a> </em></strong>was selected by the <a href="http://www.sfta.sk/" target="_blank" rel="noopener">Slovak Film and Television Academy (SFTA)</a>.</p>
<p>Last year, the co-production title <strong><em>Alois Nebel</em></strong> (dir. Tomáš Luňák) received the European Film Academy Animated Feature Film Award. In the previous years, Slovakia had the successful documentary by Peter Kerekes <a href="https://sfu.sk/eshop/dvd/ako-sa-varia-dejiny/" target="_blank" rel="noopener"><strong><em>Cooking History</em></strong></a> (2009) nominated for the European Film Academy Documentary – Prix Arte.</p>
<p>More information at:<br />
<a href="http://www.europeanfilmacademy.org/">www.europeanfilmacademy.org</a><br />
<a href="http://www.europeanfilmawards.eu/">www.europeanfilmawards.eu</a></p>
