{"id":37731,"date":"2013-10-22T14:13:00","date_gmt":"2013-10-22T12:13:00","guid":{"rendered":"https:\/\/sfu.sk\/?post_type=novinka&#038;p=37731"},"modified":"2025-07-29T16:00:09","modified_gmt":"2025-07-29T14:00:09","slug":"slovak-animation-shorts-receiving-awards","status":"publish","type":"novinka","link":"https:\/\/sfu.sk\/en\/news\/slovak-animation-shorts-receiving-awards\/","title":{"rendered":"Slovak animation shorts receiving awards"},"content":{"rendered":"<p><img decoding=\"async\" src=\"\/images\/AIC_foto\/pandy_117.jpg\" alt=\"\" align=\"left\" class=\"table\" \/><\/p>\n<article class=\"text-token-text-primary w-full focus:outline-none scroll-mt-[calc(var(--header-height)+min(200px,max(70px,20svh)))]\" dir=\"auto\" data-turn-id=\"request-WEB:b4d8454f-93b5-4430-b577-ef758d04fbc7-0\" data-testid=\"conversation-turn-2\" data-scroll-anchor=\"true\" data-turn=\"assistant\">\n<div class=\"text-base my-auto mx-auto pb-10 [--thread-content-margin:--spacing(4)] @[37rem]:[--thread-content-margin:--spacing(6)] @[72rem]:[--thread-content-margin:--spacing(16)] px-(--thread-content-margin)\">\n<div class=\"[--thread-content-max-width:32rem] @[34rem]:[--thread-content-max-width:40rem] @[64rem]:[--thread-content-max-width:48rem] mx-auto max-w-(--thread-content-max-width) flex-1 group\/turn-messages focus-visible:outline-hidden relative flex w-full min-w-0 flex-col agent-turn\" tabindex=\"-1\">\n<div class=\"flex max-w-full flex-col grow\">\n<div class=\"min-h-8 text-message relative flex w-full flex-col items-end gap-2 text-start break-words whitespace-normal [.text-message+&amp;]:mt-5\" dir=\"auto\" data-message-author-role=\"assistant\" data-message-id=\"94a17d49-b2cb-468c-9ba1-3606c129bb98\" data-message-model-slug=\"gpt-4o\">\n<div class=\"flex w-full flex-col gap-1 empty:hidden first:pt-[3px]\">\n<div class=\"markdown prose dark:prose-invert w-full break-words light\">\n<p data-start=\"0\" data-end=\"76\" data-is-last-node=\"\" data-is-only-node=\"\"><strong>Slovak animation shorts aimed at different target audiences had a successful October: while <em>The Pandas<\/em> by Mat\u00fa\u0161 Viz\u00e1r received the Short Grand Prix for the Best Short Film at the Warsaw IFF, the Slovak TV series for children <em>Mimi and Lisa<\/em> by Katar\u00edna Kerekesov\u00e1 received the award for the Best Animation Television Series at the Tofuzi festival in Georgia.<\/strong><\/p>\n<\/div>\n<\/div>\n<\/div>\n<\/div>\n<\/div>\n<\/div>\n<\/article>\n<p>Since the Cannes IFF <strong><em>The Pandas<\/em><\/strong> (2013) by Mat\u00fa\u0161 Viz\u00e1r,\u00a0travelling around several festivals and\u00a0awarded at many of them, received the Short Grand Prix for the Best Short Film\u00a0at the Warsaw IFF. The Jury including Lendita Zeqiraj (Kosovo), Pawe\u0142 Ma\u015blona (Poland), Benjamin Parent (France) considered the film a &#8220;<em>cynical, sad, dark, horrible but yet again hillarious reminder of what humanity has become<\/em>&#8221; and &#8220;<em>An original masterpiece of visual storytelling<\/em>&#8220;.<\/p>\n<p>The festival tour of<strong><em> The Pandas<\/em><\/strong>\u00a0is not even close to its end: in the next days, you can find the film at <a href=\"http:\/\/www.animafestival.com.ar\/2013\/\" target=\"_blank\" rel=\"noopener\">Anima<\/a> in Cordoba, Argentina, at <a href=\"http:\/\/www.tremblantfilmcourt.com\/\" target=\"_blank\" rel=\"noopener\">Tremblant Film Court<\/a> in Mont-Tremblant, Canada, at\u00a0<a href=\"http:\/\/www.tofifest.pl\/\" target=\"_blank\" rel=\"noopener\">Tofifest IFF<\/a> in\u00a0Toru\u0144, Poland, <a href=\"http:\/\/www.shortfilmfestival.com\/\" target=\"_blank\" rel=\"noopener\">IF of Short Film<\/a> in Uppsala, Sweden,\u00a0at <a href=\"http:\/\/www.dok-leipzig.de\/\" target=\"_blank\" rel=\"noopener\">IF of Documentary and Animation Film<\/a> in Leipzig, Germany,\u00a0at <a href=\"http:\/\/curtacinema.com.br\/fixo\/\" target=\"_blank\" rel=\"noopener\">IF of\u00a0Short Films Curta Cinema<\/a> in Rio de Janeiro, Brasil, at\u00a0<a href=\"http:\/\/festivalcinesevilla.eu\/en\" target=\"_blank\" rel=\"noopener\">European Film Festival<\/a> in Seville, Spain, at the <a href=\"http:\/\/www.klikamsterdam.nl\/\" target=\"_blank\" rel=\"noopener\">animation festival\u00a0Klik!<\/a> in Amsterdam, The Netherlands, at <a href=\"http:\/\/cinanima.pt\/2013\/\" target=\"_blank\" rel=\"noopener\">Cinanima<\/a> festival in Espinho, Portugal and many others.<\/p>\n<p>The Slovak television series for children Mimi and Lisa by Katar\u00edna Kerekesov\u00e1 received the Award for Best Animation Television Series at the Tofuzi festival in Georgia. The Slovak audiences will be able to see it shortly \u2013 the TV series is coming to Slovak TV screens in December.<\/p>\n<p>More information at: <a href=\"https:\/\/wff.pl\/pl\/\" target=\"_blank\" rel=\"noopener\">www.wff.pl<\/a><\/p>\n","protected":false},"excerpt":{"rendered":"<p>Slovak animation shorts aimed at different target groups are having a successful October: while Pandas by Mat\u00fa\u0161 Viz\u00e1r received the Short Grand Prix for the Best Short Film at the Warsaw IFF, the Slovak TV series for children Mimi and Lisa by Katar\u00edna Kerekesov\u00e1 received the award for the Best Animation Television Series at the Tofuzi festival in Georgia.<\/p>\n","protected":false},"featured_media":43734,"template":"","meta":{"_acf_changed":true,"inline_featured_image":false},"kategorie_noviniek":[1965,2038,2149,2036,2037,2145],"festival":[],"rok":[2166],"class_list":["post-37731","novinka","type-novinka","status-publish","has-post-thumbnail","hentry","kategorie_noviniek-aic","kategorie_noviniek-archive","kategorie_noviniek-awards","kategorie_noviniek-english","kategorie_noviniek-news","kategorie_noviniek-prezentacia-en"],"acf":[],"_links":{"self":[{"href":"https:\/\/sfu.sk\/en\/wp-json\/wp\/v2\/novinka\/37731","targetHints":{"allow":["GET"]}}],"collection":[{"href":"https:\/\/sfu.sk\/en\/wp-json\/wp\/v2\/novinka"}],"about":[{"href":"https:\/\/sfu.sk\/en\/wp-json\/wp\/v2\/types\/novinka"}],"wp:featuredmedia":[{"embeddable":true,"href":"https:\/\/sfu.sk\/en\/wp-json\/wp\/v2\/media\/43734"}],"wp:attachment":[{"href":"https:\/\/sfu.sk\/en\/wp-json\/wp\/v2\/media?parent=37731"}],"wp:term":[{"taxonomy":"kategorie_noviniek","embeddable":true,"href":"https:\/\/sfu.sk\/en\/wp-json\/wp\/v2\/kategorie_noviniek?post=37731"},{"taxonomy":"festival","embeddable":true,"href":"https:\/\/sfu.sk\/en\/wp-json\/wp\/v2\/festival?post=37731"},{"taxonomy":"rok","embeddable":true,"href":"https:\/\/sfu.sk\/en\/wp-json\/wp\/v2\/rok?post=37731"}],"curies":[{"name":"wp","href":"https:\/\/api.w.org\/{rel}","templated":true}]}}

<p><img decoding="async" src="/images/AIC_foto/pandy_117.jpg" alt="" align="left" class="table" /></p>
<article class="text-token-text-primary w-full focus:outline-none scroll-mt-[calc(var(--header-height)+min(200px,max(70px,20svh)))]" dir="auto" data-turn-id="request-WEB:b4d8454f-93b5-4430-b577-ef758d04fbc7-0" data-testid="conversation-turn-2" data-scroll-anchor="true" data-turn="assistant">
<div class="text-base my-auto mx-auto pb-10 [--thread-content-margin:--spacing(4)] @[37rem]:[--thread-content-margin:--spacing(6)] @[72rem]:[--thread-content-margin:--spacing(16)] px-(--thread-content-margin)">
<div class="[--thread-content-max-width:32rem] @[34rem]:[--thread-content-max-width:40rem] @[64rem]:[--thread-content-max-width:48rem] mx-auto max-w-(--thread-content-max-width) flex-1 group/turn-messages focus-visible:outline-hidden relative flex w-full min-w-0 flex-col agent-turn" tabindex="-1">
<div class="flex max-w-full flex-col grow">
<div class="min-h-8 text-message relative flex w-full flex-col items-end gap-2 text-start break-words whitespace-normal [.text-message+&amp;]:mt-5" dir="auto" data-message-author-role="assistant" data-message-id="94a17d49-b2cb-468c-9ba1-3606c129bb98" data-message-model-slug="gpt-4o">
<div class="flex w-full flex-col gap-1 empty:hidden first:pt-[3px]">
<div class="markdown prose dark:prose-invert w-full break-words light">
<p data-start="0" data-end="76" data-is-last-node="" data-is-only-node=""><strong>Slovak animation shorts aimed at different target audiences had a successful October: while <em>The Pandas</em> by Matúš Vizár received the Short Grand Prix for the Best Short Film at the Warsaw IFF, the Slovak TV series for children <em>Mimi and Lisa</em> by Katarína Kerekesová received the award for the Best Animation Television Series at the Tofuzi festival in Georgia.</strong></p>
</div>
</div>
</div>
</div>
</div>
</div>
</article>
<p>Since the Cannes IFF <strong><em>The Pandas</em></strong> (2013) by Matúš Vizár, travelling around several festivals and awarded at many of them, received the Short Grand Prix for the Best Short Film at the Warsaw IFF. The Jury including Lendita Zeqiraj (Kosovo), Paweł Maślona (Poland), Benjamin Parent (France) considered the film a &#8220;<em>cynical, sad, dark, horrible but yet again hillarious reminder of what humanity has become</em>&#8221; and &#8220;<em>An original masterpiece of visual storytelling</em>&#8220;.</p>
<p>The festival tour of<strong><em> The Pandas</em></strong> is not even close to its end: in the next days, you can find the film at <a href="http://www.animafestival.com.ar/2013/" target="_blank" rel="noopener">Anima</a> in Cordoba, Argentina, at <a href="http://www.tremblantfilmcourt.com/" target="_blank" rel="noopener">Tremblant Film Court</a> in Mont-Tremblant, Canada, at <a href="http://www.tofifest.pl/" target="_blank" rel="noopener">Tofifest IFF</a> in Toruń, Poland, <a href="http://www.shortfilmfestival.com/" target="_blank" rel="noopener">IF of Short Film</a> in Uppsala, Sweden, at <a href="http://www.dok-leipzig.de/" target="_blank" rel="noopener">IF of Documentary and Animation Film</a> in Leipzig, Germany, at <a href="http://curtacinema.com.br/fixo/" target="_blank" rel="noopener">IF of Short Films Curta Cinema</a> in Rio de Janeiro, Brasil, at <a href="http://festivalcinesevilla.eu/en" target="_blank" rel="noopener">European Film Festival</a> in Seville, Spain, at the <a href="http://www.klikamsterdam.nl/" target="_blank" rel="noopener">animation festival Klik!</a> in Amsterdam, The Netherlands, at <a href="http://cinanima.pt/2013/" target="_blank" rel="noopener">Cinanima</a> festival in Espinho, Portugal and many others.</p>
<p>The Slovak television series for children Mimi and Lisa by Katarína Kerekesová received the Award for Best Animation Television Series at the Tofuzi festival in Georgia. The Slovak audiences will be able to see it shortly – the TV series is coming to Slovak TV screens in December.</p>
<p>More information at: <a href="https://wff.pl/pl/" target="_blank" rel="noopener">www.wff.pl</a></p>

<p>Slovak animation shorts aimed at different target groups are having a successful October: while Pandas by Matúš Vizár received the Short Grand Prix for the Best Short Film at the Warsaw IFF, the Slovak TV series for children Mimi and Lisa by Katarína Kerekesová received the award for the Best Animation Television Series at the Tofuzi festival in Georgia.</p>
