{"id":37740,"date":"2013-11-28T10:31:00","date_gmt":"2013-11-28T09:31:00","guid":{"rendered":"https:\/\/sfu.sk\/?post_type=novinka&#038;p=37740"},"modified":"2025-07-30T00:11:48","modified_gmt":"2025-07-29T22:11:48","slug":"successful-slovak-films-in-tallinn","status":"publish","type":"novinka","link":"https:\/\/sfu.sk\/en\/news\/successful-slovak-films-in-tallinn\/","title":{"rendered":"Successful Slovak films in Tallinn"},"content":{"rendered":"<p><img decoding=\"async\" src=\"\/images\/AIC_foto\/festivaly_loga\/poff_logo_land_pos_EST.jpg\" alt=\"\" align=\"left\" class=\"table\" \/><strong><a href=\"https:\/\/poff.ee\/\" target=\"_blank\" rel=\"noopener\">Black Nights Tallinn<\/a> IFF 2013 (November 15 \u2013 December 1, 2013) brings successful Slovak titles in the main programme and in its subfestivals, too. The Panorama section presents Slovak national nomination for Oscar and Hivots Tiger Award holder \u2013 <a href=\"https:\/\/sfu.sk\/eshop\/dvd\/moj-pes-killer\/\" target=\"_blank\" rel=\"noopener\"><em>My Dog Killer<\/em><\/a> (2013)\u00a0by Mira Fornay. Feature\u00a0debut <a href=\"https:\/\/sfu.sk\/eshop\/dvd\/zazrak\/\" target=\"_blank\" rel=\"noopener\"><em>Miracle<\/em><\/a>\u00a0(2013) by Juraj Lehotsky is presented\u00a0to the audience in the\u00a0Forum\u00a0section.<\/strong><\/p>\n<p>The Slovak cinematography will be also\u00a0represented at the subfestival\u00a0Animated Dreams,\u00a0which will be held from November 27 to December 1, 2013. The Best of International Student Animation II section includes the awarded short <strong><em>The Pandas<\/em><\/strong> (2013) by Mat\u00fa\u0161 Viz\u00e1r.<\/p>\n<p>The event organized for film professionals in the framework of the festival \u2013 the co-production market Baltic Event\u00a0also marked Slovak participation: producer Marerk Urban (sentimentalfilm), a participant of the B&#8217;EST\u00a0workshop, joined the market with his project <strong><em>OUT<\/em><\/strong> by\u00a0Gy\u00f6rgyi Krist\u00f3f. The project also attended the scripwriting workshop MIDPOINT, after which it was presented at Pitch&amp;Feedback\u00a0in Karlovy Vary in summer 2013. The project was also selected for the New Cinema Network in Rome.<\/p>\n<p>Black Nights Tallinn<\/p>\n<p>Panorama<\/p>\n<p><strong><em>My Dog Killer <\/em>(M\u00f4j pes Killer)<\/strong><br \/>\nSK \/ CZ &#8211; 90 min. &#8211; 2013 &#8211; fiction<br \/>\ndirector: Mira Fornay<\/p>\n<p>Forum<\/p>\n<p><strong><i>Miracle <\/i>(Z\u00e1zrak)<\/strong><br \/>\nSK \/ CZ &#8211; 78 min. &#8211; 2013 &#8211; fiction<br \/>\ndirector: Juraj Lehotsk\u00fd<\/p>\n<p>Animated Films<\/p>\n<p>Best International Student Animation<\/p>\n<p><strong><i>The Pandas <\/i>(Pandy)<\/strong><br \/>\nSK \/ CZ &#8211; 12 min. &#8211; 2013 &#8211; animation<span style=\"background-color: #c0c0c0\"><br \/>\n<\/span>director: Mat\u00fa\u0161 Viz\u00e1r<\/p>\n<p>More information at:<br \/>\n<a href=\"http:\/\/www.poff.ee\/\">www.poff.ee<\/a><br \/>\n<a href=\"http:\/\/be.poff.ee\/\" target=\"_blank\" rel=\"noopener\">be.poff.ee<\/a><\/p>\n","protected":false},"excerpt":{"rendered":"<p>Black Nights Tallinn IFF 2013 (15. 11. \u2013 1. 12. 2013)\u00a0brings successful Slovak titles in the\u00a0main programme and\u00a0in its subfestivals, too.<\/p>\n","protected":false},"featured_media":43872,"template":"","meta":{"_acf_changed":true,"inline_featured_image":false},"kategorie_noviniek":[1965,2038,2036,2037,2145,2152],"festival":[],"rok":[2166],"class_list":["post-37740","novinka","type-novinka","status-publish","has-post-thumbnail","hentry","kategorie_noviniek-aic","kategorie_noviniek-archive","kategorie_noviniek-english","kategorie_noviniek-news","kategorie_noviniek-prezentacia-en","kategorie_noviniek-slovak-cinema-abroad"],"acf":[],"_links":{"self":[{"href":"https:\/\/sfu.sk\/en\/wp-json\/wp\/v2\/novinka\/37740","targetHints":{"allow":["GET"]}}],"collection":[{"href":"https:\/\/sfu.sk\/en\/wp-json\/wp\/v2\/novinka"}],"about":[{"href":"https:\/\/sfu.sk\/en\/wp-json\/wp\/v2\/types\/novinka"}],"wp:featuredmedia":[{"embeddable":true,"href":"https:\/\/sfu.sk\/en\/wp-json\/wp\/v2\/media\/43872"}],"wp:attachment":[{"href":"https:\/\/sfu.sk\/en\/wp-json\/wp\/v2\/media?parent=37740"}],"wp:term":[{"taxonomy":"kategorie_noviniek","embeddable":true,"href":"https:\/\/sfu.sk\/en\/wp-json\/wp\/v2\/kategorie_noviniek?post=37740"},{"taxonomy":"festival","embeddable":true,"href":"https:\/\/sfu.sk\/en\/wp-json\/wp\/v2\/festival?post=37740"},{"taxonomy":"rok","embeddable":true,"href":"https:\/\/sfu.sk\/en\/wp-json\/wp\/v2\/rok?post=37740"}],"curies":[{"name":"wp","href":"https:\/\/api.w.org\/{rel}","templated":true}]}}

<p><img decoding="async" src="/images/AIC_foto/festivaly_loga/poff_logo_land_pos_EST.jpg" alt="" align="left" class="table" /><strong><a href="https://poff.ee/" target="_blank" rel="noopener">Black Nights Tallinn</a> IFF 2013 (November 15 – December 1, 2013) brings successful Slovak titles in the main programme and in its subfestivals, too. The Panorama section presents Slovak national nomination for Oscar and Hivots Tiger Award holder – <a href="https://sfu.sk/eshop/dvd/moj-pes-killer/" target="_blank" rel="noopener"><em>My Dog Killer</em></a> (2013) by Mira Fornay. Feature debut <a href="https://sfu.sk/eshop/dvd/zazrak/" target="_blank" rel="noopener"><em>Miracle</em></a> (2013) by Juraj Lehotsky is presented to the audience in the Forum section.</strong></p>
<p>The Slovak cinematography will be also represented at the subfestival Animated Dreams, which will be held from November 27 to December 1, 2013. The Best of International Student Animation II section includes the awarded short <strong><em>The Pandas</em></strong> (2013) by Matúš Vizár.</p>
<p>The event organized for film professionals in the framework of the festival – the co-production market Baltic Event also marked Slovak participation: producer Marerk Urban (sentimentalfilm), a participant of the B&#8217;EST workshop, joined the market with his project <strong><em>OUT</em></strong> by Györgyi Kristóf. The project also attended the scripwriting workshop MIDPOINT, after which it was presented at Pitch&amp;Feedback in Karlovy Vary in summer 2013. The project was also selected for the New Cinema Network in Rome.</p>
<p>Black Nights Tallinn</p>
<p>Panorama</p>
<p><strong><em>My Dog Killer </em>(Môj pes Killer)</strong><br />
SK / CZ &#8211; 90 min. &#8211; 2013 &#8211; fiction<br />
director: Mira Fornay</p>
<p>Forum</p>
<p><strong><i>Miracle </i>(Zázrak)</strong><br />
SK / CZ &#8211; 78 min. &#8211; 2013 &#8211; fiction<br />
director: Juraj Lehotský</p>
<p>Animated Films</p>
<p>Best International Student Animation</p>
<p><strong><i>The Pandas </i>(Pandy)</strong><br />
SK / CZ &#8211; 12 min. &#8211; 2013 &#8211; animation<span style="background-color: #c0c0c0"><br />
</span>director: Matúš Vizár</p>
<p>More information at:<br />
<a href="http://www.poff.ee/">www.poff.ee</a><br />
<a href="http://be.poff.ee/" target="_blank" rel="noopener">be.poff.ee</a></p>
