{"id":37775,"date":"2014-06-06T09:33:00","date_gmt":"2014-06-06T07:33:00","guid":{"rendered":"https:\/\/sfu.sk\/?post_type=novinka&#038;p=37775"},"modified":"2025-07-30T16:19:06","modified_gmt":"2025-07-30T14:19:06","slug":"slovak-films-at-festroia-iff-2014-in-portugal","status":"publish","type":"novinka","link":"https:\/\/sfu.sk\/en\/news\/slovak-films-at-festroia-iff-2014-in-portugal\/","title":{"rendered":"Slovak films at Festroia IFF 2014 in Portugal"},"content":{"rendered":"<p><img decoding=\"async\" src=\"\/images\/AIC_foto\/festivaly_loga\/festroia-2014.jpg\" alt=\"\" align=\"left\" class=\"table\" \/><strong>The annual 30th edition of the <a href=\"http:\/\/www.festroia.pt\/\" target=\"_blank\" rel=\"noopener\">Festroia IFF<\/a> in Set\u00fabal, Portugal (June 6 \u2013 15, 2014) will screen a number\u00a0of Slovak films this year. Besides two successful features, it will also present three Slovak shorts.<\/strong><\/p>\n<p>The section dedicated to debutes of authors \u2013 First Works \u2013 will screen the first fiction feature of director Juraj Lehotsk\u00fd <a href=\"https:\/\/sfu.sk\/eshop\/dvd\/zazrak\/\" target=\"_blank\" rel=\"noopener\"><strong><em>Miracle<\/em><\/strong><\/a> (2013). The film premiered at the Karlovy Vary IFF last year and since then went through several film festival worldwide. The Man and His Environment<span style=\"font-weight: bold\">\u00a0<\/span>section will screen the Berlinale-awarded documentary <strong><em>Velvet Terrorists<\/em><\/strong> (2013) by Pavol Pekar\u010d\u00edk, Ivan Ostrochovsk\u00fd and Peter Kerekes. The Official Selection \u2013 Out of Competition section includes the co-production title <a href=\"https:\/\/sfu.sk\/eshop\/dvd\/colette\/\" target=\"_blank\" rel=\"noopener\"><strong><em>Colette<\/em><\/strong><\/a> (2013) by Milan Cieslar.<\/p>\n<p>The festival will also screen some of the most successful shorts of the last year: the European Shorts and Film Schools \u2013 Slovakia will present animation shorts <em><strong>The Pandas<\/strong><\/em> (2013) by Mat\u00fa\u0161 Viz\u00e1r and <strong><em>Snow<\/em><\/strong> (2013) by Ivana \u0160ebestov\u00e1, and the fiction short <strong><em>Tiger Fight<\/em><\/strong> (2013) by Martin Repka.<\/p>\n<p>More information at: <a href=\"http:\/\/www.festroia.pt\" target=\"_blank\" rel=\"noopener\">www.festroia.pt<\/a><\/p>\n","protected":false},"excerpt":{"rendered":"<p>The annual 30th edition of the Festroia IFF in Set\u00fabal, Portugal (June 6 \u2013 15, 2014) will screen a number\u00a0of Slovak films this year. Besides two successful features, it will also present three Slovak shorts.<\/p>\n","protected":false},"featured_media":44061,"template":"","meta":{"_acf_changed":false,"inline_featured_image":false},"kategorie_noviniek":[1965,2038,2036,2037,2145,2152],"festival":[],"rok":[2167],"class_list":["post-37775","novinka","type-novinka","status-publish","has-post-thumbnail","hentry","kategorie_noviniek-aic","kategorie_noviniek-archive","kategorie_noviniek-english","kategorie_noviniek-news","kategorie_noviniek-prezentacia-en","kategorie_noviniek-slovak-cinema-abroad"],"acf":[],"_links":{"self":[{"href":"https:\/\/sfu.sk\/en\/wp-json\/wp\/v2\/novinka\/37775","targetHints":{"allow":["GET"]}}],"collection":[{"href":"https:\/\/sfu.sk\/en\/wp-json\/wp\/v2\/novinka"}],"about":[{"href":"https:\/\/sfu.sk\/en\/wp-json\/wp\/v2\/types\/novinka"}],"wp:featuredmedia":[{"embeddable":true,"href":"https:\/\/sfu.sk\/en\/wp-json\/wp\/v2\/media\/44061"}],"wp:attachment":[{"href":"https:\/\/sfu.sk\/en\/wp-json\/wp\/v2\/media?parent=37775"}],"wp:term":[{"taxonomy":"kategorie_noviniek","embeddable":true,"href":"https:\/\/sfu.sk\/en\/wp-json\/wp\/v2\/kategorie_noviniek?post=37775"},{"taxonomy":"festival","embeddable":true,"href":"https:\/\/sfu.sk\/en\/wp-json\/wp\/v2\/festival?post=37775"},{"taxonomy":"rok","embeddable":true,"href":"https:\/\/sfu.sk\/en\/wp-json\/wp\/v2\/rok?post=37775"}],"curies":[{"name":"wp","href":"https:\/\/api.w.org\/{rel}","templated":true}]}}

<p><img decoding="async" src="/images/AIC_foto/festivaly_loga/festroia-2014.jpg" alt="" align="left" class="table" /><strong>The annual 30th edition of the <a href="http://www.festroia.pt/" target="_blank" rel="noopener">Festroia IFF</a> in Setúbal, Portugal (June 6 – 15, 2014) will screen a number of Slovak films this year. Besides two successful features, it will also present three Slovak shorts.</strong></p>
<p>The section dedicated to debutes of authors – First Works – will screen the first fiction feature of director Juraj Lehotský <a href="https://sfu.sk/eshop/dvd/zazrak/" target="_blank" rel="noopener"><strong><em>Miracle</em></strong></a> (2013). The film premiered at the Karlovy Vary IFF last year and since then went through several film festival worldwide. The Man and His Environment<span style="font-weight: bold"> </span>section will screen the Berlinale-awarded documentary <strong><em>Velvet Terrorists</em></strong> (2013) by Pavol Pekarčík, Ivan Ostrochovský and Peter Kerekes. The Official Selection – Out of Competition section includes the co-production title <a href="https://sfu.sk/eshop/dvd/colette/" target="_blank" rel="noopener"><strong><em>Colette</em></strong></a> (2013) by Milan Cieslar.</p>
<p>The festival will also screen some of the most successful shorts of the last year: the European Shorts and Film Schools – Slovakia will present animation shorts <em><strong>The Pandas</strong></em> (2013) by Matúš Vizár and <strong><em>Snow</em></strong> (2013) by Ivana Šebestová, and the fiction short <strong><em>Tiger Fight</em></strong> (2013) by Martin Repka.</p>
<p>More information at: <a href="http://www.festroia.pt" target="_blank" rel="noopener">www.festroia.pt</a></p>

<p>The annual 30th edition of the Festroia IFF in Setúbal, Portugal (June 6 – 15, 2014) will screen a number of Slovak films this year. Besides two successful features, it will also present three Slovak shorts.</p>
