{"id":37776,"date":"2014-06-12T09:33:00","date_gmt":"2014-06-12T07:33:00","guid":{"rendered":"https:\/\/sfu.sk\/?post_type=novinka&#038;p=37776"},"modified":"2025-07-30T16:37:33","modified_gmt":"2025-07-30T14:37:33","slug":"slovak-national-nominations-for-the-efa-awards-2014","status":"publish","type":"novinka","link":"https:\/\/sfu.sk\/en\/news\/slovak-national-nominations-for-the-efa-awards-2014\/","title":{"rendered":"Slovak National Nominations for the EFA Awards 2014"},"content":{"rendered":"<p><a href=\"http:\/\/www.sfta.sk\/uvod\/\" target=\"_blank\" rel=\"noopener\"><img decoding=\"async\" src=\"\/images\/AIC_foto\/instituty_loga\/efa_logo.jpg\" alt=\"\" align=\"left\" class=\"table\" \/><strong>The Slovak Film and Television Academy (SFTA)<\/strong><\/a><strong> nominated two Slovak films for the <a href=\"http:\/\/www.europeanfilmacademy.org\/\" target=\"_blank\" rel=\"noopener\">European Film Awards<\/a> \u2013 the feature fiction <a href=\"https:\/\/sfu.sk\/eshop\/dvd\/krok-do-tmy\/\" target=\"_blank\" rel=\"noopener\"><span style=\"font-style: italic\">A Step into the Darkness<\/span><\/a> by Miloslav Luther, which premiered in June 2014, and the documentary feature<a href=\"https:\/\/sfu.sk\/eshop\/dvd\/vsetky-moje-deti\/\" target=\"_blank\" rel=\"noopener\"><span style=\"font-style: italic\"> All My Children<\/span><\/a> by Ladislav Kabo\u0161, which premiered in February 2014 and has reached a record number in admissions \u2013 over 23,000 in Slovak cinemas.<\/strong><\/p>\n<p>The selection was made by 65 memebers (out of 146), accepted and confirmed by the Board of the Academy, from among of the following eligible titles.<\/p>\n<p>Fiction:<br \/>\n<a href=\"https:\/\/sfu.sk\/eshop\/dvd\/zazrak\/\" target=\"_blank\" rel=\"noopener\"><em><strong>Miracle<\/strong><\/em><\/a> (dir. Juraj Lehotsk\u00fd), <a href=\"https:\/\/sfu.sk\/eshop\/dvd\/kandidat\/\" target=\"_blank\" rel=\"noopener\"><strong><em>The Candidate<\/em><\/strong><\/a> (dir. Jon\u00e1\u0161 Kar\u00e1sek), <strong><em>Indian Summer<\/em><\/strong> (dir. Gejza Dezorz), <strong><em>The Good Man<\/em><\/strong> (dir. Csaba Moln\u00e1r), <strong><em>Slovakia 2.0<\/em> <\/strong>(dir. Juraj Herz, Martin \u0160ul\u00edk, Peter Kerekes, Zuzana Liov\u00e1, Mi\u0161o Such\u00fd, Ondrej Rudavsk\u00fd, Peter Kri\u0161t\u00fafek).<\/p>\n<p>Documentary:<\/p>\n<p><em><strong>Velvet Terrorists<\/strong><\/em> (dir. Pavol Pekar\u010d\u00edk, Ivan Ostrochovsk\u00fd, Peter Kerekes), <strong><em>Archbishop Bez\u00e1k Adieu<\/em><\/strong> (dir. O\u013ega Z\u00e1black\u00e1), <em><strong>Square in the Circle or Life in the Escapes and Dreams<\/strong><\/em> (dir. \u013dubom\u00edr \u0160tecko), <em><strong>The Edge \u2013 4 Films About Marek Brezovsk\u00fd<\/strong><\/em> (dir. Patrik Lan\u010dari\u010d), <strong><em>Lyricist<\/em><\/strong> (dir. Arnold Kojnok), <a href=\"https:\/\/sfu.sk\/eshop\/dvd\/felvidek-horna-zem\/\" target=\"_blank\" rel=\"noopener\"><strong><em>Felv\u00eddek. Caught in Between<\/em><\/strong><\/a> (dir. Vladislava Plan\u010d\u00edkov\u00e1).<\/p>\n<p>The 27th European Film Award Gala Ceremony will be held December 13, 2014 in Riga, Latvia.<\/p>\n<p>Participation of Slovak films and SFTA at the European Film Awards is supported by the <a href=\"http:\/\/www.avf.sk\/home.aspx\" target=\"_blank\" rel=\"noopener\">Slovak Audiovisual Fund<\/a>.<\/p>\n<p>Source: Press release of the Slovak Film and Television Academy.<\/p>\n<p>More information at:<\/p>\n<p><a href=\"http:\/\/www.europeanfilmacademy.org\/\" target=\"_blank\" rel=\"noopener\">www.europeanfilmacademy.org<\/a><br \/>\n<a href=\"http:\/\/www.sfta.sk\/uvod\/\" target=\"_blank\" rel=\"noopener\">www.sfta.sk<\/a><\/p>\n","protected":false},"excerpt":{"rendered":"<p>The Slovak Film and Television Academy (SFTA) nominated two Slovak films for the European Film Awards &#8211; feature fiction A Step into the Darkness by Miloslav Luther premiered in June 2014 and documentary feature All My Children by Ladislav Kabo\u0161 premiered in February 2014, reaching record number in admissions &#8211; over 23.000 in Slovak cinemas.<\/p>\n","protected":false},"featured_media":43811,"template":"","meta":{"_acf_changed":true,"inline_featured_image":false},"kategorie_noviniek":[1965,2038,2036,2037,2145,2152],"festival":[],"rok":[2167],"class_list":["post-37776","novinka","type-novinka","status-publish","has-post-thumbnail","hentry","kategorie_noviniek-aic","kategorie_noviniek-archive","kategorie_noviniek-english","kategorie_noviniek-news","kategorie_noviniek-prezentacia-en","kategorie_noviniek-slovak-cinema-abroad"],"acf":[],"_links":{"self":[{"href":"https:\/\/sfu.sk\/en\/wp-json\/wp\/v2\/novinka\/37776","targetHints":{"allow":["GET"]}}],"collection":[{"href":"https:\/\/sfu.sk\/en\/wp-json\/wp\/v2\/novinka"}],"about":[{"href":"https:\/\/sfu.sk\/en\/wp-json\/wp\/v2\/types\/novinka"}],"wp:featuredmedia":[{"embeddable":true,"href":"https:\/\/sfu.sk\/en\/wp-json\/wp\/v2\/media\/43811"}],"wp:attachment":[{"href":"https:\/\/sfu.sk\/en\/wp-json\/wp\/v2\/media?parent=37776"}],"wp:term":[{"taxonomy":"kategorie_noviniek","embeddable":true,"href":"https:\/\/sfu.sk\/en\/wp-json\/wp\/v2\/kategorie_noviniek?post=37776"},{"taxonomy":"festival","embeddable":true,"href":"https:\/\/sfu.sk\/en\/wp-json\/wp\/v2\/festival?post=37776"},{"taxonomy":"rok","embeddable":true,"href":"https:\/\/sfu.sk\/en\/wp-json\/wp\/v2\/rok?post=37776"}],"curies":[{"name":"wp","href":"https:\/\/api.w.org\/{rel}","templated":true}]}}

<p><a href="http://www.sfta.sk/uvod/" target="_blank" rel="noopener"><img decoding="async" src="/images/AIC_foto/instituty_loga/efa_logo.jpg" alt="" align="left" class="table" /><strong>The Slovak Film and Television Academy (SFTA)</strong></a><strong> nominated two Slovak films for the <a href="http://www.europeanfilmacademy.org/" target="_blank" rel="noopener">European Film Awards</a> – the feature fiction <a href="https://sfu.sk/eshop/dvd/krok-do-tmy/" target="_blank" rel="noopener"><span style="font-style: italic">A Step into the Darkness</span></a> by Miloslav Luther, which premiered in June 2014, and the documentary feature<a href="https://sfu.sk/eshop/dvd/vsetky-moje-deti/" target="_blank" rel="noopener"><span style="font-style: italic"> All My Children</span></a> by Ladislav Kaboš, which premiered in February 2014 and has reached a record number in admissions – over 23,000 in Slovak cinemas.</strong></p>
<p>The selection was made by 65 memebers (out of 146), accepted and confirmed by the Board of the Academy, from among of the following eligible titles.</p>
<p>Fiction:<br />
<a href="https://sfu.sk/eshop/dvd/zazrak/" target="_blank" rel="noopener"><em><strong>Miracle</strong></em></a> (dir. Juraj Lehotský), <a href="https://sfu.sk/eshop/dvd/kandidat/" target="_blank" rel="noopener"><strong><em>The Candidate</em></strong></a> (dir. Jonáš Karásek), <strong><em>Indian Summer</em></strong> (dir. Gejza Dezorz), <strong><em>The Good Man</em></strong> (dir. Csaba Molnár), <strong><em>Slovakia 2.0</em> </strong>(dir. Juraj Herz, Martin Šulík, Peter Kerekes, Zuzana Liová, Mišo Suchý, Ondrej Rudavský, Peter Krištúfek).</p>
<p>Documentary:</p>
<p><em><strong>Velvet Terrorists</strong></em> (dir. Pavol Pekarčík, Ivan Ostrochovský, Peter Kerekes), <strong><em>Archbishop Bezák Adieu</em></strong> (dir. Oľga Záblacká), <em><strong>Square in the Circle or Life in the Escapes and Dreams</strong></em> (dir. Ľubomír Štecko), <em><strong>The Edge – 4 Films About Marek Brezovský</strong></em> (dir. Patrik Lančarič), <strong><em>Lyricist</em></strong> (dir. Arnold Kojnok), <a href="https://sfu.sk/eshop/dvd/felvidek-horna-zem/" target="_blank" rel="noopener"><strong><em>Felvídek. Caught in Between</em></strong></a> (dir. Vladislava Plančíková).</p>
<p>The 27th European Film Award Gala Ceremony will be held December 13, 2014 in Riga, Latvia.</p>
<p>Participation of Slovak films and SFTA at the European Film Awards is supported by the <a href="http://www.avf.sk/home.aspx" target="_blank" rel="noopener">Slovak Audiovisual Fund</a>.</p>
<p>Source: Press release of the Slovak Film and Television Academy.</p>
<p>More information at:</p>
<p><a href="http://www.europeanfilmacademy.org/" target="_blank" rel="noopener">www.europeanfilmacademy.org</a><br />
<a href="http://www.sfta.sk/uvod/" target="_blank" rel="noopener">www.sfta.sk</a></p>

<p>The Slovak Film and Television Academy (SFTA) nominated two Slovak films for the European Film Awards &#8211; feature fiction A Step into the Darkness by Miloslav Luther premiered in June 2014 and documentary feature All My Children by Ladislav Kaboš premiered in February 2014, reaching record number in admissions &#8211; over 23.000 in Slovak cinemas.</p>
