{"id":37820,"date":"2014-11-30T10:35:00","date_gmt":"2014-11-30T09:35:00","guid":{"rendered":"https:\/\/sfu.sk\/?post_type=novinka&#038;p=37820"},"modified":"2025-07-31T12:54:01","modified_gmt":"2025-07-31T10:54:01","slug":"slovak-films-observing-tallinns-black-nights","status":"publish","type":"novinka","link":"https:\/\/sfu.sk\/en\/news\/slovak-films-observing-tallinns-black-nights\/","title":{"rendered":"Slovak films observing Tallinn&#8217;s Black Nights"},"content":{"rendered":"<p><img decoding=\"async\" src=\"\/images\/AIC_foto\/festivaly_loga\/poff_logo_land_pos_EST.jpg\" alt=\"\" align=\"left\" class=\"table\" \/><strong><a href=\"http:\/\/2014.poff.ee\/eng\" target=\"_blank\" rel=\"noopener\">Black Nights Tallinn IFF (November 14 \u2013 30, 2014)<\/a> is one of the largest events dedicated to film in the Baltic countries. The festival, reaching adulthood this year and celebrating its 18th edition, offers its visitors three other sub-festivals besides the main programme. The three sub-events are focused on student films, animation films and films for children and youth.<\/strong><\/p>\n<p>Within the main festival, the Off the Wall section will screen two co-production titles. The section, which records the perception of the contemporary world of authors that experienced their childhood behind the Iron Curtain under the Soviet influence, 25 years after the fall of the Berlin Wall, includes <a href=\"https:\/\/sfu.sk\/eshop\/dvd\/fair-play\/\" target=\"_blank\" rel=\"noopener\"><strong><span style=\"font-style: italic\">Fair Play<\/span><\/strong><\/a> (dir. Andrea Sedl\u00e1\u010dkov\u00e1, 2014), introduced in Karlovy Vary in its international premiere and <strong><span style=\"font-style: italic\">Mirage <\/span><\/strong>(dir. Szabolcs Hajdu, 2014), which started its festival career at Toronto IFF.<\/p>\n<p>The sub-festival dedicated to animation films, 16. Animated Dreams (November 19 \u2013 23, 2014), will screen both new and archive Slovak shorts. The Best of Student Animation section will present <strong><span style=\"font-style: italic\">In Line<\/span><\/strong> (2014) by Kamila Ku\u010d\u00edkov\u00e1 and the retrospective section Slovak Animation will screen a collection of archive animation films by Viktor Kubal, Jaroslava Havettov\u00e1, Vlastimil Herold, Ivan Popovi\u010d, Dagmar Bu\u010danov\u00e1, Helena Slav\u00edkov\u00e1-Rabarov\u00e1, Ondrej Slivka and Franti\u0161ek Juri\u0161i\u010d. The <a href=\"http:\/\/www.festanca.sk\" target=\"_blank\" rel=\"noopener\">Fest An\u010da festival<\/a>&#8216;s programming director Maro\u0161 Brojo is part of the Jury.<\/p>\n<p>The <a href=\"http:\/\/be.poff.ee\" target=\"_blank\" rel=\"noopener\">Baltic Event <\/a>co-production market will host a Slovak-Czech project by Aramisova \u2013 <strong><span style=\"font-style: italic\">Kids from the East<\/span><\/strong>. The project was awarded at a similar event last week in Thessaloniki \u2013 Crossroads. In the final session of the <a href=\"http:\/\/be.poff.ee\/bestintro.php\" target=\"_blank\" rel=\"noopener\">B&#8217;EST <\/a>platform, the new project by Martin Repka <strong><span style=\"font-style: italic\">The Tattooist <\/span><\/strong>will also be present.<\/p>\n<p>More information at:<br \/>\n<a href=\"http:\/\/2014.poff.ee\/eng\" target=\"_blank\" rel=\"noopener\">www.poff.ee<\/a><br \/>\n<a href=\"http:\/\/www.anima.ee\/en\/\" target=\"_blank\" rel=\"noopener\">www.anima.ee<\/a><\/p>\n","protected":false},"excerpt":{"rendered":"<p>Black Nights Tallinn IFF (November 14 \u2013 30, 2014) is one of the largest events dedicated to film in the Baltic countries. The festival, reaching adulthood this year and celebrating its 18th edition, offers its visitors three other sub-festivals besides the main programme. The three sub-events are focused on student films, animation films and films for children and youth.<\/p>\n","protected":false},"featured_media":43767,"template":"","meta":{"_acf_changed":true,"inline_featured_image":false},"kategorie_noviniek":[1965,2038,2036,2037,2145,2152],"festival":[],"rok":[2167],"class_list":["post-37820","novinka","type-novinka","status-publish","has-post-thumbnail","hentry","kategorie_noviniek-aic","kategorie_noviniek-archive","kategorie_noviniek-english","kategorie_noviniek-news","kategorie_noviniek-prezentacia-en","kategorie_noviniek-slovak-cinema-abroad"],"acf":[],"_links":{"self":[{"href":"https:\/\/sfu.sk\/en\/wp-json\/wp\/v2\/novinka\/37820","targetHints":{"allow":["GET"]}}],"collection":[{"href":"https:\/\/sfu.sk\/en\/wp-json\/wp\/v2\/novinka"}],"about":[{"href":"https:\/\/sfu.sk\/en\/wp-json\/wp\/v2\/types\/novinka"}],"wp:featuredmedia":[{"embeddable":true,"href":"https:\/\/sfu.sk\/en\/wp-json\/wp\/v2\/media\/43767"}],"wp:attachment":[{"href":"https:\/\/sfu.sk\/en\/wp-json\/wp\/v2\/media?parent=37820"}],"wp:term":[{"taxonomy":"kategorie_noviniek","embeddable":true,"href":"https:\/\/sfu.sk\/en\/wp-json\/wp\/v2\/kategorie_noviniek?post=37820"},{"taxonomy":"festival","embeddable":true,"href":"https:\/\/sfu.sk\/en\/wp-json\/wp\/v2\/festival?post=37820"},{"taxonomy":"rok","embeddable":true,"href":"https:\/\/sfu.sk\/en\/wp-json\/wp\/v2\/rok?post=37820"}],"curies":[{"name":"wp","href":"https:\/\/api.w.org\/{rel}","templated":true}]}}

<p><img decoding="async" src="/images/AIC_foto/festivaly_loga/poff_logo_land_pos_EST.jpg" alt="" align="left" class="table" /><strong><a href="http://2014.poff.ee/eng" target="_blank" rel="noopener">Black Nights Tallinn IFF (November 14 – 30, 2014)</a> is one of the largest events dedicated to film in the Baltic countries. The festival, reaching adulthood this year and celebrating its 18th edition, offers its visitors three other sub-festivals besides the main programme. The three sub-events are focused on student films, animation films and films for children and youth.</strong></p>
<p>Within the main festival, the Off the Wall section will screen two co-production titles. The section, which records the perception of the contemporary world of authors that experienced their childhood behind the Iron Curtain under the Soviet influence, 25 years after the fall of the Berlin Wall, includes <a href="https://sfu.sk/eshop/dvd/fair-play/" target="_blank" rel="noopener"><strong><span style="font-style: italic">Fair Play</span></strong></a> (dir. Andrea Sedláčková, 2014), introduced in Karlovy Vary in its international premiere and <strong><span style="font-style: italic">Mirage </span></strong>(dir. Szabolcs Hajdu, 2014), which started its festival career at Toronto IFF.</p>
<p>The sub-festival dedicated to animation films, 16. Animated Dreams (November 19 – 23, 2014), will screen both new and archive Slovak shorts. The Best of Student Animation section will present <strong><span style="font-style: italic">In Line</span></strong> (2014) by Kamila Kučíková and the retrospective section Slovak Animation will screen a collection of archive animation films by Viktor Kubal, Jaroslava Havettová, Vlastimil Herold, Ivan Popovič, Dagmar Bučanová, Helena Slavíková-Rabarová, Ondrej Slivka and František Jurišič. The <a href="http://www.festanca.sk" target="_blank" rel="noopener">Fest Anča festival</a>&#8216;s programming director Maroš Brojo is part of the Jury.</p>
<p>The <a href="http://be.poff.ee" target="_blank" rel="noopener">Baltic Event </a>co-production market will host a Slovak-Czech project by Aramisova – <strong><span style="font-style: italic">Kids from the East</span></strong>. The project was awarded at a similar event last week in Thessaloniki – Crossroads. In the final session of the <a href="http://be.poff.ee/bestintro.php" target="_blank" rel="noopener">B&#8217;EST </a>platform, the new project by Martin Repka <strong><span style="font-style: italic">The Tattooist </span></strong>will also be present.</p>
<p>More information at:<br />
<a href="http://2014.poff.ee/eng" target="_blank" rel="noopener">www.poff.ee</a><br />
<a href="http://www.anima.ee/en/" target="_blank" rel="noopener">www.anima.ee</a></p>
