{"id":37824,"date":"2015-01-16T10:35:00","date_gmt":"2015-01-16T09:35:00","guid":{"rendered":"https:\/\/sfu.sk\/?post_type=novinka&#038;p=37824"},"modified":"2025-07-31T15:48:49","modified_gmt":"2025-07-31T13:48:49","slug":"slovak-films-in-trieste-2015","status":"publish","type":"novinka","link":"https:\/\/sfu.sk\/en\/news\/slovak-films-in-trieste-2015\/","title":{"rendered":"Slovak films in Trieste 2015"},"content":{"rendered":"<p><img decoding=\"async\" src=\"\/images\/AIC_foto\/filmy\/Zamatovi-teroristi-01.jpg\" alt=\"\" align=\"left\" class=\"table\" \/><strong>The festival year 2015 for Slovak films starts at <a href=\"http:\/\/www.triestefilmfestival.it\/?lang=en \" target=\"_blank\" rel=\"noopener\">Trieste Film Festival (January 17 \u2013 22, 2015)<\/a>. Focused on quality films from the Central and Eastern Europe and Italy, in the programe of its 26th edition the festival presents the Italian premieres of two successful Slovak films on the last year.<\/strong><\/p>\n<p><strong><em>Velvet Terrorists<\/em><\/strong>, documentary by the director trio Pavol Pekar\u010d\u00edk, Ivan Ostrochovsk\u00fd and Peter Kerekes, awarded at Berlinale&#8217;s Forum 2014 with the Tagesspiegel Readers&#8217; Award, is presented in the International Documentary Competition. The film will be personally introduced by\u00a0Peter Kerekes.<\/p>\n<p><a href=\"https:\/\/sfu.sk\/eshop\/dvd\/v-tichu\/\" target=\"_blank\" rel=\"noopener\"><strong><em>In Silence <\/em><\/strong><\/a>by Zden\u011bk Jir\u00e1sk\u00fd is presented within the TFF Art &amp; Sound section, a showcase dedicated to contaminations between cinema and contemporary art, with a focus also on music documentaries. The film started its festival life with a special world premiere screening at Karlovy Vary IFF 2014 and has since toured the festival world, including Chicago, Thessaloniki and many more.<\/p>\n<p><a href=\"http:\/\/www.triestefilmfestival.it\/?page_id=7726&amp;lang=en \" target=\"_blank\" rel=\"noopener\">The Eastweek Workshop Selection<\/a> features young Slovak filmmaker Katar\u00edna Vargov\u00e1 with her project <strong><span style=\"font-style: italic\">Sketch<\/span><\/strong>.<\/p>\n<p>Trieste co-production forum <a href=\"https:\/\/www.wemw.it\/\" target=\"_blank\" rel=\"noopener\">When East Meets West\u00a02015<\/a>\u00a0is dedicated to connecting projects and film professionals from Eastern Europe and English-speaking countries (UK, Ireland, Canada, United States of America) and will also be attended by several Slovak film producers and representatives of film institutions.<\/p>\n<p>More information at: <a href=\"www.triestefilmfestival.it\" target=\"_blank\" rel=\"noopener\">www.triestefilmfestival.it<\/a><\/p>\n","protected":false},"excerpt":{"rendered":"<p>The festival year 2015 for Slovak films starts at Trieste Film Festival (January 17 \u2013 22, 2015). Focused on quality films from the Central and Eastern Europe and Italy, in the programe of its 26th edition the festival presents the Italian premieres of two successful Slovak films on the last year.<\/p>\n","protected":false},"featured_media":43824,"template":"","meta":{"_acf_changed":false,"inline_featured_image":false},"kategorie_noviniek":[1965,2038,2036,2037,2145,2152],"festival":[],"rok":[2168],"class_list":["post-37824","novinka","type-novinka","status-publish","has-post-thumbnail","hentry","kategorie_noviniek-aic","kategorie_noviniek-archive","kategorie_noviniek-english","kategorie_noviniek-news","kategorie_noviniek-prezentacia-en","kategorie_noviniek-slovak-cinema-abroad"],"acf":[],"_links":{"self":[{"href":"https:\/\/sfu.sk\/en\/wp-json\/wp\/v2\/novinka\/37824","targetHints":{"allow":["GET"]}}],"collection":[{"href":"https:\/\/sfu.sk\/en\/wp-json\/wp\/v2\/novinka"}],"about":[{"href":"https:\/\/sfu.sk\/en\/wp-json\/wp\/v2\/types\/novinka"}],"wp:featuredmedia":[{"embeddable":true,"href":"https:\/\/sfu.sk\/en\/wp-json\/wp\/v2\/media\/43824"}],"wp:attachment":[{"href":"https:\/\/sfu.sk\/en\/wp-json\/wp\/v2\/media?parent=37824"}],"wp:term":[{"taxonomy":"kategorie_noviniek","embeddable":true,"href":"https:\/\/sfu.sk\/en\/wp-json\/wp\/v2\/kategorie_noviniek?post=37824"},{"taxonomy":"festival","embeddable":true,"href":"https:\/\/sfu.sk\/en\/wp-json\/wp\/v2\/festival?post=37824"},{"taxonomy":"rok","embeddable":true,"href":"https:\/\/sfu.sk\/en\/wp-json\/wp\/v2\/rok?post=37824"}],"curies":[{"name":"wp","href":"https:\/\/api.w.org\/{rel}","templated":true}]}}

<p><img decoding="async" src="/images/AIC_foto/filmy/Zamatovi-teroristi-01.jpg" alt="" align="left" class="table" /><strong>The festival year 2015 for Slovak films starts at <a href="http://www.triestefilmfestival.it/?lang=en " target="_blank" rel="noopener">Trieste Film Festival (January 17 – 22, 2015)</a>. Focused on quality films from the Central and Eastern Europe and Italy, in the programe of its 26th edition the festival presents the Italian premieres of two successful Slovak films on the last year.</strong></p>
<p><strong><em>Velvet Terrorists</em></strong>, documentary by the director trio Pavol Pekarčík, Ivan Ostrochovský and Peter Kerekes, awarded at Berlinale&#8217;s Forum 2014 with the Tagesspiegel Readers&#8217; Award, is presented in the International Documentary Competition. The film will be personally introduced by Peter Kerekes.</p>
<p><a href="https://sfu.sk/eshop/dvd/v-tichu/" target="_blank" rel="noopener"><strong><em>In Silence </em></strong></a>by Zdeněk Jiráský is presented within the TFF Art &amp; Sound section, a showcase dedicated to contaminations between cinema and contemporary art, with a focus also on music documentaries. The film started its festival life with a special world premiere screening at Karlovy Vary IFF 2014 and has since toured the festival world, including Chicago, Thessaloniki and many more.</p>
<p><a href="http://www.triestefilmfestival.it/?page_id=7726&amp;lang=en " target="_blank" rel="noopener">The Eastweek Workshop Selection</a> features young Slovak filmmaker Katarína Vargová with her project <strong><span style="font-style: italic">Sketch</span></strong>.</p>
<p>Trieste co-production forum <a href="https://www.wemw.it/" target="_blank" rel="noopener">When East Meets West 2015</a> is dedicated to connecting projects and film professionals from Eastern Europe and English-speaking countries (UK, Ireland, Canada, United States of America) and will also be attended by several Slovak film producers and representatives of film institutions.</p>
<p>More information at: <a href="www.triestefilmfestival.it" target="_blank" rel="noopener">www.triestefilmfestival.it</a></p>
