{"id":37859,"date":"2015-06-11T09:37:00","date_gmt":"2015-06-11T07:37:00","guid":{"rendered":"https:\/\/sfu.sk\/?post_type=novinka&#038;p=37859"},"modified":"2025-08-07T15:07:12","modified_gmt":"2025-08-07T13:07:12","slug":"slovak-national-nominations-for-the-efa-awards-2015","status":"publish","type":"novinka","link":"https:\/\/sfu.sk\/en\/news\/slovak-national-nominations-for-the-efa-awards-2015\/","title":{"rendered":"Slovak National Nominations for the EFA Awards 2015"},"content":{"rendered":"<p><img decoding=\"async\" src=\"\/images\/AIC_foto\/instituty_loga\/efa_logo.jpg\" alt=\"\" align=\"left\" class=\"table\" \/><strong><a href=\"http:\/\/www.sfta.sk\/uvod\/\" target=\"_blank\" rel=\"noopener\">The Slovak Film and Television Academy (SFTA)<\/a> nominated two Slovak films for the <a href=\"http:\/\/www.europeanfilmacademy.org\/\" target=\"_blank\" rel=\"noopener\">European Film Awards<\/a> \u2013 the feature fiction debut <a href=\"https:\/\/sfu.sk\/eshop\/dvd\/deti\/\" target=\"_blank\" rel=\"noopener\"><em>Children<\/em><\/a> by Jaro Vojtek and documentary also directed by Vojtek <em><a href=\"https:\/\/sfu.sk\/eshop\/dvd\/tak-daleko-tak-blizko\/\" target=\"_blank\" rel=\"noopener\">So Far, So Near<\/a>.<\/em><\/strong><\/p>\n<p>The debut feature of documentary filmmamaker Jaro Vojtek <a href=\"https:\/\/sfu.sk\/eshop\/dvd\/deti\/\" target=\"_blank\" rel=\"noopener\"><strong><em>Children <\/em><\/strong><\/a>was premiered in the autumn 2014 as a part of Project 100. Film had its international premiere at IFF Beijing, where won three Tiantan awards: for Best screenplay (Marek Le\u0161\u010d\u00e1k), Best DOP (Tom\u00e1\u0161 Stan\u011bk) and Best actress in supporting role<em> (\u00c9va B\u00e1ndor).<\/em> The documentary film <a href=\"https:\/\/sfu.sk\/eshop\/dvd\/tak-daleko-tak-blizko\/\" target=\"_blank\" rel=\"noopener\"><strong><em>So Far, So Nea<\/em><em>r<\/em><\/strong><\/a>\u00a0came to cinemas in the spring 2015.<\/p>\n<p>The selection for the European Film Awards was made by 76 memebers (out of 162), accepted and confirmed by the Board of the Academy, from among of the following eligible titles.<\/p>\n<p>Fiction:<br \/>\n<a href=\"https:\/\/sfu.sk\/eshop\/dvd\/v-tichu\/\" target=\"_blank\" rel=\"noopener\"><strong><em>In Silence<\/em><\/strong><\/a> (dir. Zden\u011bk Jir\u00e1sk\u00fd), <a href=\"https:\/\/sfu.sk\/eshop\/dvd\/deti\/\" target=\"_blank\" rel=\"noopener\"><strong><em>Children<\/em><\/strong><\/a> (dir. Jaro Vojtek), <a href=\"https:\/\/sfu.sk\/eshop\/dvd\/laska-na-vlasku\/\" target=\"_blank\" rel=\"noopener\"><strong><em>Love in Your Soul<\/em><\/strong><\/a> (dir. Mariana \u010cengel Sol\u010dansk\u00e1), <a href=\"https:\/\/sfu.sk\/eshop\/dvd\/rukojemnik-jak-sme-hrali-caru\/\" target=\"_blank\" rel=\"noopener\"><strong><em>Hostage<\/em><\/strong><\/a> (dir. Juraj Nvota) and <a href=\"https:\/\/sfu.sk\/en\/films\/seven-ravens\/\" target=\"_blank\" rel=\"noopener\"><em><strong>Seven Ravens<\/strong><\/em><\/a> (dir Alice Nellis).<\/p>\n<p>Documentary:<br \/>\n<a href=\"https:\/\/sfu.sk\/eshop\/dvd\/38-filmova-pocta-hokejovej-legende\/\" target=\"_blank\" rel=\"noopener\"><em><strong>38<\/strong><\/em><\/a> (dir. D. Dangl, Luk\u00e1\u0161 Zednikovi\u010d), <a href=\"https:\/\/sfu.sk\/eshop\/dvd\/comeback\/\" target=\"_blank\" rel=\"noopener\"><strong><em>Comeback<\/em><\/strong><\/a> (dir. Miro Remo), <a href=\"https:\/\/sfu.sk\/eshop\/dvd\/vlna-vs-breh\/\" target=\"_blank\" rel=\"noopener\"><strong><em>wave vs. shore<\/em><\/strong><\/a> (dir. Martin \u0160trba), <strong><em>Salto Mortale<\/em><\/strong> (dir. Anabela \u017digov\u00e1), <a href=\"https:\/\/sfu.sk\/eshop\/dvd\/navrat-do-horiaceho-domu\/\" target=\"_blank\" rel=\"noopener\"><strong><em>Return to a Burning House<\/em><\/strong><\/a> (dir. Anna Gruskov\u00e1), <a href=\"https:\/\/sfu.sk\/eshop\/dvd\/tak-daleko-tak-blizko\/\" target=\"_blank\" rel=\"noopener\"><strong><em>So Far, So Near<\/em><\/strong><\/a> (dir. J. Vojtek) and <a href=\"https:\/\/sfu.sk\/eshop\/dvd\/milan-corba\/\" target=\"_blank\" rel=\"noopener\"><strong><em>Milan \u010corba<\/em><\/strong><\/a> (dir. M. \u0160ul\u00edk).<\/p>\n<p>The 28th European Film Award Gala Ceremony will be held December 12, 2015 in Berlin, Germany.<\/p>\n<p>Participation of Slovak films and SFTA at the European Film Awards is supported by the <a href=\"http:\/\/www.avf.sk\/home.aspx\" target=\"_blank\" rel=\"noopener\">Slovak Audiovisual Fund<\/a>.<\/p>\n<p>More information at:<\/p>\n<p><a href=\"http:\/\/www.europeanfilmacademy.org\/\" target=\"_blank\" rel=\"noopener\">www.europeanfilmacademy.org <\/a><br \/>\n<a href=\"http:\/\/www.sfta.sk\/uvod\/\" target=\"_blank\" rel=\"noopener\">www.sfta.sk<\/a><\/p>\n","protected":false},"excerpt":{"rendered":"<p>\u00a0The Slovak Film and Television Academy (SFTA) nominated two Slovak films for the European Film Awards \u2013 feature fiction debut Children by Jaro Vojtek and documentary also directed by Vojtek So Far, So Near.<\/p>\n","protected":false},"featured_media":43795,"template":"","meta":{"_acf_changed":true,"inline_featured_image":false},"kategorie_noviniek":[1965,2038,2149,2036,2037,2145,2152],"festival":[],"rok":[2168],"class_list":["post-37859","novinka","type-novinka","status-publish","has-post-thumbnail","hentry","kategorie_noviniek-aic","kategorie_noviniek-archive","kategorie_noviniek-awards","kategorie_noviniek-english","kategorie_noviniek-news","kategorie_noviniek-prezentacia-en","kategorie_noviniek-slovak-cinema-abroad"],"acf":[],"_links":{"self":[{"href":"https:\/\/sfu.sk\/en\/wp-json\/wp\/v2\/novinka\/37859","targetHints":{"allow":["GET"]}}],"collection":[{"href":"https:\/\/sfu.sk\/en\/wp-json\/wp\/v2\/novinka"}],"about":[{"href":"https:\/\/sfu.sk\/en\/wp-json\/wp\/v2\/types\/novinka"}],"wp:featuredmedia":[{"embeddable":true,"href":"https:\/\/sfu.sk\/en\/wp-json\/wp\/v2\/media\/43795"}],"wp:attachment":[{"href":"https:\/\/sfu.sk\/en\/wp-json\/wp\/v2\/media?parent=37859"}],"wp:term":[{"taxonomy":"kategorie_noviniek","embeddable":true,"href":"https:\/\/sfu.sk\/en\/wp-json\/wp\/v2\/kategorie_noviniek?post=37859"},{"taxonomy":"festival","embeddable":true,"href":"https:\/\/sfu.sk\/en\/wp-json\/wp\/v2\/festival?post=37859"},{"taxonomy":"rok","embeddable":true,"href":"https:\/\/sfu.sk\/en\/wp-json\/wp\/v2\/rok?post=37859"}],"curies":[{"name":"wp","href":"https:\/\/api.w.org\/{rel}","templated":true}]}}

<p><img decoding="async" src="/images/AIC_foto/instituty_loga/efa_logo.jpg" alt="" align="left" class="table" /><strong><a href="http://www.sfta.sk/uvod/" target="_blank" rel="noopener">The Slovak Film and Television Academy (SFTA)</a> nominated two Slovak films for the <a href="http://www.europeanfilmacademy.org/" target="_blank" rel="noopener">European Film Awards</a> – the feature fiction debut <a href="https://sfu.sk/eshop/dvd/deti/" target="_blank" rel="noopener"><em>Children</em></a> by Jaro Vojtek and documentary also directed by Vojtek <em><a href="https://sfu.sk/eshop/dvd/tak-daleko-tak-blizko/" target="_blank" rel="noopener">So Far, So Near</a>.</em></strong></p>
<p>The debut feature of documentary filmmamaker Jaro Vojtek <a href="https://sfu.sk/eshop/dvd/deti/" target="_blank" rel="noopener"><strong><em>Children </em></strong></a>was premiered in the autumn 2014 as a part of Project 100. Film had its international premiere at IFF Beijing, where won three Tiantan awards: for Best screenplay (Marek Leščák), Best DOP (Tomáš Staněk) and Best actress in supporting role<em> (Éva Bándor).</em> The documentary film <a href="https://sfu.sk/eshop/dvd/tak-daleko-tak-blizko/" target="_blank" rel="noopener"><strong><em>So Far, So Nea</em><em>r</em></strong></a> came to cinemas in the spring 2015.</p>
<p>The selection for the European Film Awards was made by 76 memebers (out of 162), accepted and confirmed by the Board of the Academy, from among of the following eligible titles.</p>
<p>Fiction:<br />
<a href="https://sfu.sk/eshop/dvd/v-tichu/" target="_blank" rel="noopener"><strong><em>In Silence</em></strong></a> (dir. Zdeněk Jiráský), <a href="https://sfu.sk/eshop/dvd/deti/" target="_blank" rel="noopener"><strong><em>Children</em></strong></a> (dir. Jaro Vojtek), <a href="https://sfu.sk/eshop/dvd/laska-na-vlasku/" target="_blank" rel="noopener"><strong><em>Love in Your Soul</em></strong></a> (dir. Mariana Čengel Solčanská), <a href="https://sfu.sk/eshop/dvd/rukojemnik-jak-sme-hrali-caru/" target="_blank" rel="noopener"><strong><em>Hostage</em></strong></a> (dir. Juraj Nvota) and <a href="https://sfu.sk/en/films/seven-ravens/" target="_blank" rel="noopener"><em><strong>Seven Ravens</strong></em></a> (dir Alice Nellis).</p>
<p>Documentary:<br />
<a href="https://sfu.sk/eshop/dvd/38-filmova-pocta-hokejovej-legende/" target="_blank" rel="noopener"><em><strong>38</strong></em></a> (dir. D. Dangl, Lukáš Zednikovič), <a href="https://sfu.sk/eshop/dvd/comeback/" target="_blank" rel="noopener"><strong><em>Comeback</em></strong></a> (dir. Miro Remo), <a href="https://sfu.sk/eshop/dvd/vlna-vs-breh/" target="_blank" rel="noopener"><strong><em>wave vs. shore</em></strong></a> (dir. Martin Štrba), <strong><em>Salto Mortale</em></strong> (dir. Anabela Žigová), <a href="https://sfu.sk/eshop/dvd/navrat-do-horiaceho-domu/" target="_blank" rel="noopener"><strong><em>Return to a Burning House</em></strong></a> (dir. Anna Grusková), <a href="https://sfu.sk/eshop/dvd/tak-daleko-tak-blizko/" target="_blank" rel="noopener"><strong><em>So Far, So Near</em></strong></a> (dir. J. Vojtek) and <a href="https://sfu.sk/eshop/dvd/milan-corba/" target="_blank" rel="noopener"><strong><em>Milan Čorba</em></strong></a> (dir. M. Šulík).</p>
<p>The 28th European Film Award Gala Ceremony will be held December 12, 2015 in Berlin, Germany.</p>
<p>Participation of Slovak films and SFTA at the European Film Awards is supported by the <a href="http://www.avf.sk/home.aspx" target="_blank" rel="noopener">Slovak Audiovisual Fund</a>.</p>
<p>More information at:</p>
<p><a href="http://www.europeanfilmacademy.org/" target="_blank" rel="noopener">www.europeanfilmacademy.org </a><br />
<a href="http://www.sfta.sk/uvod/" target="_blank" rel="noopener">www.sfta.sk</a></p>
