{"id":37881,"date":"2015-07-14T09:38:00","date_gmt":"2015-07-14T07:38:00","guid":{"rendered":"https:\/\/sfu.sk\/?post_type=novinka&#038;p=37881"},"modified":"2025-08-07T15:40:23","modified_gmt":"2025-08-07T13:40:23","slug":"slovak-contemporary-film-heading-to-serbia","status":"publish","type":"novinka","link":"https:\/\/sfu.sk\/en\/news\/slovak-contemporary-film-heading-to-serbia\/","title":{"rendered":"Slovak contemporary film heading to Serbia"},"content":{"rendered":"<p align=\"justify\"><img decoding=\"async\" src=\"\/images\/AIC_foto\/festivaly_loga\/palic-poster-small.bmp\" alt=\"\" align=\"left\" class=\"table\" \/><strong>The 22nd edition of the <a href=\"http:\/\/www.palicfilmfestival.com\/\" target=\"_blank\" rel=\"noopener\">European Film Festival Pali\u0107<\/a> will take place on June 18 \u2013 25 2015 in Pali\u0107, Serbia.<\/strong><\/p>\n<p>A week before the opening,\u00a0the European film classics will be screened within the Classics on the Square\u00a0section at one of the most beautiful town squares\u00a0in Serbia. Among names such as Mikl\u00f3s Jancs\u00f3, Roy Andersson or Pier Paolo Pasolini also Slovak filmmaker Peter Solan will\u00a0appear with his masterpiece <a href=\"https:\/\/sfu.sk\/eshop\/dvd\/kym-sa-skonci-tato-noc\/\" target=\"_blank\" rel=\"noopener\"><strong><em>Before Tonight Is Over<\/em><\/strong><\/a>.<\/p>\n<p>This year\u00b4s festival line-up is enriched with a number of Slovak films. The successful <a href=\"https:\/\/sfu.sk\/en\/films\/koza\/\" target=\"_blank\" rel=\"noopener\"><strong><em>Koza<\/em><\/strong><\/a> by Ivan Ostrochovsk\u00fd is competing in the Official Selection.<br \/>\nParallels and Encounters is hosting\u00a0the co-production modern western<em> <strong>Mirage<\/strong> <\/em>(dir. Szabolcs Hajdu). The Young Spirit of Europe section is dedicated to recently deceased Slovak young and talented filmmaker Aramisova. Within the section his last film <strong><em>What We Did Before We Drank Cocoa Together<\/em> <\/strong>will be screened<strong>.<br \/>\n<\/strong><br \/>\nFive further films will\u00a0be introduced in a section dedicated contemporary Slovak cinema entitled<strong>\u00a0<\/strong>New Slovak Films<em>: <a href=\"https:\/\/sfu.sk\/eshop\/dvd\/zazrak\/\" target=\"_blank\" rel=\"noopener\"><strong>Miracle <\/strong><\/a><\/em>(dir. Juraj Lehotsk\u00fd), <em><strong>Velvet Terrorists<\/strong><\/em> (dir. Pavol Pekar\u010d\u00edk, Ivan Ostrochovsk\u00fd, Peter Kerekes), <a href=\"https:\/\/sfu.sk\/eshop\/dvd\/comeback\/\" target=\"_blank\" rel=\"noopener\"><em><strong>C<\/strong><\/em><strong><em>omeback<\/em><\/strong><\/a> (dir. Miro Remo), <a href=\"https:\/\/sfu.sk\/eshop\/dvd\/deti\/\" target=\"_blank\" rel=\"noopener\"><strong><em>Children <\/em><\/strong><\/a>(dir. Jaro Vojtek) and <em><strong>Made in Ash<\/strong><\/em> (dir. Iveta Gr\u00f3fov\u00e1).<\/p>\n<p align=\"justify\">Miro Remo, Peter Kerekes and Ivan Ostrochovsk\u00fd will be introducing\u00a0their films and Slovak director Mira Fornay is this year\u00b4s jury member.<\/p>\n<p align=\"justify\">Visitors of the festival in Pali\u0107 can also enjoyed Slovak films in the photography exhibition Best of Best of Slovak Films. The selection of the photographs is focused on the best Slovak cinematography films from the years 1962-1972. The collection is based upon the publication <em>Best Of Slovak Film<\/em> (Peter Hames, SF\u00da, 2013) and the Slovak Film Institute&#8217;s <em>Golden Fund of Slovak Cinematography<\/em> dvd edition.<\/p>\n<p align=\"justify\">Slovak presentation at the festival is organised by the <a href=\"http:\/\/www.palicfilmfestival.com\/\" target=\"_blank\" rel=\"noopener\">European Film Festival Pali\u0107<\/a> in the co-operation with Slovak Film Institute and the <a href=\"http:\/\/www.mzv.sk\/belehrad\" target=\"_blank\" rel=\"noopener\">Slovak Embassy in Beograd<\/a>.<\/p>\n<p align=\"justify\">Slovak participants\u00a0in\u00a0the past editions of the festival:<br \/>\n2013: <a href=\"https:\/\/sfu.sk\/eshop\/dvd\/dakujem-dobre\/\" target=\"_blank\" rel=\"noopener\"><em><strong>My Dog Killer<\/strong><\/em><\/a> (dir. Mira Fornay; section Official Competition) and <a href=\"https:\/\/sfu.sk\/eshop\/dvd\/dakujem-dobre\/\" target=\"_blank\" rel=\"noopener\"><em><strong>Fine, Thanks<\/strong><\/em><\/a> (dir. M\u00e1ty\u00e1s Prikler; section Parallels and Encounters)<br \/>\n2011: <strong><em>The <em>Last Bus<\/em><\/em><\/strong> (dir. Martin Snopek, Ivana Lau\u010d\u00edkov\u00e1; section Young Spirit of Europe)<br \/>\n2010:\u00a0<em><strong>Foxes<\/strong><\/em> (dir. Mira Fornay; section Parallels and Encounters) and <em><strong>Arsy Versy<\/strong><\/em> (dir. Miro Remo; section Young Spirit of Europe)<br \/>\n2003:<a href=\"https:\/\/sfu.sk\/eshop\/dvd\/66-sezon\/\" target=\"_blank\" rel=\"noopener\"><em><strong> 66 Seasons<\/strong><\/em><\/a> (dir. Peter Kerekes; section Young Spirit of Europe).<br \/>\nIn 2011 Eva Kri\u017ekov\u00e1 was a member of jury.<\/p>\n","protected":false},"excerpt":{"rendered":"<p>The 22nd edition of the European Film Festival Pali\u0107 will take place on June 18 \u2013 25 2015 in Pali\u0107, Serbia.<\/p>\n","protected":false},"featured_media":43740,"template":"","meta":{"_acf_changed":false,"inline_featured_image":false},"kategorie_noviniek":[1965,2038,2036,2037,2145,2152],"festival":[],"rok":[2168],"class_list":["post-37881","novinka","type-novinka","status-publish","has-post-thumbnail","hentry","kategorie_noviniek-aic","kategorie_noviniek-archive","kategorie_noviniek-english","kategorie_noviniek-news","kategorie_noviniek-prezentacia-en","kategorie_noviniek-slovak-cinema-abroad"],"acf":[],"_links":{"self":[{"href":"https:\/\/sfu.sk\/en\/wp-json\/wp\/v2\/novinka\/37881","targetHints":{"allow":["GET"]}}],"collection":[{"href":"https:\/\/sfu.sk\/en\/wp-json\/wp\/v2\/novinka"}],"about":[{"href":"https:\/\/sfu.sk\/en\/wp-json\/wp\/v2\/types\/novinka"}],"wp:featuredmedia":[{"embeddable":true,"href":"https:\/\/sfu.sk\/en\/wp-json\/wp\/v2\/media\/43740"}],"wp:attachment":[{"href":"https:\/\/sfu.sk\/en\/wp-json\/wp\/v2\/media?parent=37881"}],"wp:term":[{"taxonomy":"kategorie_noviniek","embeddable":true,"href":"https:\/\/sfu.sk\/en\/wp-json\/wp\/v2\/kategorie_noviniek?post=37881"},{"taxonomy":"festival","embeddable":true,"href":"https:\/\/sfu.sk\/en\/wp-json\/wp\/v2\/festival?post=37881"},{"taxonomy":"rok","embeddable":true,"href":"https:\/\/sfu.sk\/en\/wp-json\/wp\/v2\/rok?post=37881"}],"curies":[{"name":"wp","href":"https:\/\/api.w.org\/{rel}","templated":true}]}}

<p align="justify"><img decoding="async" src="/images/AIC_foto/festivaly_loga/palic-poster-small.bmp" alt="" align="left" class="table" /><strong>The 22nd edition of the <a href="http://www.palicfilmfestival.com/" target="_blank" rel="noopener">European Film Festival Palić</a> will take place on June 18 – 25 2015 in Palić, Serbia.</strong></p>
<p>A week before the opening, the European film classics will be screened within the Classics on the Square section at one of the most beautiful town squares in Serbia. Among names such as Miklós Jancsó, Roy Andersson or Pier Paolo Pasolini also Slovak filmmaker Peter Solan will appear with his masterpiece <a href="https://sfu.sk/eshop/dvd/kym-sa-skonci-tato-noc/" target="_blank" rel="noopener"><strong><em>Before Tonight Is Over</em></strong></a>.</p>
<p>This year´s festival line-up is enriched with a number of Slovak films. The successful <a href="https://sfu.sk/en/films/koza/" target="_blank" rel="noopener"><strong><em>Koza</em></strong></a> by Ivan Ostrochovský is competing in the Official Selection.<br />
Parallels and Encounters is hosting the co-production modern western<em> <strong>Mirage</strong> </em>(dir. Szabolcs Hajdu). The Young Spirit of Europe section is dedicated to recently deceased Slovak young and talented filmmaker Aramisova. Within the section his last film <strong><em>What We Did Before We Drank Cocoa Together</em> </strong>will be screened<strong>.<br />
</strong><br />
Five further films will be introduced in a section dedicated contemporary Slovak cinema entitled<strong> </strong>New Slovak Films<em>: <a href="https://sfu.sk/eshop/dvd/zazrak/" target="_blank" rel="noopener"><strong>Miracle </strong></a></em>(dir. Juraj Lehotský), <em><strong>Velvet Terrorists</strong></em> (dir. Pavol Pekarčík, Ivan Ostrochovský, Peter Kerekes), <a href="https://sfu.sk/eshop/dvd/comeback/" target="_blank" rel="noopener"><em><strong>C</strong></em><strong><em>omeback</em></strong></a> (dir. Miro Remo), <a href="https://sfu.sk/eshop/dvd/deti/" target="_blank" rel="noopener"><strong><em>Children </em></strong></a>(dir. Jaro Vojtek) and <em><strong>Made in Ash</strong></em> (dir. Iveta Grófová).</p>
<p align="justify">Miro Remo, Peter Kerekes and Ivan Ostrochovský will be introducing their films and Slovak director Mira Fornay is this year´s jury member.</p>
<p align="justify">Visitors of the festival in Palić can also enjoyed Slovak films in the photography exhibition Best of Best of Slovak Films. The selection of the photographs is focused on the best Slovak cinematography films from the years 1962-1972. The collection is based upon the publication <em>Best Of Slovak Film</em> (Peter Hames, SFÚ, 2013) and the Slovak Film Institute&#8217;s <em>Golden Fund of Slovak Cinematography</em> dvd edition.</p>
<p align="justify">Slovak presentation at the festival is organised by the <a href="http://www.palicfilmfestival.com/" target="_blank" rel="noopener">European Film Festival Palić</a> in the co-operation with Slovak Film Institute and the <a href="http://www.mzv.sk/belehrad" target="_blank" rel="noopener">Slovak Embassy in Beograd</a>.</p>
<p align="justify">Slovak participants in the past editions of the festival:<br />
2013: <a href="https://sfu.sk/eshop/dvd/dakujem-dobre/" target="_blank" rel="noopener"><em><strong>My Dog Killer</strong></em></a> (dir. Mira Fornay; section Official Competition) and <a href="https://sfu.sk/eshop/dvd/dakujem-dobre/" target="_blank" rel="noopener"><em><strong>Fine, Thanks</strong></em></a> (dir. Mátyás Prikler; section Parallels and Encounters)<br />
2011: <strong><em>The <em>Last Bus</em></em></strong> (dir. Martin Snopek, Ivana Laučíková; section Young Spirit of Europe)<br />
2010: <em><strong>Foxes</strong></em> (dir. Mira Fornay; section Parallels and Encounters) and <em><strong>Arsy Versy</strong></em> (dir. Miro Remo; section Young Spirit of Europe)<br />
2003:<a href="https://sfu.sk/eshop/dvd/66-sezon/" target="_blank" rel="noopener"><em><strong> 66 Seasons</strong></em></a> (dir. Peter Kerekes; section Young Spirit of Europe).<br />
In 2011 Eva Križková was a member of jury.</p>

<p>The 22nd edition of the European Film Festival Palić will take place on June 18 – 25 2015 in Palić, Serbia.</p>
