{"id":37930,"date":"2016-05-31T09:41:00","date_gmt":"2016-05-31T07:41:00","guid":{"rendered":"https:\/\/sfu.sk\/?post_type=novinka&#038;p=37930"},"modified":"2025-08-11T15:44:26","modified_gmt":"2025-08-11T13:44:26","slug":"the-teacher-and-the-wolf-from-royal-vineyard-street-competes-at-karlovy-vary-iff","status":"publish","type":"novinka","link":"https:\/\/sfu.sk\/en\/news\/the-teacher-and-the-wolf-from-royal-vineyard-street-competes-at-karlovy-vary-iff\/","title":{"rendered":"The Teacher and The Wolf from Royal Vineyard Street competes at Karlovy Vary IFF"},"content":{"rendered":"<p align=\"justify\"><strong><a href=\"http:\/\/www.kviff.com\/en\/homepage\" target=\"_blank\" rel=\"noopener\">The International Film Festival Karlovy Vary<\/a> (July 1 \u2013 9 2016) unveils its Official Selection Competition line-up featuring two Slovak titles: Slovak-Czech co-production\u00a0<a href=\"https:\/\/sfu.sk\/en\/films\/the-teacher\/\" target=\"_blank\" rel=\"noopener\"><em>The Teacher<\/em><\/a> by the acclaimed Czech director Jan H\u0159ebejk and <em>The Wolf from Royal Vineyard Street, <\/em>the last film of the recently deceased Czech legend Jan N\u011bmec.<\/strong><\/p>\n<p>Popular author duo Jan H\u0159ebejk and scriptwriter Petr Jarchovsk\u00fd comes with the drama from 1980&#8217;s based in Czechoslovakia. Since the arrival of the new teacher, Maria Drazdechova, to a Bratislava suburban school, life has turned upside down for students and parents. The convincement of the teacher\u2019s corrupted behaviour and one of the students&#8217; suicide attempt that could be related to that matter, makes the school Principal call the students\u2019 parents for an urgent meeting that will suddenly put the future of all the families at stake.<\/p>\n<p><a href=\"https:\/\/sfu.sk\/en\/films\/the-teacher\/\" target=\"_blank\" rel=\"noopener\"><em><strong>The Teacher<\/strong><\/em><\/a> is H\u0159ebejk&#8217;s first Slovak majority film, starring well-known Slovak actors Zuzana Maur\u00e9ry, Peter Bebjak, Zuzana Kone\u010dn\u00e1, Csongor Kassai, Attila Mokos or \u00c9va Bandor. The film was co-produced by <a href=\"http:\/\/www.pubres.sk\/english\/\" target=\"_blank\" rel=\"noopener\">PubRes<\/a> (SK), <a href=\"http:\/\/www.offsidemen.cz\/\" target=\"_blank\" rel=\"noopener\">OFFSIDEMEN<\/a> (CZ), <a href=\"http:\/\/www.rtvs.sk\/\" target=\"_blank\" rel=\"noopener\">RTVS &#8211; Rozhlas a telev\u00edzia Slovenska <\/a>(SK) and <a href=\"http:\/\/www.ceskatelevize.cz\/ct24\/kultura\/1031377-hrebejkovo-zakazane-uvolneni-melo-predpremieru-v-bohumine\" target=\"_blank\" rel=\"noopener\">\u010cesk\u00e1 televize <\/a>(CZ). The sales are handled by <a href=\"http:\/\/www.levelk.dk\/\" target=\"_blank\" rel=\"noopener\">LevelK<\/a>. The film was supported by the <a href=\"http:\/\/www.avf.sk\/\" target=\"_blank\" rel=\"noopener\">Slovak Audiovisual Fund<\/a>, <a href=\"http:\/\/www.mksr.sk\/\" target=\"_blank\" rel=\"noopener\">Ministry of Culture of the Slovak Republic<\/a> and the <a href=\"http:\/\/www.fondkinematografie.cz\/\" target=\"_blank\" rel=\"noopener\">State Cinematography Fund<\/a> (CZ).<\/p>\n<p>The\u00a0world premiere also waits for\u00a0<strong><em>The Wolf from Royal Vineyard Street, <\/em><\/strong>the final work\u00a0by one of the most original and nonconformist Czech New Wave director Jan N\u011bmec who died in March this year at the age of 79. The\u00a0Czech-Slovak-French comedy based on the director\u2019s life depicts a story of\u00a0Wolf, a savage, tricky and uncontrollable creature; Wolf in sheep\u2019s clothing and the other way round. J\u00ed\u0159\u00ed M\u00e1dl\u00a0plays Jan N\u011bmec\u00a0alter ego.<br \/>\n<strong><br \/>\n<\/strong>The\u00a0film was\u00a0co-produced by <a href=\"http:\/\/www.masterfilm.cz\/\" target=\"_blank\" rel=\"noopener\">MasterFilm<\/a> (CZ), <a href=\"http:\/\/www.bocalupofilms.com\/\" target=\"_blank\" rel=\"noopener\">Bocalupo Films<\/a> (FR),<a href=\"http:\/\/www.ceskatelevize.cz\/\" target=\"_blank\" rel=\"noopener\"> \u010cesk\u00e1 televize<\/a> (CZ), MEDIA FILM (SK),\u00a0UPP (CZ) and supported by the\u00a0<a href=\"http:\/\/www.fondkinematografie.cz\/\" target=\"_blank\" rel=\"noopener\">State Cinematography Fund<\/a> (CZ) and <a href=\"http:\/\/www.avf.sk\/\" target=\"_blank\" rel=\"noopener\">Slovak Audiovisual Fund<\/a>. <strong><em>The Wolf from Royal Vineyard Street <\/em><\/strong>was<strong><em>\u00a0<\/em><\/strong>presented at the KVIFF&#8217;s Works in Progress\u00a0last year.<\/p>\n","protected":false},"excerpt":{"rendered":"<p>The International Film Festival Karlovy Vary (July 1 \u2013 9 2016) unveils its Official Selection Competition line-up featuring two Slovak titles: Slovak-Czech co-production\u00a0The Teacher by the acclaimed Czech director Jan H\u0159ebejk and The Wolf from Royal Vineyard Street, the last film of the recently deceased Czech legend Jan N\u011bmec.<\/p>\n","protected":false},"featured_media":43725,"template":"","meta":{"_acf_changed":false,"inline_featured_image":false},"kategorie_noviniek":[1965,2038,2036,2037,2145,2152],"festival":[],"rok":[2169],"class_list":["post-37930","novinka","type-novinka","status-publish","has-post-thumbnail","hentry","kategorie_noviniek-aic","kategorie_noviniek-archive","kategorie_noviniek-english","kategorie_noviniek-news","kategorie_noviniek-prezentacia-en","kategorie_noviniek-slovak-cinema-abroad"],"acf":[],"_links":{"self":[{"href":"https:\/\/sfu.sk\/en\/wp-json\/wp\/v2\/novinka\/37930","targetHints":{"allow":["GET"]}}],"collection":[{"href":"https:\/\/sfu.sk\/en\/wp-json\/wp\/v2\/novinka"}],"about":[{"href":"https:\/\/sfu.sk\/en\/wp-json\/wp\/v2\/types\/novinka"}],"wp:featuredmedia":[{"embeddable":true,"href":"https:\/\/sfu.sk\/en\/wp-json\/wp\/v2\/media\/43725"}],"wp:attachment":[{"href":"https:\/\/sfu.sk\/en\/wp-json\/wp\/v2\/media?parent=37930"}],"wp:term":[{"taxonomy":"kategorie_noviniek","embeddable":true,"href":"https:\/\/sfu.sk\/en\/wp-json\/wp\/v2\/kategorie_noviniek?post=37930"},{"taxonomy":"festival","embeddable":true,"href":"https:\/\/sfu.sk\/en\/wp-json\/wp\/v2\/festival?post=37930"},{"taxonomy":"rok","embeddable":true,"href":"https:\/\/sfu.sk\/en\/wp-json\/wp\/v2\/rok?post=37930"}],"curies":[{"name":"wp","href":"https:\/\/api.w.org\/{rel}","templated":true}]}}

<p align="justify"><strong><a href="http://www.kviff.com/en/homepage" target="_blank" rel="noopener">The International Film Festival Karlovy Vary</a> (July 1 – 9 2016) unveils its Official Selection Competition line-up featuring two Slovak titles: Slovak-Czech co-production <a href="https://sfu.sk/en/films/the-teacher/" target="_blank" rel="noopener"><em>The Teacher</em></a> by the acclaimed Czech director Jan Hřebejk and <em>The Wolf from Royal Vineyard Street, </em>the last film of the recently deceased Czech legend Jan Němec.</strong></p>
<p>Popular author duo Jan Hřebejk and scriptwriter Petr Jarchovský comes with the drama from 1980&#8217;s based in Czechoslovakia. Since the arrival of the new teacher, Maria Drazdechova, to a Bratislava suburban school, life has turned upside down for students and parents. The convincement of the teacher’s corrupted behaviour and one of the students&#8217; suicide attempt that could be related to that matter, makes the school Principal call the students’ parents for an urgent meeting that will suddenly put the future of all the families at stake.</p>
<p><a href="https://sfu.sk/en/films/the-teacher/" target="_blank" rel="noopener"><em><strong>The Teacher</strong></em></a> is Hřebejk&#8217;s first Slovak majority film, starring well-known Slovak actors Zuzana Mauréry, Peter Bebjak, Zuzana Konečná, Csongor Kassai, Attila Mokos or Éva Bandor. The film was co-produced by <a href="http://www.pubres.sk/english/" target="_blank" rel="noopener">PubRes</a> (SK), <a href="http://www.offsidemen.cz/" target="_blank" rel="noopener">OFFSIDEMEN</a> (CZ), <a href="http://www.rtvs.sk/" target="_blank" rel="noopener">RTVS &#8211; Rozhlas a televízia Slovenska </a>(SK) and <a href="http://www.ceskatelevize.cz/ct24/kultura/1031377-hrebejkovo-zakazane-uvolneni-melo-predpremieru-v-bohumine" target="_blank" rel="noopener">Česká televize </a>(CZ). The sales are handled by <a href="http://www.levelk.dk/" target="_blank" rel="noopener">LevelK</a>. The film was supported by the <a href="http://www.avf.sk/" target="_blank" rel="noopener">Slovak Audiovisual Fund</a>, <a href="http://www.mksr.sk/" target="_blank" rel="noopener">Ministry of Culture of the Slovak Republic</a> and the <a href="http://www.fondkinematografie.cz/" target="_blank" rel="noopener">State Cinematography Fund</a> (CZ).</p>
<p>The world premiere also waits for <strong><em>The Wolf from Royal Vineyard Street, </em></strong>the final work by one of the most original and nonconformist Czech New Wave director Jan Němec who died in March this year at the age of 79. The Czech-Slovak-French comedy based on the director’s life depicts a story of Wolf, a savage, tricky and uncontrollable creature; Wolf in sheep’s clothing and the other way round. Jíří Mádl plays Jan Němec alter ego.<br />
<strong><br />
</strong>The film was co-produced by <a href="http://www.masterfilm.cz/" target="_blank" rel="noopener">MasterFilm</a> (CZ), <a href="http://www.bocalupofilms.com/" target="_blank" rel="noopener">Bocalupo Films</a> (FR),<a href="http://www.ceskatelevize.cz/" target="_blank" rel="noopener"> Česká televize</a> (CZ), MEDIA FILM (SK), UPP (CZ) and supported by the <a href="http://www.fondkinematografie.cz/" target="_blank" rel="noopener">State Cinematography Fund</a> (CZ) and <a href="http://www.avf.sk/" target="_blank" rel="noopener">Slovak Audiovisual Fund</a>. <strong><em>The Wolf from Royal Vineyard Street </em></strong>was<strong><em> </em></strong>presented at the KVIFF&#8217;s Works in Progress last year.</p>

<p>The International Film Festival Karlovy Vary (July 1 – 9 2016) unveils its Official Selection Competition line-up featuring two Slovak titles: Slovak-Czech co-production The Teacher by the acclaimed Czech director Jan Hřebejk and The Wolf from Royal Vineyard Street, the last film of the recently deceased Czech legend Jan Němec.</p>
