{"id":37949,"date":"2016-10-20T09:42:00","date_gmt":"2016-10-20T07:42:00","guid":{"rendered":"https:\/\/sfu.sk\/?post_type=novinka&#038;p=37949"},"modified":"2025-08-12T13:28:54","modified_gmt":"2025-08-12T11:28:54","slug":"a-strong-presence-of-slovak-films-in-jihlava","status":"publish","type":"novinka","link":"https:\/\/sfu.sk\/en\/news\/a-strong-presence-of-slovak-films-in-jihlava\/","title":{"rendered":"A strong presence of Slovak films in Jihlava"},"content":{"rendered":"<p><a href=\"http:\/\/www.dokument-festival.com\/\" target=\"_blank\" rel=\"noopener\"><strong><img decoding=\"async\" src=\"\/images\/AIC-2014\/loga\/jihlava-logo.jpg\" alt=\"\" align=\"left\" class=\"table\" \/>Ji.hlava International Documentary Film Festival<\/strong><\/a><strong> celebrates its 20th anniversary! Kicking off on October 25, 2016 the festival will show a number of Slovak films screened not only in the competition section but also within accompanying events, workshops and masterclasses. The jubilee edition lasts until October 30, 2016.<\/strong><\/p>\n<p>Two Slovak films introduced in Ji.hlava in their world premiere vie with twelve other documentaries in the competition section Between the Seas, open for countries of Central and Eastern Europe with\u00a0common historical, political, and cultural interconnections.<br \/>\nThe first one is a documentary by acclaimed Robert Kirchhoff <a href=\"https:\/\/sfu.sk\/en\/films\/a-hole-in-the-head\/\" target=\"_blank\" rel=\"noopener\"><strong><em>A Hole in the Head<\/em><\/strong><\/a>, a film essay about the Roma holocaust,\u00a0the stories and fates of European Romani tied to the countries they have inhabited and still inhabit. The film represents\u00a0an elegy to the victims of a monstrous regime and human indifference.<br \/>\nThe second is a mid-length debut <a href=\"https:\/\/sfu.sk\/en\/films\/a-tall-tale\/\" target=\"_blank\" rel=\"noopener\"><strong><em>A Tall Tale<\/em><\/strong><\/a> by Lucia Babjakov\u00e1 Nimcov\u00e1, which\u00a0has been\u00a0presented at Docu Talents@KVIFF 2016 earlier this year<em>. A <\/em>folk opera consisting of bawdy folk songs, storytelling ballads and pre-modern hip-hop has been\u00a0made in close co-operation with Scotish musician Sholto Dobie. The director said: \u201c<em>A Tall Tale<\/em><em> seeks to capture private and hidden realities excluded from the main historical narrative of the region. Hard mountain rap, vintage feminism and filthy Carpathian hip hop are still alive and relevant.\u201d<\/em><\/p>\n<p>On\u00a0the occasion of the festival\u00b4s 20th anniversary, the organizers have launched the section Jihlava Manifesto reflecting contextual and stylistic diversity of the Jihlava IDFF\u2019s programme over the past twenty years of its existence. The sidebar showcases 20 documentary essays, among them also\u00a0the notable documentary collage <a href=\"https:\/\/sfu.sk\/eshop\/dvd\/papierove-hlavy\/\" target=\"_blank\" rel=\"noopener\"><strong><em>Paper Heads<\/em><\/strong><\/a> (1995) by Du\u0161an Han\u00e1k dealing with the topic of freedom and the lack of it, and the relationship between citizens and the Totalitarian regime in former Czechoslovakia in post -World War two era. The film will be screened in a restored and digitized version thanks to the project SK PRES \u2013 Slovak Presidency of the Council of the European Union.<\/p>\n<p>The Works of renowned dramaturge, screenwriter, and director Pavol S\u00fdkora (1931\u20131970) will be brought to the audiences at the festival&#8217;s workshop. This key figure of Slovak documentary film of the 1960s will be represented by his most distinctive and original portraits <em><strong>Vlado, Marienka, Jojo a star\u00fd otec<\/strong><\/em> (1966), <em><strong>Spove\u010f <\/strong><\/em>(1968), <em><strong>ABCD<\/strong><\/em> (1969) and <em><strong>Mal\u00fd gazda<\/strong><\/em> (1969). Film theorist Martin Ka\u0148uch will be the lector of the workshop, together with his guest Rudolf Urc, aone of S\u00fdkora\u00b4s\u00a0former colleagues.<\/p>\n<p>Another two films <a href=\"https:\/\/sfu.sk\/en\/films\/trabant-from-australia-to-bangkok\/\" target=\"_blank\" rel=\"noopener\"><strong><em>Trabant \u2013 From Australia to Bangkok<\/em><\/strong><\/a> by Dan P\u0159ib\u00e1\u0148 and <strong><em>Ida&#8217;s Mission<\/em><\/strong> by Tom\u00e1\u0161 Kudrna will be screened out of competition as part of the selection Czech Television Documentaries.<\/p>\n<p>Ji.hlava Industry<\/p>\n<p>This year&#8217;s Jihlava IDFF Industry Programme will offer a rich variety of activities. A One-day conference on experimental film distribution Conferenece Fascinations will be held to promote Central and Eastern European films internationally and to facilitate collaboration with experienced distributors and festivals abroad. On this occasion,\u00a0the following experimental short films by well-known conceptual artists will be introduced: <em><strong>LIFT <\/strong><\/em>(1972) by Vladim\u00edr Havrilla, <strong><em>Inform\u00e1cia o ruk\u00e1ch a \u013eu\u010foch<\/em><\/strong> (1982) and <strong><em>Domo<\/em><em>v <\/em><\/strong>(1983) by \u013dubom\u00edr Dur\u010dek.<\/p>\n<p>The Industry Programme will also host several Masterclasses by exceptional documentary filmmakers. A masterclass with Slovak cinematographer and director Martin Kollar will be accompanied by a screening of his film <a href=\"https:\/\/sfu.sk\/en\/films\/5-october\/\" target=\"_blank\" rel=\"noopener\"><strong><em>5 October<\/em><\/strong><\/a> and by a case study of Slovak documentarists Peter Kerekes, Marek \u0160ul\u00edk and Martin Kollar.<br \/>\nThis year\u00b4s participant of <em>Emerging Producers<\/em>, a promotional and educational project\u00a0that brings together talented European documentary film producers is Marek Urban (<a href=\"http:\/\/www.sentimentalfilm.com\/sk\" target=\"_blank\" rel=\"noopener\">sentimentalfilm<\/a><em>)<\/em>.<\/p>\n<p>The Slovak Film Institute will be represented at the Industry Programme by Alexandra Strelkov\u00e1, director of National Cinematographic Centre, who will take part in the discussion panel aimed on film presentation and institutions supporting\u00a0the presentation of national cinematography.<\/p>\n<p>More information at: <a href=\"http:\/\/www.dokument-festival.cz\/\" target=\"_blank\" rel=\"noopener\">http:\/\/www.dokument-festival.cz\/<\/a><\/p>\n<p>Slovak films in the programme:<br \/>\n26.10. &#8211; Dukla Reform &#8211; 13:00 &#8211; <strong><em>Paper Heads <\/em><\/strong>(dir. Du\u0161an Han\u00e1k)<br \/>\n26.10. &#8211; DKO I &#8211; 19:30 &#8211; <strong><em>A Hole in the Head <\/em><\/strong>(dir. Robert Kirchhoff)<br \/>\n27.10. &#8211; DKO II &#8211; 14:30 &#8211;\u00a0<strong><em>A\u00a0Tall Tale<\/em><\/strong> (dir. Lucia Babjakov\u00e1 Nimcov\u00e1)<br \/>\n27.10. &#8211; Mal\u00e1 sc\u00e9na HDJ &#8211; 20:00 &#8211; <strong><em>Trabant &#8211; From Australia to Bangkok <\/em><\/strong>(dir. Dan P\u0159ib\u00e1\u0148)<br \/>\n28.10.\u00a0&#8211; Mal\u00e1 sc\u00e9na HDJ &#8211; 12:00 &#8211;\u00a0<strong><em>Ida&#8217;s Mission <\/em><\/strong>(dir. Tom\u00e1\u0161 Kudrna)<br \/>\n29.10. &#8211;\u00a0Dukla Edison &#8211; 18:30 &#8211;\u00a0workshop &#8211; Pavol S\u00fdkora<\/p>\n","protected":false},"excerpt":{"rendered":"<p>Ji.hlava International Documentary Film Festival celebrates its 20th anniversary! Kicking off on October 25, 2016 the festival will show a number of Slovak films screened not only in the competition section but also within accompanying events, workshops and masterclasses. The jubilee edition lasts until October 30, 2016.<\/p>\n","protected":false},"featured_media":43113,"template":"","meta":{"_acf_changed":true,"inline_featured_image":false},"kategorie_noviniek":[1965,2038,2036,2037,2145,2152],"festival":[],"rok":[2169],"class_list":["post-37949","novinka","type-novinka","status-publish","has-post-thumbnail","hentry","kategorie_noviniek-aic","kategorie_noviniek-archive","kategorie_noviniek-english","kategorie_noviniek-news","kategorie_noviniek-prezentacia-en","kategorie_noviniek-slovak-cinema-abroad"],"acf":[],"_links":{"self":[{"href":"https:\/\/sfu.sk\/en\/wp-json\/wp\/v2\/novinka\/37949","targetHints":{"allow":["GET"]}}],"collection":[{"href":"https:\/\/sfu.sk\/en\/wp-json\/wp\/v2\/novinka"}],"about":[{"href":"https:\/\/sfu.sk\/en\/wp-json\/wp\/v2\/types\/novinka"}],"wp:featuredmedia":[{"embeddable":true,"href":"https:\/\/sfu.sk\/en\/wp-json\/wp\/v2\/media\/43113"}],"wp:attachment":[{"href":"https:\/\/sfu.sk\/en\/wp-json\/wp\/v2\/media?parent=37949"}],"wp:term":[{"taxonomy":"kategorie_noviniek","embeddable":true,"href":"https:\/\/sfu.sk\/en\/wp-json\/wp\/v2\/kategorie_noviniek?post=37949"},{"taxonomy":"festival","embeddable":true,"href":"https:\/\/sfu.sk\/en\/wp-json\/wp\/v2\/festival?post=37949"},{"taxonomy":"rok","embeddable":true,"href":"https:\/\/sfu.sk\/en\/wp-json\/wp\/v2\/rok?post=37949"}],"curies":[{"name":"wp","href":"https:\/\/api.w.org\/{rel}","templated":true}]}}

<p><a href="http://www.dokument-festival.com/" target="_blank" rel="noopener"><strong><img decoding="async" src="/images/AIC-2014/loga/jihlava-logo.jpg" alt="" align="left" class="table" />Ji.hlava International Documentary Film Festival</strong></a><strong> celebrates its 20th anniversary! Kicking off on October 25, 2016 the festival will show a number of Slovak films screened not only in the competition section but also within accompanying events, workshops and masterclasses. The jubilee edition lasts until October 30, 2016.</strong></p>
<p>Two Slovak films introduced in Ji.hlava in their world premiere vie with twelve other documentaries in the competition section Between the Seas, open for countries of Central and Eastern Europe with common historical, political, and cultural interconnections.<br />
The first one is a documentary by acclaimed Robert Kirchhoff <a href="https://sfu.sk/en/films/a-hole-in-the-head/" target="_blank" rel="noopener"><strong><em>A Hole in the Head</em></strong></a>, a film essay about the Roma holocaust, the stories and fates of European Romani tied to the countries they have inhabited and still inhabit. The film represents an elegy to the victims of a monstrous regime and human indifference.<br />
The second is a mid-length debut <a href="https://sfu.sk/en/films/a-tall-tale/" target="_blank" rel="noopener"><strong><em>A Tall Tale</em></strong></a> by Lucia Babjaková Nimcová, which has been presented at Docu Talents@KVIFF 2016 earlier this year<em>. A </em>folk opera consisting of bawdy folk songs, storytelling ballads and pre-modern hip-hop has been made in close co-operation with Scotish musician Sholto Dobie. The director said: “<em>A Tall Tale</em><em> seeks to capture private and hidden realities excluded from the main historical narrative of the region. Hard mountain rap, vintage feminism and filthy Carpathian hip hop are still alive and relevant.”</em></p>
<p>On the occasion of the festival´s 20th anniversary, the organizers have launched the section Jihlava Manifesto reflecting contextual and stylistic diversity of the Jihlava IDFF’s programme over the past twenty years of its existence. The sidebar showcases 20 documentary essays, among them also the notable documentary collage <a href="https://sfu.sk/eshop/dvd/papierove-hlavy/" target="_blank" rel="noopener"><strong><em>Paper Heads</em></strong></a> (1995) by Dušan Hanák dealing with the topic of freedom and the lack of it, and the relationship between citizens and the Totalitarian regime in former Czechoslovakia in post -World War two era. The film will be screened in a restored and digitized version thanks to the project SK PRES – Slovak Presidency of the Council of the European Union.</p>
<p>The Works of renowned dramaturge, screenwriter, and director Pavol Sýkora (1931–1970) will be brought to the audiences at the festival&#8217;s workshop. This key figure of Slovak documentary film of the 1960s will be represented by his most distinctive and original portraits <em><strong>Vlado, Marienka, Jojo a starý otec</strong></em> (1966), <em><strong>Spoveď </strong></em>(1968), <em><strong>ABCD</strong></em> (1969) and <em><strong>Malý gazda</strong></em> (1969). Film theorist Martin Kaňuch will be the lector of the workshop, together with his guest Rudolf Urc, aone of Sýkora´s former colleagues.</p>
<p>Another two films <a href="https://sfu.sk/en/films/trabant-from-australia-to-bangkok/" target="_blank" rel="noopener"><strong><em>Trabant – From Australia to Bangkok</em></strong></a> by Dan Přibáň and <strong><em>Ida&#8217;s Mission</em></strong> by Tomáš Kudrna will be screened out of competition as part of the selection Czech Television Documentaries.</p>
<p>Ji.hlava Industry</p>
<p>This year&#8217;s Jihlava IDFF Industry Programme will offer a rich variety of activities. A One-day conference on experimental film distribution Conferenece Fascinations will be held to promote Central and Eastern European films internationally and to facilitate collaboration with experienced distributors and festivals abroad. On this occasion, the following experimental short films by well-known conceptual artists will be introduced: <em><strong>LIFT </strong></em>(1972) by Vladimír Havrilla, <strong><em>Informácia o rukách a ľuďoch</em></strong> (1982) and <strong><em>Domo</em><em>v </em></strong>(1983) by Ľubomír Durček.</p>
<p>The Industry Programme will also host several Masterclasses by exceptional documentary filmmakers. A masterclass with Slovak cinematographer and director Martin Kollar will be accompanied by a screening of his film <a href="https://sfu.sk/en/films/5-october/" target="_blank" rel="noopener"><strong><em>5 October</em></strong></a> and by a case study of Slovak documentarists Peter Kerekes, Marek Šulík and Martin Kollar.<br />
This year´s participant of <em>Emerging Producers</em>, a promotional and educational project that brings together talented European documentary film producers is Marek Urban (<a href="http://www.sentimentalfilm.com/sk" target="_blank" rel="noopener">sentimentalfilm</a><em>)</em>.</p>
<p>The Slovak Film Institute will be represented at the Industry Programme by Alexandra Strelková, director of National Cinematographic Centre, who will take part in the discussion panel aimed on film presentation and institutions supporting the presentation of national cinematography.</p>
<p>More information at: <a href="http://www.dokument-festival.cz/" target="_blank" rel="noopener">http://www.dokument-festival.cz/</a></p>
<p>Slovak films in the programme:<br />
26.10. &#8211; Dukla Reform &#8211; 13:00 &#8211; <strong><em>Paper Heads </em></strong>(dir. Dušan Hanák)<br />
26.10. &#8211; DKO I &#8211; 19:30 &#8211; <strong><em>A Hole in the Head </em></strong>(dir. Robert Kirchhoff)<br />
27.10. &#8211; DKO II &#8211; 14:30 &#8211; <strong><em>A Tall Tale</em></strong> (dir. Lucia Babjaková Nimcová)<br />
27.10. &#8211; Malá scéna HDJ &#8211; 20:00 &#8211; <strong><em>Trabant &#8211; From Australia to Bangkok </em></strong>(dir. Dan Přibáň)<br />
28.10. &#8211; Malá scéna HDJ &#8211; 12:00 &#8211; <strong><em>Ida&#8217;s Mission </em></strong>(dir. Tomáš Kudrna)<br />
29.10. &#8211; Dukla Edison &#8211; 18:30 &#8211; workshop &#8211; Pavol Sýkora</p>
