{"id":37952,"date":"2016-11-09T10:43:00","date_gmt":"2016-11-09T09:43:00","guid":{"rendered":"https:\/\/sfu.sk\/?post_type=novinka&#038;p=37952"},"modified":"2025-08-12T15:40:10","modified_gmt":"2025-08-12T13:40:10","slug":"a-rich-selection-of-slovak-films-at-bratislava-iff","status":"publish","type":"novinka","link":"https:\/\/sfu.sk\/en\/news\/a-rich-selection-of-slovak-films-at-bratislava-iff\/","title":{"rendered":"A rich selection of Slovak films at Bratislava IFF"},"content":{"rendered":"<p align=\"justify\"><strong>The 18th <a href=\"http:\/\/www.bratislavaiff.sk\/en\/\">Bratislava International Film Festival<\/a> (November 11 \u2013 17, 2016) focuses on the city both as real and cinematic space, and brings on this topic a various film titles from all around the world. The festival does not leave behind the domestic titles as well, and prepares a colourful section Made in Slovakia.<\/strong><\/p>\n<p>The label section Topic: City, presenting a broad palette of films, ranging from popular stories about the life in the city to film essays to modern variations of urban symphony, a favorite genre of film avantgardists, features also a documentary essay by Martin Kollar <a href=\"https:\/\/sfu.sk\/en\/films\/5-october\/\" target=\"_blank\" rel=\"noopener\"><strong><em>5 October<\/em><\/strong><\/a>.<\/p>\n<p>Already mentioned sidebar Made in Slovakia presents feature films: <a href=\"https:\/\/sfu.sk\/en\/films\/peace-to-you-all\/\" target=\"_blank\" rel=\"noopener\"><strong><em>Peace to You All<\/em><\/strong><\/a> (dir. Juraj Mravec), <strong><em>Parlika\u00a0<\/em><\/strong>(dir. Sahraa Karimi), <a href=\"https:\/\/sfu.sk\/en\/films\/professional-foreigner\/\" target=\"_blank\" rel=\"noopener\"><strong><em>The Professional Foreigner<\/em><\/strong><\/a> (dir. Anna Gruskov\u00e1) and <a href=\"https:\/\/sfu.sk\/en\/films\/murderous-tales\/\" target=\"_blank\" rel=\"noopener\"><strong><em>Murderous Tales<\/em><\/strong><\/a> (dir. Jan Buben\u00ed\u010dek); and short films <strong><em>A Tall Tale<\/em><\/strong> (dir. Lucia Nimcov\u00e1), <strong><em>The Nest<\/em><\/strong> (dir. Krist\u00edna Leidenfrostov\u00e1) and <strong><em>Interviews<\/em><\/strong> (dir. Paula \u010eurinov\u00e1).<\/p>\n<p>The section also includes student films from Bratislava&#8217;s V\u0160MU: <strong><em>Chilli<\/em><\/strong> (dir. Martina Miku\u0161ov\u00e1), <strong><em>Mila Fog<\/em><\/strong> (dir. Marta Prokopov\u00e1), <strong><em>Occupation<\/em><\/strong> (dir. Martina Miku\u0161ov\u00e1), <strong><em>Perfect Burrow<\/em><\/strong> (dir. Lea Smitkov\u00e1), <strong><em>I Am Sorry<\/em><\/strong> (dir. Teodor Kuhn), <strong><em>Handstern<\/em><\/strong> (dir. Luk\u00e1\u0161 Fige\u013e), <strong><em>The Test<\/em><\/strong> (dir. Gregor Valentovi\u010d<strong><em>), [: \u201eIf we die tomorrow&#8230;\u201c :] S\u00e1ra, Emma and Images of Growing Up <\/em><\/strong>(dir. Lena Ku\u0161nierikov\u00e1); and Bansk\u00e1 Bystrica&#8217;s AKU: <strong><em>The Moments of Dreams<\/em><\/strong> (dir. Michal Ko\u010di\u0161), <strong><em>Mundi <\/em><\/strong>(d. Martin Malo), <strong><em>Nebojsa<\/em><\/strong> (dir. Jakub Gajdo\u0161), <strong><em>Trayeces<\/em><\/strong> (dir. Barbora Vaculov\u00e1), <strong><em>Alone<\/em><\/strong> (dir. Monika Va\u0161korov\u00e1).<\/p>\n<p>The programme does not forget about the little ones. At the occasion of the 60th broadcasting anniversary of the Radio and Television of Slovakia, the festival prepares screening for the youngest viewers (and their parents) in cooperation with the broadcaster and presents a bedtime series <strong><em>The Tots<\/em><\/strong> (dir. Vanda Ra\u00fdmanov\u00e1, Michal Struss) even before it appears on their TV screens.<\/p>\n<p>And last but not least<strong>, <\/strong>Martin Huba, one of the most accomplished Slovak actors of his generation, will receive the award for lifetime artistic achievement during a closing ceremony<\/p>\n<p>The Slovak members of the Festival Juries:<br \/>\nMonika Miku\u0161ov\u00e1 (Fiction Competition Jury)<br \/>\nViera \u010c\u00e1kanyov\u00e1 (Documentary Competition Jury)<br \/>\nN\u00f3ra Ru\u017ei\u010dkov\u00e1 (Shorts Competition Jury)<br \/>\nMat\u00fa\u0161 Kvasni\u010dka (FIPRESCI Jury)<br \/>\nNorbert Franko, Juraj Mydla, Adam Straka (student jury)<\/p>\n","protected":false},"excerpt":{"rendered":"<p>The 18th Bratislava International Film Festival (November 11 \u2013 17, 2016) focuses on the city both as real and cinematic space, and brings on this topic a various film titles from all around the world. The festival does not leave behind the domestic titles as well, and prepares a colourful section Made in Slovakia.<\/p>\n","protected":false},"featured_media":43639,"template":"","meta":{"_acf_changed":true,"inline_featured_image":false},"kategorie_noviniek":[1965,2038,2036,2037,2145,2151],"festival":[],"rok":[2169],"class_list":["post-37952","novinka","type-novinka","status-publish","has-post-thumbnail","hentry","kategorie_noviniek-aic","kategorie_noviniek-archive","kategorie_noviniek-english","kategorie_noviniek-news","kategorie_noviniek-prezentacia-en","kategorie_noviniek-slovak-cinema-at-home"],"acf":[],"_links":{"self":[{"href":"https:\/\/sfu.sk\/en\/wp-json\/wp\/v2\/novinka\/37952","targetHints":{"allow":["GET"]}}],"collection":[{"href":"https:\/\/sfu.sk\/en\/wp-json\/wp\/v2\/novinka"}],"about":[{"href":"https:\/\/sfu.sk\/en\/wp-json\/wp\/v2\/types\/novinka"}],"wp:featuredmedia":[{"embeddable":true,"href":"https:\/\/sfu.sk\/en\/wp-json\/wp\/v2\/media\/43639"}],"wp:attachment":[{"href":"https:\/\/sfu.sk\/en\/wp-json\/wp\/v2\/media?parent=37952"}],"wp:term":[{"taxonomy":"kategorie_noviniek","embeddable":true,"href":"https:\/\/sfu.sk\/en\/wp-json\/wp\/v2\/kategorie_noviniek?post=37952"},{"taxonomy":"festival","embeddable":true,"href":"https:\/\/sfu.sk\/en\/wp-json\/wp\/v2\/festival?post=37952"},{"taxonomy":"rok","embeddable":true,"href":"https:\/\/sfu.sk\/en\/wp-json\/wp\/v2\/rok?post=37952"}],"curies":[{"name":"wp","href":"https:\/\/api.w.org\/{rel}","templated":true}]}}

<p align="justify"><strong>The 18th <a href="http://www.bratislavaiff.sk/en/">Bratislava International Film Festival</a> (November 11 – 17, 2016) focuses on the city both as real and cinematic space, and brings on this topic a various film titles from all around the world. The festival does not leave behind the domestic titles as well, and prepares a colourful section Made in Slovakia.</strong></p>
<p>The label section Topic: City, presenting a broad palette of films, ranging from popular stories about the life in the city to film essays to modern variations of urban symphony, a favorite genre of film avantgardists, features also a documentary essay by Martin Kollar <a href="https://sfu.sk/en/films/5-october/" target="_blank" rel="noopener"><strong><em>5 October</em></strong></a>.</p>
<p>Already mentioned sidebar Made in Slovakia presents feature films: <a href="https://sfu.sk/en/films/peace-to-you-all/" target="_blank" rel="noopener"><strong><em>Peace to You All</em></strong></a> (dir. Juraj Mravec), <strong><em>Parlika </em></strong>(dir. Sahraa Karimi), <a href="https://sfu.sk/en/films/professional-foreigner/" target="_blank" rel="noopener"><strong><em>The Professional Foreigner</em></strong></a> (dir. Anna Grusková) and <a href="https://sfu.sk/en/films/murderous-tales/" target="_blank" rel="noopener"><strong><em>Murderous Tales</em></strong></a> (dir. Jan Bubeníček); and short films <strong><em>A Tall Tale</em></strong> (dir. Lucia Nimcová), <strong><em>The Nest</em></strong> (dir. Kristína Leidenfrostová) and <strong><em>Interviews</em></strong> (dir. Paula Ďurinová).</p>
<p>The section also includes student films from Bratislava&#8217;s VŠMU: <strong><em>Chilli</em></strong> (dir. Martina Mikušová), <strong><em>Mila Fog</em></strong> (dir. Marta Prokopová), <strong><em>Occupation</em></strong> (dir. Martina Mikušová), <strong><em>Perfect Burrow</em></strong> (dir. Lea Smitková), <strong><em>I Am Sorry</em></strong> (dir. Teodor Kuhn), <strong><em>Handstern</em></strong> (dir. Lukáš Figeľ), <strong><em>The Test</em></strong> (dir. Gregor Valentovič<strong><em>), [: „If we die tomorrow&#8230;“ :] Sára, Emma and Images of Growing Up </em></strong>(dir. Lena Kušnieriková); and Banská Bystrica&#8217;s AKU: <strong><em>The Moments of Dreams</em></strong> (dir. Michal Kočiš), <strong><em>Mundi </em></strong>(d. Martin Malo), <strong><em>Nebojsa</em></strong> (dir. Jakub Gajdoš), <strong><em>Trayeces</em></strong> (dir. Barbora Vaculová), <strong><em>Alone</em></strong> (dir. Monika Vaškorová).</p>
<p>The programme does not forget about the little ones. At the occasion of the 60th broadcasting anniversary of the Radio and Television of Slovakia, the festival prepares screening for the youngest viewers (and their parents) in cooperation with the broadcaster and presents a bedtime series <strong><em>The Tots</em></strong> (dir. Vanda Raýmanová, Michal Struss) even before it appears on their TV screens.</p>
<p>And last but not least<strong>, </strong>Martin Huba, one of the most accomplished Slovak actors of his generation, will receive the award for lifetime artistic achievement during a closing ceremony</p>
<p>The Slovak members of the Festival Juries:<br />
Monika Mikušová (Fiction Competition Jury)<br />
Viera Čákanyová (Documentary Competition Jury)<br />
Nóra Ružičková (Shorts Competition Jury)<br />
Matúš Kvasnička (FIPRESCI Jury)<br />
Norbert Franko, Juraj Mydla, Adam Straka (student jury)</p>
