{"id":37953,"date":"2016-11-11T10:43:00","date_gmt":"2016-11-11T09:43:00","guid":{"rendered":"https:\/\/sfu.sk\/?post_type=novinka&#038;p=37953"},"modified":"2025-08-12T16:02:03","modified_gmt":"2025-08-12T14:02:03","slug":"two-international-premieres-in-tallinn","status":"publish","type":"novinka","link":"https:\/\/sfu.sk\/en\/news\/two-international-premieres-in-tallinn\/","title":{"rendered":"Two international premieres in Tallinn"},"content":{"rendered":"<p align=\"justify\"><img decoding=\"async\" src=\"\/images\/AIC_foto\/festivaly_loga\/poff_logo_land_pos_EST.jpg\" alt=\"\" align=\"left\" class=\"table\" \/><strong><a href=\"https:\/\/poff.ee\/en\/about\/tallinn-black-nights-film-festival\/\" target=\"_blank\" rel=\"noopener\">The FF Black Nights Tallinn<\/a> (November 11 \u2013 27, 2016) opens its 20th edition! The festival traditionally presents Slovak films and this year is not an exception. Slovak films <a href=\"https:\/\/sfu.sk\/en\/films\/cerveny-kapitan\/\" target=\"_blank\" rel=\"noopener\"><em>The Red Captain<\/em><\/a> by Michal Koll\u00e1r and <em>Little Feather<\/em> by Lucia Klein Svoboda, Petr Klein Svoboda will be introduced here in the international premieres.<br \/>\n<\/strong><br \/>\nTallinn Black Nights Film Festival is a unique event combining a feature film festival with the sub-festivals of animated films, short films and children \/ youth films. The Slovak-Czech-Polish coproduction title <strong><em><a href=\"https:\/\/sfu.sk\/en\/films\/cerveny-kapitan\/\" target=\"_blank\" rel=\"noopener\">The Red Captain<\/a>\u00a0<\/em><\/strong>(dir. Michal Koll\u00e1r) vies in the First Feature Competition. The thriller set in the long hot summer of 1992 tells a story of detective Richard Krauz when he is handed a case of a mysterious body, found in the course of the reconstruction of a cemetery. The film will be introduced by Michal Koll\u00e1r, Anna Fif\u00edkov\u00e1, Jana K\u013eukov\u00e1, Michal K\u0159e\u010dek and Andrea Shaffer.<\/p>\n<p><a href=\"https:\/\/sfu.sk\/en\/films\/little-feather\/\" target=\"_blank\" rel=\"noopener\"><strong><em>Little Feather<\/em><\/strong><\/a> (dir. Lucia Klein Svoboda, Petr Klein Svoboda) will be screened in the sub-festival Just Film focusing on children \/ youth audiences. The debut film follows Martina, who is leaving a foster home in Eastern Slovakia as she has reached adulthood, and now she plans to live her dream life. But life waiting outside is not going to be easy at all.<\/p>\n<p>Industry@Tallinn &amp; Baltic Event, the event organized for film professionals in the framework of the festival, will host Peter Bebjak\u00b4s upcoming project <a href=\"https:\/\/sfu.sk\/en\/films\/the-line\/\" target=\"_blank\" rel=\"noopener\"><strong><em>The Line<\/em><\/strong><\/a> within the section Works in Progress.<\/p>\n","protected":false},"excerpt":{"rendered":"<p>The FF Black Nights Tallinn (Nov 11 -27, 2016) opens its 20th edition! The festival traditionally presents Slovak films and this year is not an exception. Slovak films The Red Captain by Michal Koll\u00e1r and Little Feather by Lucia Klein Svoboda, Petr Klein Svoboda will be introduced here in the international premieres.<\/p>\n","protected":false},"featured_media":43101,"template":"","meta":{"_acf_changed":true,"inline_featured_image":false},"kategorie_noviniek":[1965,2038,2036,2037,2145,2152],"festival":[],"rok":[2169],"class_list":["post-37953","novinka","type-novinka","status-publish","has-post-thumbnail","hentry","kategorie_noviniek-aic","kategorie_noviniek-archive","kategorie_noviniek-english","kategorie_noviniek-news","kategorie_noviniek-prezentacia-en","kategorie_noviniek-slovak-cinema-abroad"],"acf":[],"_links":{"self":[{"href":"https:\/\/sfu.sk\/en\/wp-json\/wp\/v2\/novinka\/37953","targetHints":{"allow":["GET"]}}],"collection":[{"href":"https:\/\/sfu.sk\/en\/wp-json\/wp\/v2\/novinka"}],"about":[{"href":"https:\/\/sfu.sk\/en\/wp-json\/wp\/v2\/types\/novinka"}],"wp:featuredmedia":[{"embeddable":true,"href":"https:\/\/sfu.sk\/en\/wp-json\/wp\/v2\/media\/43101"}],"wp:attachment":[{"href":"https:\/\/sfu.sk\/en\/wp-json\/wp\/v2\/media?parent=37953"}],"wp:term":[{"taxonomy":"kategorie_noviniek","embeddable":true,"href":"https:\/\/sfu.sk\/en\/wp-json\/wp\/v2\/kategorie_noviniek?post=37953"},{"taxonomy":"festival","embeddable":true,"href":"https:\/\/sfu.sk\/en\/wp-json\/wp\/v2\/festival?post=37953"},{"taxonomy":"rok","embeddable":true,"href":"https:\/\/sfu.sk\/en\/wp-json\/wp\/v2\/rok?post=37953"}],"curies":[{"name":"wp","href":"https:\/\/api.w.org\/{rel}","templated":true}]}}

<p align="justify"><img decoding="async" src="/images/AIC_foto/festivaly_loga/poff_logo_land_pos_EST.jpg" alt="" align="left" class="table" /><strong><a href="https://poff.ee/en/about/tallinn-black-nights-film-festival/" target="_blank" rel="noopener">The FF Black Nights Tallinn</a> (November 11 – 27, 2016) opens its 20th edition! The festival traditionally presents Slovak films and this year is not an exception. Slovak films <a href="https://sfu.sk/en/films/cerveny-kapitan/" target="_blank" rel="noopener"><em>The Red Captain</em></a> by Michal Kollár and <em>Little Feather</em> by Lucia Klein Svoboda, Petr Klein Svoboda will be introduced here in the international premieres.<br />
</strong><br />
Tallinn Black Nights Film Festival is a unique event combining a feature film festival with the sub-festivals of animated films, short films and children / youth films. The Slovak-Czech-Polish coproduction title <strong><em><a href="https://sfu.sk/en/films/cerveny-kapitan/" target="_blank" rel="noopener">The Red Captain</a> </em></strong>(dir. Michal Kollár) vies in the First Feature Competition. The thriller set in the long hot summer of 1992 tells a story of detective Richard Krauz when he is handed a case of a mysterious body, found in the course of the reconstruction of a cemetery. The film will be introduced by Michal Kollár, Anna Fifíková, Jana Kľuková, Michal Křeček and Andrea Shaffer.</p>
<p><a href="https://sfu.sk/en/films/little-feather/" target="_blank" rel="noopener"><strong><em>Little Feather</em></strong></a> (dir. Lucia Klein Svoboda, Petr Klein Svoboda) will be screened in the sub-festival Just Film focusing on children / youth audiences. The debut film follows Martina, who is leaving a foster home in Eastern Slovakia as she has reached adulthood, and now she plans to live her dream life. But life waiting outside is not going to be easy at all.</p>
<p>Industry@Tallinn &amp; Baltic Event, the event organized for film professionals in the framework of the festival, will host Peter Bebjak´s upcoming project <a href="https://sfu.sk/en/films/the-line/" target="_blank" rel="noopener"><strong><em>The Line</em></strong></a> within the section Works in Progress.</p>

<p>The FF Black Nights Tallinn (Nov 11 -27, 2016) opens its 20th edition! The festival traditionally presents Slovak films and this year is not an exception. Slovak films The Red Captain by Michal Kollár and Little Feather by Lucia Klein Svoboda, Petr Klein Svoboda will be introduced here in the international premieres.</p>
