{"id":37956,"date":"2016-10-05T09:43:00","date_gmt":"2016-10-05T07:43:00","guid":{"rendered":"https:\/\/sfu.sk\/?post_type=novinka&#038;p=37956"},"modified":"2025-08-12T12:48:58","modified_gmt":"2025-08-12T10:48:58","slug":"slovak-attendance-at-warsaw-film-festival","status":"publish","type":"novinka","link":"https:\/\/sfu.sk\/en\/news\/slovak-attendance-at-warsaw-film-festival\/","title":{"rendered":"Slovak attendance at Warsaw Film Festival"},"content":{"rendered":"<p align=\"justify\"><strong>The 32nd Warsaw Film Festival (October 7 \u2013 16, 2016) introduces Slovak films within both official and industry programme.<\/strong><\/p>\n<p>The official programme features three Slovak films, each in a different section.<br \/>\nIn a competition sidebar Free Spirit Competition\u00a0for independent, innovative and rebellious films is shown an animated omnibus <a href=\"https:\/\/sfu.sk\/en\/films\/murderous-tales\/\" target=\"_blank\" rel=\"noopener\"><strong><em>Murderous Tales<\/em><\/strong><\/a> (dir. J\u00e1n Buben\u00ed\u010dek).<br \/>\nFurther two films are screened out of competition. The Polish premiere awaits for <a href=\"https:\/\/sfu.sk\/en\/films\/the-teacher\/\" target=\"_blank\" rel=\"noopener\"><strong><em>The Teacher<\/em><\/strong><\/a> (dir. Jan H\u0159ebejk) within the Special Screening\u00a0section and <a href=\"https:\/\/sfu.sk\/en\/films\/5-october\/\" target=\"_blank\" rel=\"noopener\"><strong><em>5 October<\/em><\/strong><\/a> (dir. Martin Kollar) is introduced in the Discoveries<em>, <\/em>the section showcasing films from all over the worlddealing with contemporary subjects and which have been presented at film festivals abroad.<\/p>\n<p>The industry platform CentEast will host Peter Bebjak&#8217;s upcoming film <a href=\"https:\/\/sfu.sk\/en\/films\/the-line\/\" target=\"_blank\" rel=\"noopener\"><em><strong>The Line<\/strong><\/em> <\/a>within the Works-in-Progress presentation. The 12th CentEast Market is also launching a new networking event the Warsaw Meetings where you will have a chance to meet Slovak producers Wanda Adam\u00edk Hrycov\u00e1 (<a href=\"http:\/\/www.wandal.sk\/\" target=\"_blank\" rel=\"noopener\">Wandal Production<\/a>), Mari\u00e1n Urban (<a href=\"\/www.afm.sk\">ALEF FILM &amp; MEDIA<\/a>) and Zora Jaurov\u00e1 with M\u00e1ty\u00e1s Prikler (<a href=\"\/slovak-films\/19376.html\" target=\"_blank\" rel=\"noopener\">MPhilms<\/a>).<\/p>\n<p>Furthermore, Alexandra Gabri\u017eov\u00e1 and Zuzana Sot\u00e1kov\u00e1 take part\u00a0in the workshop for young and aspiring journalists and film critics FIPRESCI Warsaw Critics Project.<\/p>\n<p>More information at: <a href=\"http:\/\/www.wff.pl\/en\/\" target=\"_blank\" rel=\"noopener\">www.wff.pl\/en<\/a><\/p>\n","protected":false},"excerpt":{"rendered":"<p>The 32nd Warsaw Film Festival (October 7 \u2013 16, 2016) introduces Slovak films within both official and industry programme.<\/p>\n","protected":false},"featured_media":43206,"template":"","meta":{"_acf_changed":true,"inline_featured_image":false},"kategorie_noviniek":[1965,2038,2036,2037,2145,2152],"festival":[],"rok":[2169],"class_list":["post-37956","novinka","type-novinka","status-publish","has-post-thumbnail","hentry","kategorie_noviniek-aic","kategorie_noviniek-archive","kategorie_noviniek-english","kategorie_noviniek-news","kategorie_noviniek-prezentacia-en","kategorie_noviniek-slovak-cinema-abroad"],"acf":[],"_links":{"self":[{"href":"https:\/\/sfu.sk\/en\/wp-json\/wp\/v2\/novinka\/37956","targetHints":{"allow":["GET"]}}],"collection":[{"href":"https:\/\/sfu.sk\/en\/wp-json\/wp\/v2\/novinka"}],"about":[{"href":"https:\/\/sfu.sk\/en\/wp-json\/wp\/v2\/types\/novinka"}],"wp:featuredmedia":[{"embeddable":true,"href":"https:\/\/sfu.sk\/en\/wp-json\/wp\/v2\/media\/43206"}],"wp:attachment":[{"href":"https:\/\/sfu.sk\/en\/wp-json\/wp\/v2\/media?parent=37956"}],"wp:term":[{"taxonomy":"kategorie_noviniek","embeddable":true,"href":"https:\/\/sfu.sk\/en\/wp-json\/wp\/v2\/kategorie_noviniek?post=37956"},{"taxonomy":"festival","embeddable":true,"href":"https:\/\/sfu.sk\/en\/wp-json\/wp\/v2\/festival?post=37956"},{"taxonomy":"rok","embeddable":true,"href":"https:\/\/sfu.sk\/en\/wp-json\/wp\/v2\/rok?post=37956"}],"curies":[{"name":"wp","href":"https:\/\/api.w.org\/{rel}","templated":true}]}}

<p align="justify"><strong>The 32nd Warsaw Film Festival (October 7 – 16, 2016) introduces Slovak films within both official and industry programme.</strong></p>
<p>The official programme features three Slovak films, each in a different section.<br />
In a competition sidebar Free Spirit Competition for independent, innovative and rebellious films is shown an animated omnibus <a href="https://sfu.sk/en/films/murderous-tales/" target="_blank" rel="noopener"><strong><em>Murderous Tales</em></strong></a> (dir. Ján Bubeníček).<br />
Further two films are screened out of competition. The Polish premiere awaits for <a href="https://sfu.sk/en/films/the-teacher/" target="_blank" rel="noopener"><strong><em>The Teacher</em></strong></a> (dir. Jan Hřebejk) within the Special Screening section and <a href="https://sfu.sk/en/films/5-october/" target="_blank" rel="noopener"><strong><em>5 October</em></strong></a> (dir. Martin Kollar) is introduced in the Discoveries<em>, </em>the section showcasing films from all over the worlddealing with contemporary subjects and which have been presented at film festivals abroad.</p>
<p>The industry platform CentEast will host Peter Bebjak&#8217;s upcoming film <a href="https://sfu.sk/en/films/the-line/" target="_blank" rel="noopener"><em><strong>The Line</strong></em> </a>within the Works-in-Progress presentation. The 12th CentEast Market is also launching a new networking event the Warsaw Meetings where you will have a chance to meet Slovak producers Wanda Adamík Hrycová (<a href="http://www.wandal.sk/" target="_blank" rel="noopener">Wandal Production</a>), Marián Urban (<a href="/www.afm.sk">ALEF FILM &amp; MEDIA</a>) and Zora Jaurová with Mátyás Prikler (<a href="/slovak-films/19376.html" target="_blank" rel="noopener">MPhilms</a>).</p>
<p>Furthermore, Alexandra Gabrižová and Zuzana Sotáková take part in the workshop for young and aspiring journalists and film critics FIPRESCI Warsaw Critics Project.</p>
<p>More information at: <a href="http://www.wff.pl/en/" target="_blank" rel="noopener">www.wff.pl/en</a></p>
