{"id":37972,"date":"2017-01-13T10:44:00","date_gmt":"2017-01-13T09:44:00","guid":{"rendered":"https:\/\/sfu.sk\/?post_type=novinka&#038;p=37972"},"modified":"2025-08-12T16:55:33","modified_gmt":"2025-08-12T14:55:33","slug":"a-prominent-patient-by-julius-sevcik-in-berlinale-special","status":"publish","type":"novinka","link":"https:\/\/sfu.sk\/en\/news\/a-prominent-patient-by-julius-sevcik-in-berlinale-special\/","title":{"rendered":"A Prominent Patient by Julius \u0160ev\u010d\u00edk in Berlinale Special"},"content":{"rendered":"<p><strong>Julius \u0160ev\u010d\u00edk&#8217;s feature film <a href=\"https:\/\/sfu.sk\/en\/films\/a-prominent-patient\/\" target=\"_blank\" rel=\"noopener\"><em>A Prominent Patient<\/em><\/a> with the Czech actor Karel Roden as the main lead Jan Masaryk will be presented at Berlinale 2017 (February 9 \u2013 19, 2017) in its world premiere. The film was selected for the section Berlinale Special.<\/strong><\/p>\n<p>A drama inspired by the American period in life of Jan Masaryk, Czechoslovak diplomat and &#8220;a brave, honest, turbulent, and impulsive man&#8221; as described by journalist John Gunther. In 1939, after the infamous autumn events that Masaryk perceived as not only political and personal betrayal, but as the Ambassador of Czechoslovakia in London also as his failure, that for the next years erased Czechoslovakia from the maps. Now, with the help of Dr. Stein, an emigr\u00e9 German psychiatrist, and the writer Marcia Davenport, Masaryk tries to overcome his demons and re-live the dramatic events leading to the outbreak of the WW II.<\/p>\n<p><strong><em><a href=\"https:\/\/sfu.sk\/en\/films\/a-prominent-patient\/\" target=\"_blank\" rel=\"noopener\">A Prominent Patient<\/a>\u00a0<\/em><\/strong>was developed as a Czech-Slovak co-production with main producers being <a href=\"http:\/\/www.infilm.cz\/cs\/\" target=\"_blank\" rel=\"noopener\">IN Film Praha<\/a> (CZ)\u00a0and Rudolf Biermann (SK), and futher co-producers \u010cesk\u00e1 Televize (CZ), Rozhlas a telev\u00edzia Slovenska (SK) a ZDF\/ARTE (DE).<\/p>\n<p>Film was produced with the support of the <a href=\"http:\/\/www.avf.sk\/\" target=\"_blank\" rel=\"noopener\">Audiovisual Fund<\/a> (SK), <a href=\"https:\/\/www.fondkinematografie.cz\/\" target=\"_blank\" rel=\"noopener\">State Cinematography Fund<\/a> (CZ), Prague City Hall (CZ) and the City of Bratislava (SK).<\/p>\n","protected":false},"excerpt":{"rendered":"<p>Julius \u0160ev\u010d\u00edk&#8217;s feature film A Prominent Patient with Czech actor Karel Roden as the main lead Jan Masaryk will be presented at Berlinale 2017 (February 9 \u2013 19, 2017) in its world premiere. The film was selected for the section Berlinale Special.<\/p>\n","protected":false},"featured_media":30705,"template":"","meta":{"_acf_changed":false,"inline_featured_image":false},"kategorie_noviniek":[1965,2040,2036,2037,2145,2152],"festival":[],"rok":[2170],"class_list":["post-37972","novinka","type-novinka","status-publish","has-post-thumbnail","hentry","kategorie_noviniek-aic","kategorie_noviniek-berlinale-news","kategorie_noviniek-english","kategorie_noviniek-news","kategorie_noviniek-prezentacia-en","kategorie_noviniek-slovak-cinema-abroad"],"acf":[],"_links":{"self":[{"href":"https:\/\/sfu.sk\/en\/wp-json\/wp\/v2\/novinka\/37972","targetHints":{"allow":["GET"]}}],"collection":[{"href":"https:\/\/sfu.sk\/en\/wp-json\/wp\/v2\/novinka"}],"about":[{"href":"https:\/\/sfu.sk\/en\/wp-json\/wp\/v2\/types\/novinka"}],"wp:featuredmedia":[{"embeddable":true,"href":"https:\/\/sfu.sk\/en\/wp-json\/wp\/v2\/media\/30705"}],"wp:attachment":[{"href":"https:\/\/sfu.sk\/en\/wp-json\/wp\/v2\/media?parent=37972"}],"wp:term":[{"taxonomy":"kategorie_noviniek","embeddable":true,"href":"https:\/\/sfu.sk\/en\/wp-json\/wp\/v2\/kategorie_noviniek?post=37972"},{"taxonomy":"festival","embeddable":true,"href":"https:\/\/sfu.sk\/en\/wp-json\/wp\/v2\/festival?post=37972"},{"taxonomy":"rok","embeddable":true,"href":"https:\/\/sfu.sk\/en\/wp-json\/wp\/v2\/rok?post=37972"}],"curies":[{"name":"wp","href":"https:\/\/api.w.org\/{rel}","templated":true}]}}

A Prominent Patient by Julius Ševčík in Berlinale Special

<p><strong>Julius Ševčík&#8217;s feature film <a href="https://sfu.sk/en/films/a-prominent-patient/" target="_blank" rel="noopener"><em>A Prominent Patient</em></a> with the Czech actor Karel Roden as the main lead Jan Masaryk will be presented at Berlinale 2017 (February 9 – 19, 2017) in its world premiere. The film was selected for the section Berlinale Special.</strong></p>
<p>A drama inspired by the American period in life of Jan Masaryk, Czechoslovak diplomat and &#8220;a brave, honest, turbulent, and impulsive man&#8221; as described by journalist John Gunther. In 1939, after the infamous autumn events that Masaryk perceived as not only political and personal betrayal, but as the Ambassador of Czechoslovakia in London also as his failure, that for the next years erased Czechoslovakia from the maps. Now, with the help of Dr. Stein, an emigré German psychiatrist, and the writer Marcia Davenport, Masaryk tries to overcome his demons and re-live the dramatic events leading to the outbreak of the WW II.</p>
<p><strong><em><a href="https://sfu.sk/en/films/a-prominent-patient/" target="_blank" rel="noopener">A Prominent Patient</a> </em></strong>was developed as a Czech-Slovak co-production with main producers being <a href="http://www.infilm.cz/cs/" target="_blank" rel="noopener">IN Film Praha</a> (CZ) and Rudolf Biermann (SK), and futher co-producers Česká Televize (CZ), Rozhlas a televízia Slovenska (SK) a ZDF/ARTE (DE).</p>
<p>Film was produced with the support of the <a href="http://www.avf.sk/" target="_blank" rel="noopener">Audiovisual Fund</a> (SK), <a href="https://www.fondkinematografie.cz/" target="_blank" rel="noopener">State Cinematography Fund</a> (CZ), Prague City Hall (CZ) and the City of Bratislava (SK).</p>

<p>Julius Ševčík&#8217;s feature film A Prominent Patient with Czech actor Karel Roden as the main lead Jan Masaryk will be presented at Berlinale 2017 (February 9 – 19, 2017) in its world premiere. The film was selected for the section Berlinale Special.</p>
