{"id":38043,"date":"2021-05-09T14:29:00","date_gmt":"2021-05-09T12:29:00","guid":{"rendered":"https:\/\/sfu.sk\/?post_type=novinka&#038;p=38043"},"modified":"2025-09-09T16:15:24","modified_gmt":"2025-09-09T14:15:24","slug":"2021-sees-first-four-slovak-pop-up-projects","status":"publish","type":"novinka","link":"https:\/\/sfu.sk\/en\/news\/2021-sees-first-four-slovak-pop-up-projects\/","title":{"rendered":"2021 sees first four Slovak Pop Up projects"},"content":{"rendered":"<p><strong>The <a href=\"http:\/\/www.popupfilmresidency.org\/\" target=\"_blank\" rel=\"noopener\">Pop Up Film Residency<\/a> Bratislava has resumed its activities, including the Slovak Pop Up. In May, the iniciative accommodates three\u00a0more Slovak projects in development. First Slovak Pop Up took place already in April 2021.<\/strong><\/p>\n<p>From 10 \u2013 31 May 2021, the residency program dedicated to filmmakers with a film project in development holds <a href=\"https:\/\/www.popupfilmresidency.org\/2021\/05\/04\/pop-up-film-residency-visegrad\/\" target=\"_blank\" rel=\"noopener\">Pop Up Film Residency Visegrad<\/a> bringing to Bratislava filmmakers from the Czech Republic, Hungary, and Poland, that will each develop their respective film. Together with them, three Slovak projects will receive consultations from Helen Beltrame-Linn\u00e9, D\u00e9nes Nagy, or Michal Oleszczyk.<\/p>\n<p>From the submissions, the organizers selected<strong> <em><a href=\"https:\/\/sfu.sk\/en\/films\/my-world-upside-down\/\" target=\"_blank\" rel=\"noopener\">My World Upside Down<\/a><\/em> <\/strong>(Daniel Rih\u00e1k and J\u00e1n \u0160tiffel), <strong><em><a href=\"https:\/\/sfu.sk\/en\/films\/cowgirl\/\" target=\"_blank\" rel=\"noopener\">Cowgirl<\/a> <\/em><\/strong>(written by Jakub Medveck\u00fd), and <strong><em><a href=\"https:\/\/popupfilmresidency.org\/project\/visegrad-2021-borbala-nagy-nothing-to-see-here\/\" target=\"_blank\" rel=\"noopener\">Everything Will Be Fine<\/a><\/em><\/strong> (Hannah Espia-Farbov\u00e1).<\/p>\n<p>Together with <strong><em><a href=\"https:\/\/popupfilmresidency.org\/2021\/04\/09\/meet-the-first-slovak-pop-up-project-of-2021-kids\/\" target=\"_blank\" rel=\"noopener\">Kids<\/a> <\/em><\/strong>(Gregor Valentovi\u010d) consulted within the April residency orgnaized in partnership with Seamaine de la Critique Cannes&#8217;s NEXT STEP, that makes four promising Slovak projects.<\/p>\n<p><em>My World Upside Down<\/em><br \/>\ndirected by: Daniel Rih\u00e1k, written by D. Rih\u00e1k and J\u00e1n \u0160tiffel<\/p>\n<p>A comedy about a 12-year-old ardent altar boy Mi\u0161ko, living a normal life up to the moment when, as a result of a minor misunderstanding, the whole village starts to suspect him of being gay.<br \/>\nMentor: D\u00e9nes Nagy<\/p>\n<p><strong><em>Cowgirl<\/em><br \/>\n<\/strong>written by: Jakub Medveck\u00fd<\/p>\n<p>The story of a generational shift and the rebellion of children against the world of their parents. Inspired by actual events, it evolves around agricultural corruption in Slovakia, which ultimately has a decisive effect on our society.<br \/>\nMentor<strong>:<\/strong> Helen Beltrame-Linn\u00e9<\/p>\n<p><strong><em>Everything Will Be Fine<\/em><br \/>\n<\/strong>written and directed by Hannah Espia-Farbov\u00e1<\/p>\n<p>The filmmaker\u2019s a love letter to her 20s, Everything Will Be Fine is a story of a Filipina actress whose ambition is to write a script and who falls in love with a Slovak.<br \/>\nMentor: Michal Oleszczyk<\/p>\n<p><strong><em>Kids<\/em><\/strong><br \/>\nwritten and directed by Gregor Valentovi\u010d<\/p>\n<p>D\u00e1vid, Maja, Hana and Ba\u017eo\u00a0are 27 and are best friends since\u00a0grammar school. Life happens, and D\u00e1vid finds himself in a completely new, unknown territory. He embarks journey only to find out that not all the friendships are here to stay, that his life journey of an LGBTI person might be inherently different than of those who grew up with him, but especially to understand how to lead an authentic and fulfilled life of a truly adult person.<br \/>\n<em><strong>Mentor<\/strong><\/em>: Olmo Omerzu<\/p>\n<p>Partners of the Pop Up Film Residency are <a href=\"https:\/\/www.frisshusbudapest.com\/en\" target=\"_blank\" rel=\"noopener\">Friss H\u00fas Budapest Short IFF<\/a>, <a href=\"https:\/\/www.ji-hlava.com\/\" target=\"_blank\" rel=\"noopener\">Ji.hlava,IDFF<\/a>, and <a href=\"https:\/\/www.nowehoryzonty.pl\/\" target=\"_blank\" rel=\"noopener\">New Horizons IFF<\/a><br \/>\nPop Up Film Residency is financially supported by: <a href=\"https:\/\/www.visegradfund.org\/\" target=\"_blank\" rel=\"noopener\">Visegrad Fund<\/a>, <a href=\"http:\/\/www.avf.sk\/english_contemporary.aspx\" target=\"_blank\" rel=\"noopener\">Slovak Audiovisual Fund<\/a>, and <a href=\"https:\/\/www.goethe.de\/ins\/sk\/sk\/index.html\" target=\"_blank\" rel=\"noopener\">Goethe-Institut Bratislava<\/a><\/p>\n","protected":false},"excerpt":{"rendered":"<p>The Pop Up Film Residency Bratislava has resumed its activities, including the Slovak Pop Up. In May, the iniciative accommodates three\u00a0more Slovak projects in development. First Slovak Pop Up took place already in April 2021.<\/p>\n","protected":false},"featured_media":42238,"template":"","meta":{"_acf_changed":true,"inline_featured_image":false},"kategorie_noviniek":[1965,2038,2036,2037,2145,2151],"festival":[],"rok":[],"class_list":["post-38043","novinka","type-novinka","status-publish","has-post-thumbnail","hentry","kategorie_noviniek-aic","kategorie_noviniek-archive","kategorie_noviniek-english","kategorie_noviniek-news","kategorie_noviniek-prezentacia-en","kategorie_noviniek-slovak-cinema-at-home"],"acf":[],"_links":{"self":[{"href":"https:\/\/sfu.sk\/en\/wp-json\/wp\/v2\/novinka\/38043","targetHints":{"allow":["GET"]}}],"collection":[{"href":"https:\/\/sfu.sk\/en\/wp-json\/wp\/v2\/novinka"}],"about":[{"href":"https:\/\/sfu.sk\/en\/wp-json\/wp\/v2\/types\/novinka"}],"wp:featuredmedia":[{"embeddable":true,"href":"https:\/\/sfu.sk\/en\/wp-json\/wp\/v2\/media\/42238"}],"wp:attachment":[{"href":"https:\/\/sfu.sk\/en\/wp-json\/wp\/v2\/media?parent=38043"}],"wp:term":[{"taxonomy":"kategorie_noviniek","embeddable":true,"href":"https:\/\/sfu.sk\/en\/wp-json\/wp\/v2\/kategorie_noviniek?post=38043"},{"taxonomy":"festival","embeddable":true,"href":"https:\/\/sfu.sk\/en\/wp-json\/wp\/v2\/festival?post=38043"},{"taxonomy":"rok","embeddable":true,"href":"https:\/\/sfu.sk\/en\/wp-json\/wp\/v2\/rok?post=38043"}],"curies":[{"name":"wp","href":"https:\/\/api.w.org\/{rel}","templated":true}]}}

<p><strong>The <a href="http://www.popupfilmresidency.org/" target="_blank" rel="noopener">Pop Up Film Residency</a> Bratislava has resumed its activities, including the Slovak Pop Up. In May, the iniciative accommodates three more Slovak projects in development. First Slovak Pop Up took place already in April 2021.</strong></p>
<p>From 10 – 31 May 2021, the residency program dedicated to filmmakers with a film project in development holds <a href="https://www.popupfilmresidency.org/2021/05/04/pop-up-film-residency-visegrad/" target="_blank" rel="noopener">Pop Up Film Residency Visegrad</a> bringing to Bratislava filmmakers from the Czech Republic, Hungary, and Poland, that will each develop their respective film. Together with them, three Slovak projects will receive consultations from Helen Beltrame-Linné, Dénes Nagy, or Michal Oleszczyk.</p>
<p>From the submissions, the organizers selected<strong> <em><a href="https://sfu.sk/en/films/my-world-upside-down/" target="_blank" rel="noopener">My World Upside Down</a></em> </strong>(Daniel Rihák and Ján Štiffel), <strong><em><a href="https://sfu.sk/en/films/cowgirl/" target="_blank" rel="noopener">Cowgirl</a> </em></strong>(written by Jakub Medvecký), and <strong><em><a href="https://popupfilmresidency.org/project/visegrad-2021-borbala-nagy-nothing-to-see-here/" target="_blank" rel="noopener">Everything Will Be Fine</a></em></strong> (Hannah Espia-Farbová).</p>
<p>Together with <strong><em><a href="https://popupfilmresidency.org/2021/04/09/meet-the-first-slovak-pop-up-project-of-2021-kids/" target="_blank" rel="noopener">Kids</a> </em></strong>(Gregor Valentovič) consulted within the April residency orgnaized in partnership with Seamaine de la Critique Cannes&#8217;s NEXT STEP, that makes four promising Slovak projects.</p>
<p><em>My World Upside Down</em><br />
directed by: Daniel Rihák, written by D. Rihák and Ján Štiffel</p>
<p>A comedy about a 12-year-old ardent altar boy Miško, living a normal life up to the moment when, as a result of a minor misunderstanding, the whole village starts to suspect him of being gay.<br />
Mentor: Dénes Nagy</p>
<p><strong><em>Cowgirl</em><br />
</strong>written by: Jakub Medvecký</p>
<p>The story of a generational shift and the rebellion of children against the world of their parents. Inspired by actual events, it evolves around agricultural corruption in Slovakia, which ultimately has a decisive effect on our society.<br />
Mentor<strong>:</strong> Helen Beltrame-Linné</p>
<p><strong><em>Everything Will Be Fine</em><br />
</strong>written and directed by Hannah Espia-Farbová</p>
<p>The filmmaker’s a love letter to her 20s, Everything Will Be Fine is a story of a Filipina actress whose ambition is to write a script and who falls in love with a Slovak.<br />
Mentor: Michal Oleszczyk</p>
<p><strong><em>Kids</em></strong><br />
written and directed by Gregor Valentovič</p>
<p>Dávid, Maja, Hana and Bažo are 27 and are best friends since grammar school. Life happens, and Dávid finds himself in a completely new, unknown territory. He embarks journey only to find out that not all the friendships are here to stay, that his life journey of an LGBTI person might be inherently different than of those who grew up with him, but especially to understand how to lead an authentic and fulfilled life of a truly adult person.<br />
<em><strong>Mentor</strong></em>: Olmo Omerzu</p>
<p>Partners of the Pop Up Film Residency are <a href="https://www.frisshusbudapest.com/en" target="_blank" rel="noopener">Friss Hús Budapest Short IFF</a>, <a href="https://www.ji-hlava.com/" target="_blank" rel="noopener">Ji.hlava,IDFF</a>, and <a href="https://www.nowehoryzonty.pl/" target="_blank" rel="noopener">New Horizons IFF</a><br />
Pop Up Film Residency is financially supported by: <a href="https://www.visegradfund.org/" target="_blank" rel="noopener">Visegrad Fund</a>, <a href="http://www.avf.sk/english_contemporary.aspx" target="_blank" rel="noopener">Slovak Audiovisual Fund</a>, and <a href="https://www.goethe.de/ins/sk/sk/index.html" target="_blank" rel="noopener">Goethe-Institut Bratislava</a></p>
