{"id":38045,"date":"2017-11-09T15:23:00","date_gmt":"2017-11-09T14:23:00","guid":{"rendered":"https:\/\/sfu.sk\/?post_type=novinka&#038;p=38045"},"modified":"2025-08-18T17:34:39","modified_gmt":"2025-08-18T15:34:39","slug":"slovak-films-at-bratislava-iff-2017","status":"publish","type":"novinka","link":"https:\/\/sfu.sk\/en\/news\/slovak-films-at-bratislava-iff-2017\/","title":{"rendered":"Slovak films at Bratislava IFF 2017"},"content":{"rendered":"<p><img decoding=\"async\" src=\"\/files\/AIC-2017\/mff-bratislava.jpg\" alt=\"\" align=\"left\" class=\"table\" \/><strong>The International Film Festival Bratislava (November 9 \u2013 16, 2017) will again present a wide range of Slovak Films. Traditional section Made in Slovakia brings contemporary Slovak cinema to an international audience.<\/strong><\/p>\n<p>The full-length part of the section consists of two co-production feature films: <a href=\"https:\/\/sfu.sk\/en\/films\/the-white-world-according-to-daliborek\/\" target=\"_blank\" rel=\"noopener\"><em><strong>The White World According to Daliborek <\/strong><\/em><\/a>(dir. V\u00edt Klus\u00e1k) and <a href=\"https:\/\/sfu.sk\/en\/films\/garden-store-suitor\/\" target=\"_blank\" rel=\"noopener\"><strong><em>Garden Store: Suito<\/em>r<\/strong><\/a> (dir. Jan H\u0159ebejk). Third one is the medium-length documentary <em><strong>Varga<\/strong> <\/em>(dir. So\u0148a Maletzov\u00e1), which portrays the life of musician Mari\u00e1n Varga through archive images of his musical performances. Through various interpretations of one song in different periods of his lifetime, the film accurately depicts the iconic character of Slovak big beat generation.<\/p>\n<p>The core of the Made in Slovakia section consists of short films: <em><strong>China<\/strong> <\/em>(dir. Gregor Valentovi\u010d), <em><strong>Into the World<\/strong><\/em> (dir. Al\u017ebeta Hru\u0161ovsk\u00e1), <em><strong>Strawberry Days<\/strong><\/em> (dir. Eva Sekere\u0161ov\u00e1), <em><strong>J\u00fatub.com<\/strong><\/em> (dir. R\u00f3bert Bo\u0161e\u013ea), <em><strong>The Contrast<\/strong><\/em> (dir. Barbora B\u00e1rkov\u00e1), <em><strong>About My Sister <\/strong><\/em>(dir. Barbora Sliepkov\u00e1), <em><strong>De Luxe<\/strong><\/em> (dir. M\u00e1ria Pin\u010d\u00edkov\u00e1), <em><strong>Tutti<\/strong> <\/em>(dir. Marek Jasa\u0148), <em><strong>Dance Teacher<\/strong><\/em> (dir. Barbora Vaculov\u00e1), <em><strong>woMAN<\/strong> <\/em>(dir. Patr\u00edcia Gyenesov\u00e1) and <em><strong>Yours<\/strong> <\/em>(dir. Michal Fulier). The program also includes festival success <em><strong>Atlantis, 2003<\/strong><\/em> (dir. Michal Bla\u0161ko), first featured in the Cin\u00e9fondation section of Cannes IFF, as well as <em><strong>Magic Moments<\/strong><\/em> by Martina Buchelov\u00e1, world premiered in Short Cuts at Toronto IFF.<\/p>\n<p>Next to contemporary Slovak films, Bratislava IFF will also present older Slovak titles. Section Tribute: Bo\u017eidara Turzonov\u00e1 will bring the movie <em><strong>Penelope<\/strong> <\/em>(dir. \u0160tefan Uher) back on the big screen as will the section Lexicon: Screen Acting with<em> <strong>Our Daily Life<\/strong><\/em> (dir. Otakar Kriv\u00e1nek). Especially for children, the festival prepared section Junior: Bedtime Stories and the series <em><strong>The Tiniest Heroes<\/strong><\/em> (dir. Franti\u0161ek Juri\u0161i\u010d).<strong>\u00a0<\/strong><\/p>\n","protected":false},"excerpt":{"rendered":"<p>The International Film Festival Bratislava (November 9 \u2013 16, 2017) will again present a wide range of Slovak Films. Traditional section Made in Slovakia brings contemporary Slovak cinema to an international audience.<\/p>\n","protected":false},"featured_media":11052,"template":"","meta":{"_acf_changed":false,"inline_featured_image":false},"kategorie_noviniek":[1965,2038,2036,2037,2145,66],"festival":[],"rok":[],"class_list":["post-38045","novinka","type-novinka","status-publish","has-post-thumbnail","hentry","kategorie_noviniek-aic","kategorie_noviniek-archive","kategorie_noviniek-english","kategorie_noviniek-news","kategorie_noviniek-prezentacia-en","kategorie_noviniek-slovensky-film-doma"],"acf":[],"_links":{"self":[{"href":"https:\/\/sfu.sk\/en\/wp-json\/wp\/v2\/novinka\/38045","targetHints":{"allow":["GET"]}}],"collection":[{"href":"https:\/\/sfu.sk\/en\/wp-json\/wp\/v2\/novinka"}],"about":[{"href":"https:\/\/sfu.sk\/en\/wp-json\/wp\/v2\/types\/novinka"}],"wp:featuredmedia":[{"embeddable":true,"href":"https:\/\/sfu.sk\/en\/wp-json\/wp\/v2\/media\/11052"}],"wp:attachment":[{"href":"https:\/\/sfu.sk\/en\/wp-json\/wp\/v2\/media?parent=38045"}],"wp:term":[{"taxonomy":"kategorie_noviniek","embeddable":true,"href":"https:\/\/sfu.sk\/en\/wp-json\/wp\/v2\/kategorie_noviniek?post=38045"},{"taxonomy":"festival","embeddable":true,"href":"https:\/\/sfu.sk\/en\/wp-json\/wp\/v2\/festival?post=38045"},{"taxonomy":"rok","embeddable":true,"href":"https:\/\/sfu.sk\/en\/wp-json\/wp\/v2\/rok?post=38045"}],"curies":[{"name":"wp","href":"https:\/\/api.w.org\/{rel}","templated":true}]}}

<p><img decoding="async" src="/files/AIC-2017/mff-bratislava.jpg" alt="" align="left" class="table" /><strong>The International Film Festival Bratislava (November 9 – 16, 2017) will again present a wide range of Slovak Films. Traditional section Made in Slovakia brings contemporary Slovak cinema to an international audience.</strong></p>
<p>The full-length part of the section consists of two co-production feature films: <a href="https://sfu.sk/en/films/the-white-world-according-to-daliborek/" target="_blank" rel="noopener"><em><strong>The White World According to Daliborek </strong></em></a>(dir. Vít Klusák) and <a href="https://sfu.sk/en/films/garden-store-suitor/" target="_blank" rel="noopener"><strong><em>Garden Store: Suito</em>r</strong></a> (dir. Jan Hřebejk). Third one is the medium-length documentary <em><strong>Varga</strong> </em>(dir. Soňa Maletzová), which portrays the life of musician Marián Varga through archive images of his musical performances. Through various interpretations of one song in different periods of his lifetime, the film accurately depicts the iconic character of Slovak big beat generation.</p>
<p>The core of the Made in Slovakia section consists of short films: <em><strong>China</strong> </em>(dir. Gregor Valentovič), <em><strong>Into the World</strong></em> (dir. Alžbeta Hrušovská), <em><strong>Strawberry Days</strong></em> (dir. Eva Sekerešová), <em><strong>Jútub.com</strong></em> (dir. Róbert Bošeľa), <em><strong>The Contrast</strong></em> (dir. Barbora Bárková), <em><strong>About My Sister </strong></em>(dir. Barbora Sliepková), <em><strong>De Luxe</strong></em> (dir. Mária Pinčíková), <em><strong>Tutti</strong> </em>(dir. Marek Jasaň), <em><strong>Dance Teacher</strong></em> (dir. Barbora Vaculová), <em><strong>woMAN</strong> </em>(dir. Patrícia Gyenesová) and <em><strong>Yours</strong> </em>(dir. Michal Fulier). The program also includes festival success <em><strong>Atlantis, 2003</strong></em> (dir. Michal Blaško), first featured in the Cinéfondation section of Cannes IFF, as well as <em><strong>Magic Moments</strong></em> by Martina Buchelová, world premiered in Short Cuts at Toronto IFF.</p>
<p>Next to contemporary Slovak films, Bratislava IFF will also present older Slovak titles. Section Tribute: Božidara Turzonová will bring the movie <em><strong>Penelope</strong> </em>(dir. Štefan Uher) back on the big screen as will the section Lexicon: Screen Acting with<em> <strong>Our Daily Life</strong></em> (dir. Otakar Krivánek). Especially for children, the festival prepared section Junior: Bedtime Stories and the series <em><strong>The Tiniest Heroes</strong></em> (dir. František Jurišič).<strong> </strong></p>
