{"id":38066,"date":"2018-04-28T14:24:00","date_gmt":"2018-04-28T12:24:00","guid":{"rendered":"https:\/\/sfu.sk\/?post_type=novinka&#038;p=38066"},"modified":"2025-08-19T15:59:35","modified_gmt":"2025-08-19T13:59:35","slug":"anifilm-2018","status":"publish","type":"novinka","link":"https:\/\/sfu.sk\/en\/news\/anifilm-2018\/","title":{"rendered":"Slovak animation at Anifilm Trebo\u0148 2018"},"content":{"rendered":"<p><strong><a href=\"https:\/\/www.anifilm.cz\/en\" target=\"_blank\" rel=\"noopener\"><span style=\"color: #000000\">The I<\/span>nternational Festival of Animated Films Anifilm in T\u0159ebo\u0148<\/a>, Czech Republic (May 1 \u2013 6, 2018) will introduce work of multiple generations of Slovak animators. The festival will also host a <a href=\"http:\/\/visegradanimation.com\/en\/\" target=\"_blank\" rel=\"noopener\">Visegrad Animation Forum<\/a> platform for film professionals.<\/strong><\/p>\n<p><strong><a href=\"https:\/\/sfu.sk\/en\/films\/yellow\/\"><em>Yellow<\/em><\/a><\/strong>, a film by Ivana \u0160ebestov\u00e1, will compete within the International Competition of Short Films, only a few weeks before being part of the competition at the <a href=\"https:\/\/www.annecy.org\/home\" target=\"_blank\" rel=\"noopener\">Annecy International Animated Film Festival<\/a>. Young generation of Slovak animated film authors will be represented by two directors. International Competition of Student Films will introduce a papercut animation <strong><em>FOOD<\/em> <\/strong>(dir. Michaela Mih\u00e1lyiov\u00e1) and a pixilation <strong><em>Woo-Hoo!<\/em><\/strong> by D\u00e1vid \u0160tumpf will compete at Czech Horizon: Student Films competition.<\/p>\n<p>Accompanying programme will present 3D animated TV series for kids <strong><a href=\"https:\/\/sfu.sk\/en\/films\/the-websters-compilation-of-ep-1-6\/\"><em>The Websters <\/em><\/a><\/strong>(dir. Katar\u00edna Kerekesov\u00e1), winner of Slovak national film Award <a href=\"https:\/\/slnkovsieti.sk\/\" target=\"_blank\" rel=\"noopener\">The Sun in a Net <\/a>for Best Animation in 2017. In memoriam of Slovak actor Milan Labuda, festival will screen TV series <strong><em>Emil Pamp\u00fa\u0161ik<\/em><\/strong> (dir. Blanka \u0160perkov\u00e1) from 1990s.<\/p>\n<p><strong>Anifilm<\/strong> will also commemorate the 100th anniversary of founding of Czechoslovakia. The selection 100 years of the CSR consists of the sole film by Juraj Bindz\u00e1r <em>Eye<\/em>, animated music video <strong><em>The Song<\/em><\/strong> (dir. Jaroslava Havettov\u00e1) based on a song by Waldemar Matu\u0161ka and Helena Vondr\u00e1\u010dkov\u00e1, and digitally restored short animations by Viktor Kubal <strong><em>Chess<\/em> <\/strong>and <em><strong>The Idol<\/strong>. <strong>The Queues<\/strong><\/em> by Helena Slav\u00edkov\u00e1-Rabarov\u00e1 reflects on one of the features of living in socialist era, and <strong><em>The Last Stone<\/em><\/strong> (dir. J\u00falius Hu\u010dko) criticize the same epoch, mainly art censorship.<\/p>\n<p>The festival will also screen <strong><a href=\"https:\/\/sfu.sk\/en\/films\/insect\/\"><em>Insect<\/em><\/a><\/strong>, Slovak co-production by Jan \u0160vankmajer within the Taking Stock section.<\/p>\n<p>Visegrad Animation Forum with Slovak Participation (VAF)<br \/>\nAnifilm traditionally hosts <a href=\"http:\/\/visegradanimation.com\/\" target=\"_blank\" rel=\"noopener\">Visegrad Animation Forum<\/a>, film industry and market platform for film professionals focused on animation, with the aim to attract potential partners, producers, broadcasters and film distributors, and to assist in finding ways of financing shorts, animated features and TV series.<\/p>\n<p>Main Pitching competitions at VAF also include three Slovak projects in the official selection. <em><strong>Criss Cross<\/strong><\/em> by Nina Tur\u010danov\u00e1, the first Slovak embroidermation will be presented in Short Film category. <strong><em>KA-BOOM! <\/em><\/strong>(dir. Veronika Kocourkov\u00e1), Slovak representant in the Series\/TV specials category, explains natural phenomenons and disasters in stories designed for children. <strong><em>Of Unwanted Things and People<\/em><\/strong> is an upcoming coproduction of four directors, with the participation of Ivana Lau\u010d\u00edkov\u00e1.<\/p>\n<p>New Talents<em>, <\/em>the selection focusing on films by extraordinary talents with promising future careers, introduces <em><strong>Tutti<\/strong> <\/em>(dir. Marek Jasa\u0148) and <em><strong>Contrast<\/strong> <\/em>(dir. Barbora B\u00e1rkov\u00e1).<\/p>\n<p>Slovak participation at VAF is coordinated by the Slovak <a href=\"http:\/\/www.apaf.sk\/\" target=\"_blank\" rel=\"noopener\">Association of Animation Producers<\/a> (APAF).<\/p>\n<p>More information at:<br \/>\n<a href=\"http:\/\/www.anifilm.cz\/\" target=\"_blank\" rel=\"noopener\">http:\/\/www.anifilm.cz\/<\/a><br \/>\n<a href=\"http:\/\/www.visegradanimation.com\/\" target=\"_blank\" rel=\"noopener\">http:\/\/www.visegradanimation.com\/<\/a><\/p>\n","protected":false},"excerpt":{"rendered":"<p>The International Festival of Animated Films Anifilm in T\u0159ebo\u0148, Czech Republic (May 1 \u2013 6, 2018) will introduce work of multiple generations of Slovak animators. The festival will also host a Visegrad Animation Forum platform for film professionals.<\/p>\n","protected":false},"featured_media":42954,"template":"","meta":{"_acf_changed":false,"inline_featured_image":false},"kategorie_noviniek":[1965,2038,2036,2037,2145,2152],"festival":[],"rok":[],"class_list":["post-38066","novinka","type-novinka","status-publish","has-post-thumbnail","hentry","kategorie_noviniek-aic","kategorie_noviniek-archive","kategorie_noviniek-english","kategorie_noviniek-news","kategorie_noviniek-prezentacia-en","kategorie_noviniek-slovak-cinema-abroad"],"acf":[],"_links":{"self":[{"href":"https:\/\/sfu.sk\/en\/wp-json\/wp\/v2\/novinka\/38066","targetHints":{"allow":["GET"]}}],"collection":[{"href":"https:\/\/sfu.sk\/en\/wp-json\/wp\/v2\/novinka"}],"about":[{"href":"https:\/\/sfu.sk\/en\/wp-json\/wp\/v2\/types\/novinka"}],"wp:featuredmedia":[{"embeddable":true,"href":"https:\/\/sfu.sk\/en\/wp-json\/wp\/v2\/media\/42954"}],"wp:attachment":[{"href":"https:\/\/sfu.sk\/en\/wp-json\/wp\/v2\/media?parent=38066"}],"wp:term":[{"taxonomy":"kategorie_noviniek","embeddable":true,"href":"https:\/\/sfu.sk\/en\/wp-json\/wp\/v2\/kategorie_noviniek?post=38066"},{"taxonomy":"festival","embeddable":true,"href":"https:\/\/sfu.sk\/en\/wp-json\/wp\/v2\/festival?post=38066"},{"taxonomy":"rok","embeddable":true,"href":"https:\/\/sfu.sk\/en\/wp-json\/wp\/v2\/rok?post=38066"}],"curies":[{"name":"wp","href":"https:\/\/api.w.org\/{rel}","templated":true}]}}

Slovak animation at Anifilm Treboň 2018

<p><strong><a href="https://www.anifilm.cz/en" target="_blank" rel="noopener"><span style="color: #000000">The I</span>nternational Festival of Animated Films Anifilm in Třeboň</a>, Czech Republic (May 1 – 6, 2018) will introduce work of multiple generations of Slovak animators. The festival will also host a <a href="http://visegradanimation.com/en/" target="_blank" rel="noopener">Visegrad Animation Forum</a> platform for film professionals.</strong></p>
<p><strong><a href="https://sfu.sk/en/films/yellow/"><em>Yellow</em></a></strong>, a film by Ivana Šebestová, will compete within the International Competition of Short Films, only a few weeks before being part of the competition at the <a href="https://www.annecy.org/home" target="_blank" rel="noopener">Annecy International Animated Film Festival</a>. Young generation of Slovak animated film authors will be represented by two directors. International Competition of Student Films will introduce a papercut animation <strong><em>FOOD</em> </strong>(dir. Michaela Mihályiová) and a pixilation <strong><em>Woo-Hoo!</em></strong> by Dávid Štumpf will compete at Czech Horizon: Student Films competition.</p>
<p>Accompanying programme will present 3D animated TV series for kids <strong><a href="https://sfu.sk/en/films/the-websters-compilation-of-ep-1-6/"><em>The Websters </em></a></strong>(dir. Katarína Kerekesová), winner of Slovak national film Award <a href="https://slnkovsieti.sk/" target="_blank" rel="noopener">The Sun in a Net </a>for Best Animation in 2017. In memoriam of Slovak actor Milan Labuda, festival will screen TV series <strong><em>Emil Pampúšik</em></strong> (dir. Blanka Šperková) from 1990s.</p>
<p><strong>Anifilm</strong> will also commemorate the 100th anniversary of founding of Czechoslovakia. The selection 100 years of the CSR consists of the sole film by Juraj Bindzár <em>Eye</em>, animated music video <strong><em>The Song</em></strong> (dir. Jaroslava Havettová) based on a song by Waldemar Matuška and Helena Vondráčková, and digitally restored short animations by Viktor Kubal <strong><em>Chess</em> </strong>and <em><strong>The Idol</strong>. <strong>The Queues</strong></em> by Helena Slavíková-Rabarová reflects on one of the features of living in socialist era, and <strong><em>The Last Stone</em></strong> (dir. Július Hučko) criticize the same epoch, mainly art censorship.</p>
<p>The festival will also screen <strong><a href="https://sfu.sk/en/films/insect/"><em>Insect</em></a></strong>, Slovak co-production by Jan Švankmajer within the Taking Stock section.</p>
<p>Visegrad Animation Forum with Slovak Participation (VAF)<br />
Anifilm traditionally hosts <a href="http://visegradanimation.com/" target="_blank" rel="noopener">Visegrad Animation Forum</a>, film industry and market platform for film professionals focused on animation, with the aim to attract potential partners, producers, broadcasters and film distributors, and to assist in finding ways of financing shorts, animated features and TV series.</p>
<p>Main Pitching competitions at VAF also include three Slovak projects in the official selection. <em><strong>Criss Cross</strong></em> by Nina Turčanová, the first Slovak embroidermation will be presented in Short Film category. <strong><em>KA-BOOM! </em></strong>(dir. Veronika Kocourková), Slovak representant in the Series/TV specials category, explains natural phenomenons and disasters in stories designed for children. <strong><em>Of Unwanted Things and People</em></strong> is an upcoming coproduction of four directors, with the participation of Ivana Laučíková.</p>
<p>New Talents<em>, </em>the selection focusing on films by extraordinary talents with promising future careers, introduces <em><strong>Tutti</strong> </em>(dir. Marek Jasaň) and <em><strong>Contrast</strong> </em>(dir. Barbora Bárková).</p>
<p>Slovak participation at VAF is coordinated by the Slovak <a href="http://www.apaf.sk/" target="_blank" rel="noopener">Association of Animation Producers</a> (APAF).</p>
<p>More information at:<br />
<a href="http://www.anifilm.cz/" target="_blank" rel="noopener">http://www.anifilm.cz/</a><br />
<a href="http://www.visegradanimation.com/" target="_blank" rel="noopener">http://www.visegradanimation.com/</a></p>

<p>The International Festival of Animated Films Anifilm in Třeboň, Czech Republic (May 1 – 6, 2018) will introduce work of multiple generations of Slovak animators. The festival will also host a Visegrad Animation Forum platform for film professionals.</p>
