{"id":38097,"date":"2018-07-24T14:25:00","date_gmt":"2018-07-24T12:25:00","guid":{"rendered":"https:\/\/sfu.sk\/?post_type=novinka&#038;p=38097"},"modified":"2025-08-19T17:36:12","modified_gmt":"2025-08-19T15:36:12","slug":"summer-film-school-uherske-hradiste-2018","status":"publish","type":"novinka","link":"https:\/\/sfu.sk\/en\/news\/summer-film-school-uherske-hradiste-2018\/","title":{"rendered":"Summer Film School Uhersk\u00e9 Hradi\u0161te welcomes Slovak Films"},"content":{"rendered":"<p>Slovak audiovisual production is one of the essential programme elements of the <strong><a href=\"https:\/\/en.lfs.cz\/\" target=\"_blank\" rel=\"noopener\">Summer Film School Uhersk\u00e9 Hradi\u0161te<\/a><\/strong> (July 27 \u2013 August 5, 2018). Its 44th edition will present the latest Slovak films and co-productions, films from National Film Archive collection of the Slovak Film Institute and the work of talented film school students.<\/p>\n<p>New Film Releases will present the selection of Czech and Slovak film production of past 12 months. A directorial feature debut <a href=\"https:\/\/sfu.sk\/en\/films\/domestique\/\"><em><strong>Domestique<\/strong> <\/em><\/a>(dir. Adam Sedl\u00e1k), a road movie <strong><a href=\"https:\/\/sfu.sk\/en\/films\/winter-flies\/\"><em>Winter Flies<\/em><\/a><\/strong> (dir. Olmo Omerzu) and a family drama <a href=\"https:\/\/sfu.sk\/en\/films\/moments\/\"><em><strong>Moments<\/strong> <\/em><\/a>(dir. Beata Parkanov\u00e1) that after their world premieres at the 53rd Karlovy Vary IFF are among the most anticipated films of the festival. The section will also screen <strong><a href=\"https:\/\/sfu.sk\/en\/films\/the-interpreter\/\"><em>The Interpreter<\/em><\/a><\/strong> (dir. Martin \u0160ul\u00edk), <strong><a href=\"https:\/\/sfu.sk\/en\/films\/insect\/\"><em>Insect<\/em><\/a> <\/strong>(dir. Jan \u0160vankmajer), <strong><a href=\"https:\/\/sfu.sk\/en\/films\/intimate-enemy\/\"><em>Intimate Enemy<\/em><\/a><\/strong> (dir. Karel Jan\u00e1k) and black &amp; white version of <strong><a href=\"https:\/\/sfu.sk\/en\/films\/barefoot\/\"><em>Barefoot<\/em><\/a> <\/strong>(dir. Jan Sv\u011br\u00e1k). The 44th Summer Film School will close with world premiere of Robert Sedl\u00e1\u010dek\u2019s latest film <strong><a href=\"https:\/\/sfu.sk\/en\/films\/jan-palach\/\"><em>Jan Palach<\/em><\/a><\/strong>. This feature film is a reconstruction of the last months and weeks of the young student who sacrificed his life in 1969 in a protest against the Occupation of Czechoslovakia.<\/p>\n<p>Contemporary Slovak cinema will also be represented in the other programme sections. Open Air Cinema\/New Films with innogy will introduce <strong><em>Garden Store: Deserter<\/em><\/strong> and <strong><em>Garden Store: Suitor <\/em><\/strong>by Jan H\u0159ebejk. Central outdoor cinema venue on Masaryk Square will screen <strong><a href=\"https:\/\/sfu.sk\/en\/films\/barefoot\/\"><em>Barefoot<\/em><\/a> <\/strong>(dir. Jan Sv\u011br\u00e1k) and <strong><a href=\"https:\/\/sfu.sk\/en\/films\/backstage\/\"><em>Backstage<\/em><\/a> <\/strong>(dir. Andrea Sedl\u00e1\u010dkov\u00e1) too.<\/p>\n<p>Summer Film School Uhersk\u00e9 Hradi\u0161te will honor Meir Lubor Dohnal, Czechoslovak scriptwriter who co-worked on films by Elo Havetta, Juraj Jakubisko or Juraj Herz. On this special occasion festival will screen digitally restored films from the collection of National Film Archive of Slovak Film Institute <strong><a href=\"https:\/\/sfu.sk\/en\/eshop\/uncategorized\/the-prime-of-life\/\"><em>The Prime of Life<\/em><\/a><\/strong> (dir. Juraj Jakubisko), <strong><a href=\"https:\/\/sfu.sk\/en\/eshop\/uncategorized\/celebration-in-the-botanical-garden\/\"><em>Celebration in the Botanical Garden<\/em> <\/a><\/strong>(dir. Elo Havetta) and a tribute to director Elo Havetta<strong><em> Celebration of a Lonely Palm<\/em><\/strong> (dir. Marko \u0160kop, Juraj Johanides).<\/p>\n<p><em>S<\/em>election of the best student films from Czech and Slovak film schools Student Films will introduce short film <strong><a href=\"https:\/\/sfu.sk\/en\/films\/atlantis-2003\/\"><em>Atlantis, 2003<\/em><\/a> <\/strong>by Michal Bla\u0161ko and shorts by Martina Buchelov\u00e1 <strong><em>Magic Moments <\/em><\/strong>and <strong><em>Idiot<\/em><\/strong>.<\/p>\n<p><em>CinEd<\/em> will present <em>The Blue Tiger<\/em> (d. Petr Oukropec). By screening the Czech-Slovak film <em>Some Secrets<\/em> (d. Alice Nellis), the festival will pay a tribute to its special guest, actress Iva Jan\u017eurov\u00e1.<\/p>\n<p>Slovak and co-production documentaries will be represented by <strong><a href=\"https:\/\/sfu.sk\/en\/films\/the-lust-for-power\/\"><em>The Lust for Power <\/em><\/a><\/strong>(dir. Tereza Nvotov\u00e1) within ACFC Presents: Film Distribution section and <em>P.S.<\/em> section will introduce <strong><a href=\"https:\/\/sfu.sk\/en\/films\/circus-rwanda\/\"><em>Circus Rwanda<\/em><\/a><\/strong> (dir. Michal Varga). Short film <strong><em>M is for Malnutrition<\/em><\/strong> (dir. Peter Czikrai) will be screened within Horor Planet Dark section.<\/p>\n<p>During the Slovak Day (Tuesday, July 31), a discussion Inventory of Slovak Film will be held, in which scriptwriter Marek Le\u0161\u010d\u00e1k, Peter Kot (Film Distributors Union), Zuzana Mistr\u00edkov\u00e1 (Association of Independent Producers), director of the Slovak Audiovisual Fund Martin \u0160matl\u00e1k, film director Martin \u0160ul\u00edk, producer Marian Urban and film theorist Katar\u00edna Mi\u0161\u00edkov\u00e1 will talk about the topics such as financing of Slovak film production, audience attendance or the emerging generation of film professionals.<\/p>\n<p>On this day, books, publications, DVDs and Blu-rays from the editorial department of SFI will be sold at discounted prices in Kino Hv\u011bzda.<\/p>\n<p>The main organizer of Summer Film School Uhersk\u00e9 Hradi\u0161te is <a href=\"http:\/\/www.acfk.cz\/\" target=\"_blank\" rel=\"noopener\">Association of Czech Film Clubs<\/a> (ACFC). Presentation of Slovak audiovisual industry at the 44th SFS is secured by <a href=\"http:\/\/www.asfk.sk\/\" target=\"_blank\" rel=\"noopener\">Association of Slovak Film Clubs <\/a>(ASFC) and the Slovak Film Institute, with financial support of <a href=\"http:\/\/www.avf.sk\/en\" target=\"_blank\" rel=\"noopener\">Slovak Audiovisual Fund<\/a>.<\/p>\n<p>More information at: <a href=\"https:\/\/en.lfs.cz\/\">https:\/\/en.lfs.cz\/<\/a><\/p>\n","protected":false},"excerpt":{"rendered":"<p>Slovak audiovisual production is one of the essential programme elements of the Summer Film School Uhersk\u00e9 Hradi\u0161te (July 27 \u2013 August 5, 2018). Its 44th edition will present the latest Slovak films and co-productions, films from National Film Archive collection of Slovak Film Institute and the work of talented film school students.<\/p>\n","protected":false},"featured_media":42940,"template":"","meta":{"_acf_changed":false,"inline_featured_image":false},"kategorie_noviniek":[1965,2038,2036,2037,2145,2152],"festival":[],"rok":[],"class_list":["post-38097","novinka","type-novinka","status-publish","has-post-thumbnail","hentry","kategorie_noviniek-aic","kategorie_noviniek-archive","kategorie_noviniek-english","kategorie_noviniek-news","kategorie_noviniek-prezentacia-en","kategorie_noviniek-slovak-cinema-abroad"],"acf":[],"_links":{"self":[{"href":"https:\/\/sfu.sk\/en\/wp-json\/wp\/v2\/novinka\/38097","targetHints":{"allow":["GET"]}}],"collection":[{"href":"https:\/\/sfu.sk\/en\/wp-json\/wp\/v2\/novinka"}],"about":[{"href":"https:\/\/sfu.sk\/en\/wp-json\/wp\/v2\/types\/novinka"}],"wp:featuredmedia":[{"embeddable":true,"href":"https:\/\/sfu.sk\/en\/wp-json\/wp\/v2\/media\/42940"}],"wp:attachment":[{"href":"https:\/\/sfu.sk\/en\/wp-json\/wp\/v2\/media?parent=38097"}],"wp:term":[{"taxonomy":"kategorie_noviniek","embeddable":true,"href":"https:\/\/sfu.sk\/en\/wp-json\/wp\/v2\/kategorie_noviniek?post=38097"},{"taxonomy":"festival","embeddable":true,"href":"https:\/\/sfu.sk\/en\/wp-json\/wp\/v2\/festival?post=38097"},{"taxonomy":"rok","embeddable":true,"href":"https:\/\/sfu.sk\/en\/wp-json\/wp\/v2\/rok?post=38097"}],"curies":[{"name":"wp","href":"https:\/\/api.w.org\/{rel}","templated":true}]}}

Summer Film School Uherské Hradište welcomes Slovak Films

<p>Slovak audiovisual production is one of the essential programme elements of the <strong><a href="https://en.lfs.cz/" target="_blank" rel="noopener">Summer Film School Uherské Hradište</a></strong> (July 27 – August 5, 2018). Its 44th edition will present the latest Slovak films and co-productions, films from National Film Archive collection of the Slovak Film Institute and the work of talented film school students.</p>
<p>New Film Releases will present the selection of Czech and Slovak film production of past 12 months. A directorial feature debut <a href="https://sfu.sk/en/films/domestique/"><em><strong>Domestique</strong> </em></a>(dir. Adam Sedlák), a road movie <strong><a href="https://sfu.sk/en/films/winter-flies/"><em>Winter Flies</em></a></strong> (dir. Olmo Omerzu) and a family drama <a href="https://sfu.sk/en/films/moments/"><em><strong>Moments</strong> </em></a>(dir. Beata Parkanová) that after their world premieres at the 53rd Karlovy Vary IFF are among the most anticipated films of the festival. The section will also screen <strong><a href="https://sfu.sk/en/films/the-interpreter/"><em>The Interpreter</em></a></strong> (dir. Martin Šulík), <strong><a href="https://sfu.sk/en/films/insect/"><em>Insect</em></a> </strong>(dir. Jan Švankmajer), <strong><a href="https://sfu.sk/en/films/intimate-enemy/"><em>Intimate Enemy</em></a></strong> (dir. Karel Janák) and black &amp; white version of <strong><a href="https://sfu.sk/en/films/barefoot/"><em>Barefoot</em></a> </strong>(dir. Jan Svěrák). The 44th Summer Film School will close with world premiere of Robert Sedláček’s latest film <strong><a href="https://sfu.sk/en/films/jan-palach/"><em>Jan Palach</em></a></strong>. This feature film is a reconstruction of the last months and weeks of the young student who sacrificed his life in 1969 in a protest against the Occupation of Czechoslovakia.</p>
<p>Contemporary Slovak cinema will also be represented in the other programme sections. Open Air Cinema/New Films with innogy will introduce <strong><em>Garden Store: Deserter</em></strong> and <strong><em>Garden Store: Suitor </em></strong>by Jan Hřebejk. Central outdoor cinema venue on Masaryk Square will screen <strong><a href="https://sfu.sk/en/films/barefoot/"><em>Barefoot</em></a> </strong>(dir. Jan Svěrák) and <strong><a href="https://sfu.sk/en/films/backstage/"><em>Backstage</em></a> </strong>(dir. Andrea Sedláčková) too.</p>
<p>Summer Film School Uherské Hradište will honor Meir Lubor Dohnal, Czechoslovak scriptwriter who co-worked on films by Elo Havetta, Juraj Jakubisko or Juraj Herz. On this special occasion festival will screen digitally restored films from the collection of National Film Archive of Slovak Film Institute <strong><a href="https://sfu.sk/en/eshop/uncategorized/the-prime-of-life/"><em>The Prime of Life</em></a></strong> (dir. Juraj Jakubisko), <strong><a href="https://sfu.sk/en/eshop/uncategorized/celebration-in-the-botanical-garden/"><em>Celebration in the Botanical Garden</em> </a></strong>(dir. Elo Havetta) and a tribute to director Elo Havetta<strong><em> Celebration of a Lonely Palm</em></strong> (dir. Marko Škop, Juraj Johanides).</p>
<p><em>S</em>election of the best student films from Czech and Slovak film schools Student Films will introduce short film <strong><a href="https://sfu.sk/en/films/atlantis-2003/"><em>Atlantis, 2003</em></a> </strong>by Michal Blaško and shorts by Martina Buchelová <strong><em>Magic Moments </em></strong>and <strong><em>Idiot</em></strong>.</p>
<p><em>CinEd</em> will present <em>The Blue Tiger</em> (d. Petr Oukropec). By screening the Czech-Slovak film <em>Some Secrets</em> (d. Alice Nellis), the festival will pay a tribute to its special guest, actress Iva Janžurová.</p>
<p>Slovak and co-production documentaries will be represented by <strong><a href="https://sfu.sk/en/films/the-lust-for-power/"><em>The Lust for Power </em></a></strong>(dir. Tereza Nvotová) within ACFC Presents: Film Distribution section and <em>P.S.</em> section will introduce <strong><a href="https://sfu.sk/en/films/circus-rwanda/"><em>Circus Rwanda</em></a></strong> (dir. Michal Varga). Short film <strong><em>M is for Malnutrition</em></strong> (dir. Peter Czikrai) will be screened within Horor Planet Dark section.</p>
<p>During the Slovak Day (Tuesday, July 31), a discussion Inventory of Slovak Film will be held, in which scriptwriter Marek Leščák, Peter Kot (Film Distributors Union), Zuzana Mistríková (Association of Independent Producers), director of the Slovak Audiovisual Fund Martin Šmatlák, film director Martin Šulík, producer Marian Urban and film theorist Katarína Mišíková will talk about the topics such as financing of Slovak film production, audience attendance or the emerging generation of film professionals.</p>
<p>On this day, books, publications, DVDs and Blu-rays from the editorial department of SFI will be sold at discounted prices in Kino Hvězda.</p>
<p>The main organizer of Summer Film School Uherské Hradište is <a href="http://www.acfk.cz/" target="_blank" rel="noopener">Association of Czech Film Clubs</a> (ACFC). Presentation of Slovak audiovisual industry at the 44th SFS is secured by <a href="http://www.asfk.sk/" target="_blank" rel="noopener">Association of Slovak Film Clubs </a>(ASFC) and the Slovak Film Institute, with financial support of <a href="http://www.avf.sk/en" target="_blank" rel="noopener">Slovak Audiovisual Fund</a>.</p>
<p>More information at: <a href="https://en.lfs.cz/">https://en.lfs.cz/</a></p>

<p>Slovak audiovisual production is one of the essential programme elements of the Summer Film School Uherské Hradište (July 27 – August 5, 2018). Its 44th edition will present the latest Slovak films and co-productions, films from National Film Archive collection of Slovak Film Institute and the work of talented film school students.</p>
