{"id":38102,"date":"2018-09-10T14:25:00","date_gmt":"2018-09-10T12:25:00","guid":{"rendered":"https:\/\/sfu.sk\/?post_type=novinka&#038;p=38102"},"modified":"2025-08-20T10:26:16","modified_gmt":"2025-08-20T08:26:16","slug":"slovak-films-at-the-cinematik-2018","status":"publish","type":"novinka","link":"https:\/\/sfu.sk\/en\/news\/slovak-films-at-the-cinematik-2018\/","title":{"rendered":"Slovak films at the Cinematik 2018"},"content":{"rendered":"<p><strong>The spa town Pie\u0161\u0165any will welcome <a href=\"https:\/\/www.cinematik.sk\/en\/\" target=\"_blank\" rel=\"noopener\">International Film Festival Cinematik<\/a> (September 11 \u2013 16, 2018) for the 13th time! Every year, Cinematik picks one country of focus to introduce its films and filmmakers. This edition will be exploring the cinema of Norway, although many Slovak and co-production films will be presented as well. In the House and Cinematik.doc sections will screen 22 titles.<\/strong><\/p>\n<p>Non-competitive section In the House will introduce the selection of Slovak films of the last year and student films from two academies. The Academy of Performing Arts in Bratislava will be represented by short films <strong><em>Magic Moments<\/em><\/strong> (dir. Martina Buchelov\u00e1), <strong><em>43 Years of Bratislava Metro<\/em><\/strong> (d. Lucia Ka\u0161ov\u00e1), <strong><em>SelFish<\/em> <\/strong>(dir. Luk\u00e1\u0161 Fige\u013e), <strong><em>Yours<\/em> <\/strong>(dir. Michal Fulier) and<strong><em> I Want to Believe<\/em><\/strong> (dir. Mat\u00fa\u0161 Ry\u0161an). Festival audience will also have a chance to watch student films from Academy of Arts in Bansk\u00e1 Bystrica. The selection consists of<strong>\u00a0<\/strong><em><strong>This Is Where I Am Slovak<\/strong><\/em> (dir. Mat\u00fa\u0161 Chovanec)<em>,<\/em> <strong><em>(In)Visible Worlds<\/em><\/strong> (dir. Zuzana Hud\u00e1\u010dekov\u00e1), <strong><em>The Gamer<\/em><\/strong> (dir. Mat\u00fa\u0161 Mlen) and <strong><em>eL<\/em><\/strong> (dir. Sonia Gallo).<\/p>\n<p>Cinematik will host multiple world premieres. Co-production drama <strong><em>The Cellar <\/em><\/strong>by Igor Voloshin depicts estranged married couple who is dealing with the kidnap of their only child. The weeks are passing by and the police still has no clue so the father decides to take the law into his own hands. The protagonists of docudrama <em><strong>The Band<\/strong><\/em> (dir. Ladislav Kabo\u0161) are dealing with different kind of problems. The film depicts the birth of a band under the difficult conditions of a Roma settlement in Eastern Slovakia. The road to success they dream of is a strong inspiring story of desires and hope, filled with emotions, Roma music and kind humour.<\/p>\n<p>In the House section will also screen documentary <a href=\"https:\/\/sfu.sk\/en\/films\/occupation-1968\/\" target=\"_blank\" rel=\"noopener\"><strong><em>Occupation 1968<\/em><\/strong><\/a> (dir. Evdokia Moskvina, Linda Dombrovszky, Maria Elisa Scheidt, Magda Szymkow, Stephan Komandarev) produced by Peter Kerekes. The abandoned Machn\u00e1\u010d Sanatorium, one of the most remarkable buildings of the 20th century, is the main character of the short documentary <strong><em>Off Season<\/em><\/strong> by Andrea Kalinov\u00e1. 53rd Karlovy Vary IFF premiered Adam Sedl\u00e1k\u00b4s debut <a href=\"https:\/\/sfu.sk\/en\/films\/domestique\/\" target=\"_blank\" rel=\"noopener\"><strong><em>Domestique<\/em> <\/strong><\/a>is about top-level cyclist obsessed with victory that gradually leads to the destruction of his body and soul.<\/p>\n<p>Eight Slovak feature-lenght documentaries will compete in Cinematik.doc section. <a href=\"https:\/\/sfu.sk\/en\/films\/an-extra-something\/\" target=\"_blank\" rel=\"noopener\"><strong><em>An Extra Something<\/em><\/strong><\/a> (dir. Palo Kadle\u010d\u00edk, Martin \u0160enc) depicts the life of 13 years old Dorothy with Down Syndrome and her path to become an actress. <a href=\"https:\/\/sfu.sk\/en\/films\/crazy-against-the-nation\/\" target=\"_blank\" rel=\"noopener\"><strong><em>Crazy Against the Nation<\/em><\/strong><\/a> (dir. Adam Hanuljak) shows the story of Peter Kalmus, unique performer who is well-known in Slovakia thanks to his political activism. Political system is one of the common subjects reflected by Slovak documentaries as also by other competition films \u2013 <a href=\"https:\/\/sfu.sk\/en\/films\/valek\/\" target=\"_blank\" rel=\"noopener\"><strong><em>V\u00e1lek<\/em> <\/strong><\/a>(dir. Patrik Lan\u010dari\u010d) and <a href=\"https:\/\/sfu.sk\/en\/films\/the-lust-for-power\/\" target=\"_blank\" rel=\"noopener\"><strong><em>The Lust for Power<\/em><\/strong><\/a> (dir. Tereza Nvotov\u00e1). Another documentary that is observing work, opinions and attitude of the well-known persona is <strong><em>Elsewhere<\/em> <\/strong>(dir. Juraj Nvota, Marian Urban), which focuses on Slovak artist Alex Mlyn\u00e1r\u010dik. <a href=\"https:\/\/sfu.sk\/en\/films\/sad-languages\/\" target=\"_blank\" rel=\"noopener\"><strong><em>Sad Languages <\/em><\/strong><\/a>(dir. Anna Gruskov\u00e1) shows the unknown and suppressed stories and dramatic events of so-called Carpathian Germans in Slovakia. <a href=\"https:\/\/sfu.sk\/en\/films\/addicted-to-altitude\/\" target=\"_blank\" rel=\"noopener\"><em><strong>Addicted to Altitude<\/strong><\/em><\/a> (dir. Pavol Barab\u00e1\u0161) and <strong><em>The Last Self-Portrait <\/em><\/strong>(dir. Marek Kubo\u0161) complete the competition Cinematik.doc.<\/p>\n<p>An international seminar and workshop for documentary films <a href=\"https:\/\/doxinvitro.eu\/\" target=\"_blank\" rel=\"noopener\">DOX IN VITRO<\/a> (September 10 \u2013 11, 2018) is also a part of the festival.<\/p>\n","protected":false},"excerpt":{"rendered":"<p>The spa town Pie\u0161\u0165any will welcome International Film Festival Cinematik (September 11 \u2013 16, 2018) for the 13th time! Every year, Cinematik picks one country of focus to introduce its films and filmmakers. This edition will be exploring the cinema of Norway, although many Slovak and co-production films will be presented as well. In the House and Cinematik.doc sections will screen 22 titles.<\/p>\n","protected":false},"featured_media":42512,"template":"","meta":{"_acf_changed":false,"inline_featured_image":false},"kategorie_noviniek":[1965,2038,2036,2037,2145,2151],"festival":[],"rok":[],"class_list":["post-38102","novinka","type-novinka","status-publish","has-post-thumbnail","hentry","kategorie_noviniek-aic","kategorie_noviniek-archive","kategorie_noviniek-english","kategorie_noviniek-news","kategorie_noviniek-prezentacia-en","kategorie_noviniek-slovak-cinema-at-home"],"acf":[],"_links":{"self":[{"href":"https:\/\/sfu.sk\/en\/wp-json\/wp\/v2\/novinka\/38102","targetHints":{"allow":["GET"]}}],"collection":[{"href":"https:\/\/sfu.sk\/en\/wp-json\/wp\/v2\/novinka"}],"about":[{"href":"https:\/\/sfu.sk\/en\/wp-json\/wp\/v2\/types\/novinka"}],"wp:featuredmedia":[{"embeddable":true,"href":"https:\/\/sfu.sk\/en\/wp-json\/wp\/v2\/media\/42512"}],"wp:attachment":[{"href":"https:\/\/sfu.sk\/en\/wp-json\/wp\/v2\/media?parent=38102"}],"wp:term":[{"taxonomy":"kategorie_noviniek","embeddable":true,"href":"https:\/\/sfu.sk\/en\/wp-json\/wp\/v2\/kategorie_noviniek?post=38102"},{"taxonomy":"festival","embeddable":true,"href":"https:\/\/sfu.sk\/en\/wp-json\/wp\/v2\/festival?post=38102"},{"taxonomy":"rok","embeddable":true,"href":"https:\/\/sfu.sk\/en\/wp-json\/wp\/v2\/rok?post=38102"}],"curies":[{"name":"wp","href":"https:\/\/api.w.org\/{rel}","templated":true}]}}

<p><strong>The spa town Piešťany will welcome <a href="https://www.cinematik.sk/en/" target="_blank" rel="noopener">International Film Festival Cinematik</a> (September 11 – 16, 2018) for the 13th time! Every year, Cinematik picks one country of focus to introduce its films and filmmakers. This edition will be exploring the cinema of Norway, although many Slovak and co-production films will be presented as well. In the House and Cinematik.doc sections will screen 22 titles.</strong></p>
<p>Non-competitive section In the House will introduce the selection of Slovak films of the last year and student films from two academies. The Academy of Performing Arts in Bratislava will be represented by short films <strong><em>Magic Moments</em></strong> (dir. Martina Buchelová), <strong><em>43 Years of Bratislava Metro</em></strong> (d. Lucia Kašová), <strong><em>SelFish</em> </strong>(dir. Lukáš Figeľ), <strong><em>Yours</em> </strong>(dir. Michal Fulier) and<strong><em> I Want to Believe</em></strong> (dir. Matúš Ryšan). Festival audience will also have a chance to watch student films from Academy of Arts in Banská Bystrica. The selection consists of<strong> </strong><em><strong>This Is Where I Am Slovak</strong></em> (dir. Matúš Chovanec)<em>,</em> <strong><em>(In)Visible Worlds</em></strong> (dir. Zuzana Hudáčeková), <strong><em>The Gamer</em></strong> (dir. Matúš Mlen) and <strong><em>eL</em></strong> (dir. Sonia Gallo).</p>
<p>Cinematik will host multiple world premieres. Co-production drama <strong><em>The Cellar </em></strong>by Igor Voloshin depicts estranged married couple who is dealing with the kidnap of their only child. The weeks are passing by and the police still has no clue so the father decides to take the law into his own hands. The protagonists of docudrama <em><strong>The Band</strong></em> (dir. Ladislav Kaboš) are dealing with different kind of problems. The film depicts the birth of a band under the difficult conditions of a Roma settlement in Eastern Slovakia. The road to success they dream of is a strong inspiring story of desires and hope, filled with emotions, Roma music and kind humour.</p>
<p>In the House section will also screen documentary <a href="https://sfu.sk/en/films/occupation-1968/" target="_blank" rel="noopener"><strong><em>Occupation 1968</em></strong></a> (dir. Evdokia Moskvina, Linda Dombrovszky, Maria Elisa Scheidt, Magda Szymkow, Stephan Komandarev) produced by Peter Kerekes. The abandoned Machnáč Sanatorium, one of the most remarkable buildings of the 20th century, is the main character of the short documentary <strong><em>Off Season</em></strong> by Andrea Kalinová. 53rd Karlovy Vary IFF premiered Adam Sedlák´s debut <a href="https://sfu.sk/en/films/domestique/" target="_blank" rel="noopener"><strong><em>Domestique</em> </strong></a>is about top-level cyclist obsessed with victory that gradually leads to the destruction of his body and soul.</p>
<p>Eight Slovak feature-lenght documentaries will compete in Cinematik.doc section. <a href="https://sfu.sk/en/films/an-extra-something/" target="_blank" rel="noopener"><strong><em>An Extra Something</em></strong></a> (dir. Palo Kadlečík, Martin Šenc) depicts the life of 13 years old Dorothy with Down Syndrome and her path to become an actress. <a href="https://sfu.sk/en/films/crazy-against-the-nation/" target="_blank" rel="noopener"><strong><em>Crazy Against the Nation</em></strong></a> (dir. Adam Hanuljak) shows the story of Peter Kalmus, unique performer who is well-known in Slovakia thanks to his political activism. Political system is one of the common subjects reflected by Slovak documentaries as also by other competition films – <a href="https://sfu.sk/en/films/valek/" target="_blank" rel="noopener"><strong><em>Válek</em> </strong></a>(dir. Patrik Lančarič) and <a href="https://sfu.sk/en/films/the-lust-for-power/" target="_blank" rel="noopener"><strong><em>The Lust for Power</em></strong></a> (dir. Tereza Nvotová). Another documentary that is observing work, opinions and attitude of the well-known persona is <strong><em>Elsewhere</em> </strong>(dir. Juraj Nvota, Marian Urban), which focuses on Slovak artist Alex Mlynárčik. <a href="https://sfu.sk/en/films/sad-languages/" target="_blank" rel="noopener"><strong><em>Sad Languages </em></strong></a>(dir. Anna Grusková) shows the unknown and suppressed stories and dramatic events of so-called Carpathian Germans in Slovakia. <a href="https://sfu.sk/en/films/addicted-to-altitude/" target="_blank" rel="noopener"><em><strong>Addicted to Altitude</strong></em></a> (dir. Pavol Barabáš) and <strong><em>The Last Self-Portrait </em></strong>(dir. Marek Kuboš) complete the competition Cinematik.doc.</p>
<p>An international seminar and workshop for documentary films <a href="https://doxinvitro.eu/" target="_blank" rel="noopener">DOX IN VITRO</a> (September 10 – 11, 2018) is also a part of the festival.</p>

<p>The spa town Piešťany will welcome International Film Festival Cinematik (September 11 – 16, 2018) for the 13th time! Every year, Cinematik picks one country of focus to introduce its films and filmmakers. This edition will be exploring the cinema of Norway, although many Slovak and co-production films will be presented as well. In the House and Cinematik.doc sections will screen 22 titles.</p>
