{"id":38103,"date":"2018-09-12T14:25:00","date_gmt":"2018-09-12T12:25:00","guid":{"rendered":"https:\/\/sfu.sk\/?post_type=novinka&#038;p=38103"},"modified":"2025-08-20T10:39:16","modified_gmt":"2025-08-20T08:39:16","slug":"6th-czech-and-slovak-film-festival-of-australia","status":"publish","type":"novinka","link":"https:\/\/sfu.sk\/en\/news\/6th-czech-and-slovak-film-festival-of-australia\/","title":{"rendered":"6th Czech and Slovak Film Festival of Australia"},"content":{"rendered":"<p><strong>This year the 6th <a href=\"\/www.casffa.com.au\/\">Czech and Slovak Film Festival of Australia<\/a> embraces the theme of \u201cSpring\u201d \u2013 the symbol of a fresh start \u2013 and commemorates several notable Czech and Slovak anniversaries.<\/strong><\/p>\n<p>The most significant of these are undoubtedly the centenary of The Czechoslovakia independent declaration and a half century since the Prague Spring, a short period of political liberalisation in Czechoslovakia. On this special occasion, festival will bring a programme that reflects history of the former country, successful contemporary cinema and short documentaries to the audience of Melbourne (September 12 \u2013 26, 2018) and Canberra (October 18 \u2013 21, 2018).<\/p>\n<p><a href=\"https:\/\/sfu.sk\/en\/eshop\/uncategorized\/2dvd-august-68-november-89\/\" target=\"_blank\" rel=\"noopener\"><strong><em>Black Days<\/em> <\/strong><\/a>by four directors (dir. Ladislav Kudelka, Milan \u010cern\u00e1k, \u0160tefan Kamenick\u00fd a Ctibor Kov\u00e1\u010d), compilation of archival footage, is a telling of the events of August 1968 from a distinctly Slovak perspective. Another films from National Film Archive collection of the Slovak Film Institute are <a href=\"https:\/\/sfu.sk\/en\/eshop\/uncategorized\/celebration-in-the-botanical-garden\/\" target=\"_blank\" rel=\"noopener\"><strong><em>Celebration in the Botanical Garden<\/em><\/strong><\/a>, debut by Elo Havetta and <a href=\"https:\/\/sfu.sk\/en\/eshop\/uncategorized\/322\/\" target=\"_blank\" rel=\"noopener\"><strong><em>322<\/em> <\/strong><\/a>(dir. Du\u0161an Han\u00e1k), free-associative mosaic of late 1960s society.<\/p>\n<p>The Australian audience will also have a chance to get to know more about contemporary Slovak and co-production cinema. Wide range of topics and genres will be shown in film selection that consists of drama about man in his fifties who lost his job <strong><em>OUT<\/em> <\/strong>(dir. Gy\u00f6rgy Krist\u00f3f), charming comedic drama set during the final days of World War II <a href=\"https:\/\/sfu.sk\/en\/films\/barefoot\/\" target=\"_blank\" rel=\"noopener\"><strong><em>Barefoot<\/em> <\/strong><\/a>(dir. Jan Sv\u011br\u00e1k) and the Main Competition title from Karlovy Vary 2018 <a href=\"https:\/\/sfu.sk\/en\/films\/domestique\/\" target=\"_blank\" rel=\"noopener\"><strong><em>Domestique<\/em><\/strong><\/a>, debut by Adam Sedl\u00e1k. The festival has prepared screenings for younger generation as well. Latest film by Andrea Sedl\u00e1\u010dkov\u00e1 <a href=\"https:\/\/sfu.sk\/en\/films\/backstage\/\" target=\"_blank\" rel=\"noopener\"><strong><em>Backstage<\/em> <\/strong><\/a>is a dance film full of passion, music, energy both about and for young preople. Families with children will have a good time by watching <a href=\"https:\/\/sfu.sk\/en\/films\/oddsockeaters\/\" target=\"_blank\" rel=\"noopener\"><strong><em>The Oddsockeaters<\/em> <\/strong><\/a>by Galina Mikl\u00ednov\u00e1, highly entertaining animated feature about small creatures who live alongside humans and are responsible for the socks that go missing when we only have one left from a pair \u2013 the odd sock.<\/p>\n<p>Two shorts will be presented at the festival &#8211; collage of memories, still photography and narration <em><strong>Prysia&#8217;s<\/strong> <strong>Garden<\/strong><\/em> by Mi\u0161o Such\u00fd and the mockumentary about Czech phenomenon <strong><em>Sandwiches \u2013 the Czech Treasure<\/em><\/strong> by M\u00e1ria Pin\u010d\u00edkov\u00e1.<\/p>\n<p>Czech and Slovak Film Festival of Australia is organized by <a href=\"http:\/\/casffa.com.au\/\" target=\"_blank\" rel=\"noopener\">Czech and Slovak Film Festival of Australia<\/a> (CaSFFA) and <a href=\"https:\/\/www.iksimafilms.com.au\/\" target=\"_blank\" rel=\"noopener\">IKSIMA Films<\/a>. Presentation of the Slovak cinema is financially supported by <a href=\"http:\/\/www.avf.sk\/english.aspx\" target=\"_blank\" rel=\"noopener\">Slovak Audiovisual Fund<\/a>, <a href=\"http:\/\/www.uszz.sk\/sk\/\" target=\"_blank\" rel=\"noopener\">\u00darad pre Slov\u00e1kov \u017eij\u00facich v zahrani\u010d\u00ed<\/a> and covered by production company <a href=\"http:\/\/www.arinafilm.sk\/\" target=\"_blank\" rel=\"noopener\">ARINA<\/a> and the Slovak Film Institute. The partners of the festival are the <a href=\"https:\/\/www.mzv.sk\/web\/canberra-en\" target=\"_blank\" rel=\"noopener\">Embassy of the Slovak Republic in Australia<\/a> (Canberra), the <a href=\"https:\/\/www.mzv.sk\/web\/en\" target=\"_blank\" rel=\"noopener\">Ministry of Foreign and European Affairs of the Slovak Republic<\/a> and the <a href=\"http:\/\/www.vsmu.sk\/en\/\" target=\"_blank\" rel=\"noopener\">Academy of Performing Arts<\/a> in Bratislava.<\/p>\n<p>Programme of the Slovak films at the festival:<\/p>\n<p>Melbourne &#8211; September 12 \u2013 26, 2018, Australian Centre for the Moving Image (ACMI)<br \/>\n<strong><em>The Oddsockeaters<\/em><\/strong> | September 15 | Saturday | 14.30<br \/>\n<i><strong>OUT<\/strong> <\/i>| September 15 | Saturday | 16.40<br \/>\n<strong><em>Prysia&#8217;s Garden + Celebration in the Botanical Garden<\/em><\/strong> | September 15 | Saturday | 18.40<br \/>\n<strong><em>Barefoot<\/em> <\/strong>| September 15 | Saturday | 20.45<br \/>\n<strong><em>322\u00a0<\/em><\/strong>| September 16 | Sunday | 17.15<br \/>\n<em><strong>Black Days + Oratorio for Prague + TGM The Liberator<\/strong><\/em> | September 18 | Tuesday | 18.15<br \/>\n<em><strong>Backstage <\/strong><\/em>| September 20 | Thursday | 18.15<br \/>\n<strong><em>Sandwiches \u2013 the Czech Treasure + Bear with Us<\/em><\/strong> | September 21 | Friday | 18.30<br \/>\n<strong><em>Domestique<\/em> <\/strong>| September 21 | Friday | 20.45<\/p>\n<p>Canberra &#8211; October 18 \u2013 21, 2018, Arc Cinema, National Film and Sound Archive of Australia<br \/>\n<strong><em>Domestique<\/em> <\/strong>| October 19 | Friday | 20.15<br \/>\n<strong><em>The Oddsockeaters<\/em><\/strong> | October 20 | Saturday | 12.30<br \/>\n<strong><em>Prysia&#8217;s Garden + Celebration in the Botanical Garden<\/em> <\/strong>| October 20 | Saturday | 14.30<br \/>\n<strong><em>Barefoot\u00a0<\/em><\/strong>| October 20 | Saturday | 16.30<br \/>\n<i><strong>OUT<\/strong> <\/i>| October 21 | Sunday | 12.15<\/p>\n<p>More information at:<\/p>\n<p><a href=\"\/www.casffa.com.au\/\" target=\"_blank\" rel=\"noopener\">www.casffa.com.au\/<\/a><br \/>\n<a href=\"http:\/\/www.iksimafilms.com.au\/\" target=\"_blank\" rel=\"noopener\">www.iksimafilms.com.au\/<\/a><\/p>\n<p><strong>Related articles<\/strong>:<br \/>\n<a href=\"\/aic\/en\/news\/archive\/6thCaSFFA.html\" target=\"_blank\" rel=\"noopener\">2017: Slovak Films Again in Australia<\/a><br \/>\n<a href=\"\/aic\/en\/news\/archive\/the-czech-and-slovak-film-festival-of-australia-2016.html\" target=\"_blank\" rel=\"noopener\">2016: The Czech and Slovak Film Festival of Australia 2016<\/a><br \/>\n<a href=\"\/aic\/en\/news\/archive\/the-czech-and-slovak-film-festival-of-australia-continues.html\" target=\"_blank\" rel=\"noopener\">2015: The Czech and Slovak Film Festival of Australia continues!<\/a><br \/>\n<a href=\"\/aic\/en\/news\/archive\/slovak-films-to-Australia2015.html\" target=\"_blank\" rel=\"noopener\">2015: Slovak Films Visiting Australia<\/a><br \/>\n<a href=\"\/aic\/sk\/doma\/archiv\/casffa-melbourne-sydney.html\" target=\"_blank\" rel=\"noopener\">2014: Czech and Slovak Film Festival in Melbourne &amp; Sydney<\/a><\/p>\n","protected":false},"excerpt":{"rendered":"<p>This year the 6th Czech and Slovak Film Festival of Australia embraces the theme of \u201cSpring\u201d \u2013 the symbol of a fresh start \u2013 and commemorates several notable Czech and Slovak anniversaries.<\/p>\n","protected":false},"featured_media":39248,"template":"","meta":{"_acf_changed":false,"inline_featured_image":false},"kategorie_noviniek":[1965,2038,2036,2037,2145,2152],"festival":[],"rok":[],"class_list":["post-38103","novinka","type-novinka","status-publish","has-post-thumbnail","hentry","kategorie_noviniek-aic","kategorie_noviniek-archive","kategorie_noviniek-english","kategorie_noviniek-news","kategorie_noviniek-prezentacia-en","kategorie_noviniek-slovak-cinema-abroad"],"acf":[],"_links":{"self":[{"href":"https:\/\/sfu.sk\/en\/wp-json\/wp\/v2\/novinka\/38103","targetHints":{"allow":["GET"]}}],"collection":[{"href":"https:\/\/sfu.sk\/en\/wp-json\/wp\/v2\/novinka"}],"about":[{"href":"https:\/\/sfu.sk\/en\/wp-json\/wp\/v2\/types\/novinka"}],"wp:featuredmedia":[{"embeddable":true,"href":"https:\/\/sfu.sk\/en\/wp-json\/wp\/v2\/media\/39248"}],"wp:attachment":[{"href":"https:\/\/sfu.sk\/en\/wp-json\/wp\/v2\/media?parent=38103"}],"wp:term":[{"taxonomy":"kategorie_noviniek","embeddable":true,"href":"https:\/\/sfu.sk\/en\/wp-json\/wp\/v2\/kategorie_noviniek?post=38103"},{"taxonomy":"festival","embeddable":true,"href":"https:\/\/sfu.sk\/en\/wp-json\/wp\/v2\/festival?post=38103"},{"taxonomy":"rok","embeddable":true,"href":"https:\/\/sfu.sk\/en\/wp-json\/wp\/v2\/rok?post=38103"}],"curies":[{"name":"wp","href":"https:\/\/api.w.org\/{rel}","templated":true}]}}

<p><strong>This year the 6th <a href="/www.casffa.com.au/">Czech and Slovak Film Festival of Australia</a> embraces the theme of “Spring” – the symbol of a fresh start – and commemorates several notable Czech and Slovak anniversaries.</strong></p>
<p>The most significant of these are undoubtedly the centenary of The Czechoslovakia independent declaration and a half century since the Prague Spring, a short period of political liberalisation in Czechoslovakia. On this special occasion, festival will bring a programme that reflects history of the former country, successful contemporary cinema and short documentaries to the audience of Melbourne (September 12 – 26, 2018) and Canberra (October 18 – 21, 2018).</p>
<p><a href="https://sfu.sk/en/eshop/uncategorized/2dvd-august-68-november-89/" target="_blank" rel="noopener"><strong><em>Black Days</em> </strong></a>by four directors (dir. Ladislav Kudelka, Milan Černák, Štefan Kamenický a Ctibor Kováč), compilation of archival footage, is a telling of the events of August 1968 from a distinctly Slovak perspective. Another films from National Film Archive collection of the Slovak Film Institute are <a href="https://sfu.sk/en/eshop/uncategorized/celebration-in-the-botanical-garden/" target="_blank" rel="noopener"><strong><em>Celebration in the Botanical Garden</em></strong></a>, debut by Elo Havetta and <a href="https://sfu.sk/en/eshop/uncategorized/322/" target="_blank" rel="noopener"><strong><em>322</em> </strong></a>(dir. Dušan Hanák), free-associative mosaic of late 1960s society.</p>
<p>The Australian audience will also have a chance to get to know more about contemporary Slovak and co-production cinema. Wide range of topics and genres will be shown in film selection that consists of drama about man in his fifties who lost his job <strong><em>OUT</em> </strong>(dir. György Kristóf), charming comedic drama set during the final days of World War II <a href="https://sfu.sk/en/films/barefoot/" target="_blank" rel="noopener"><strong><em>Barefoot</em> </strong></a>(dir. Jan Svěrák) and the Main Competition title from Karlovy Vary 2018 <a href="https://sfu.sk/en/films/domestique/" target="_blank" rel="noopener"><strong><em>Domestique</em></strong></a>, debut by Adam Sedlák. The festival has prepared screenings for younger generation as well. Latest film by Andrea Sedláčková <a href="https://sfu.sk/en/films/backstage/" target="_blank" rel="noopener"><strong><em>Backstage</em> </strong></a>is a dance film full of passion, music, energy both about and for young preople. Families with children will have a good time by watching <a href="https://sfu.sk/en/films/oddsockeaters/" target="_blank" rel="noopener"><strong><em>The Oddsockeaters</em> </strong></a>by Galina Miklínová, highly entertaining animated feature about small creatures who live alongside humans and are responsible for the socks that go missing when we only have one left from a pair – the odd sock.</p>
<p>Two shorts will be presented at the festival &#8211; collage of memories, still photography and narration <em><strong>Prysia&#8217;s</strong> <strong>Garden</strong></em> by Mišo Suchý and the mockumentary about Czech phenomenon <strong><em>Sandwiches – the Czech Treasure</em></strong> by Mária Pinčíková.</p>
<p>Czech and Slovak Film Festival of Australia is organized by <a href="http://casffa.com.au/" target="_blank" rel="noopener">Czech and Slovak Film Festival of Australia</a> (CaSFFA) and <a href="https://www.iksimafilms.com.au/" target="_blank" rel="noopener">IKSIMA Films</a>. Presentation of the Slovak cinema is financially supported by <a href="http://www.avf.sk/english.aspx" target="_blank" rel="noopener">Slovak Audiovisual Fund</a>, <a href="http://www.uszz.sk/sk/" target="_blank" rel="noopener">Úrad pre Slovákov žijúcich v zahraničí</a> and covered by production company <a href="http://www.arinafilm.sk/" target="_blank" rel="noopener">ARINA</a> and the Slovak Film Institute. The partners of the festival are the <a href="https://www.mzv.sk/web/canberra-en" target="_blank" rel="noopener">Embassy of the Slovak Republic in Australia</a> (Canberra), the <a href="https://www.mzv.sk/web/en" target="_blank" rel="noopener">Ministry of Foreign and European Affairs of the Slovak Republic</a> and the <a href="http://www.vsmu.sk/en/" target="_blank" rel="noopener">Academy of Performing Arts</a> in Bratislava.</p>
<p>Programme of the Slovak films at the festival:</p>
<p>Melbourne &#8211; September 12 – 26, 2018, Australian Centre for the Moving Image (ACMI)<br />
<strong><em>The Oddsockeaters</em></strong> | September 15 | Saturday | 14.30<br />
<i><strong>OUT</strong> </i>| September 15 | Saturday | 16.40<br />
<strong><em>Prysia&#8217;s Garden + Celebration in the Botanical Garden</em></strong> | September 15 | Saturday | 18.40<br />
<strong><em>Barefoot</em> </strong>| September 15 | Saturday | 20.45<br />
<strong><em>322 </em></strong>| September 16 | Sunday | 17.15<br />
<em><strong>Black Days + Oratorio for Prague + TGM The Liberator</strong></em> | September 18 | Tuesday | 18.15<br />
<em><strong>Backstage </strong></em>| September 20 | Thursday | 18.15<br />
<strong><em>Sandwiches – the Czech Treasure + Bear with Us</em></strong> | September 21 | Friday | 18.30<br />
<strong><em>Domestique</em> </strong>| September 21 | Friday | 20.45</p>
<p>Canberra &#8211; October 18 – 21, 2018, Arc Cinema, National Film and Sound Archive of Australia<br />
<strong><em>Domestique</em> </strong>| October 19 | Friday | 20.15<br />
<strong><em>The Oddsockeaters</em></strong> | October 20 | Saturday | 12.30<br />
<strong><em>Prysia&#8217;s Garden + Celebration in the Botanical Garden</em> </strong>| October 20 | Saturday | 14.30<br />
<strong><em>Barefoot </em></strong>| October 20 | Saturday | 16.30<br />
<i><strong>OUT</strong> </i>| October 21 | Sunday | 12.15</p>
<p>More information at:</p>
<p><a href="/www.casffa.com.au/" target="_blank" rel="noopener">www.casffa.com.au/</a><br />
<a href="http://www.iksimafilms.com.au/" target="_blank" rel="noopener">www.iksimafilms.com.au/</a></p>
<p><strong>Related articles</strong>:<br />
<a href="/aic/en/news/archive/6thCaSFFA.html" target="_blank" rel="noopener">2017: Slovak Films Again in Australia</a><br />
<a href="/aic/en/news/archive/the-czech-and-slovak-film-festival-of-australia-2016.html" target="_blank" rel="noopener">2016: The Czech and Slovak Film Festival of Australia 2016</a><br />
<a href="/aic/en/news/archive/the-czech-and-slovak-film-festival-of-australia-continues.html" target="_blank" rel="noopener">2015: The Czech and Slovak Film Festival of Australia continues!</a><br />
<a href="/aic/en/news/archive/slovak-films-to-Australia2015.html" target="_blank" rel="noopener">2015: Slovak Films Visiting Australia</a><br />
<a href="/aic/sk/doma/archiv/casffa-melbourne-sydney.html" target="_blank" rel="noopener">2014: Czech and Slovak Film Festival in Melbourne &amp; Sydney</a></p>
