{"id":38106,"date":"2018-10-09T14:25:00","date_gmt":"2018-10-09T12:25:00","guid":{"rendered":"https:\/\/sfu.sk\/?post_type=novinka&#038;p=38106"},"modified":"2025-08-20T11:08:32","modified_gmt":"2025-08-20T09:08:32","slug":"brno-16-2018","status":"publish","type":"novinka","link":"https:\/\/sfu.sk\/en\/news\/brno-16-2018\/","title":{"rendered":"Brno 16 Welcomes Slovak Shorts"},"content":{"rendered":"<p><strong><a href=\"https:\/\/www.brno16.cz\/en\/\" target=\"_blank\" rel=\"noopener\">The International Short Film Festival <\/a><a>Brno 16<\/a> (October 10 \u2013 13, 2018), one of the oldest short film festivals, will present a retrospective of Slovak animation and digitally restored documentaries from the collection of the National Film Archive of the Slovak Film Institute (SFI).<\/strong><\/p>\n<p><a href=\"https:\/\/www.brno16.cz\/en\/events\/nejen-sportovn\u00ed-souboje\" target=\"_blank\" rel=\"noopener\">Nejen sportovn\u00ed souboje<\/a> (More Than Sport Duels) is a selection of documentaries that portray unique atmosphere of sport events and performances. According to the motto of this year&#8217;s edition &#8220;<em>It&#8217;s a fight<\/em>&#8221; the selection will present <strong><em><a href=\"https:\/\/www.brno16.cz\/en\/movies\/trofej-z-basileje\" target=\"_blank\" rel=\"noopener\">The Trophy from Basel<\/a> <\/em><\/strong>(dir. Mikul\u00e1\u0161 Fedor, Osk\u00e1r \u0160\u00e1ghy) that shows the milestone of Slovak football team Slovan Bratislava. Director Milan \u010cern\u00e1k will attend the festival with his wife, editor Margita \u010cern\u00e1kov\u00e1 and introduce his two films in the selection. Documentary <strong><em><a href=\"https:\/\/www.brno16.cz\/en\/movies\/hokej-69\" target=\"_blank\" rel=\"noopener\">Hockey<\/a><a> of &#8217;69<\/a><\/em>\u00a0<\/strong> depicts the moments of Ice Hockey World Championships in Sweden and the victory of Czechoslovak players against the Soviet team. In <strong><em><a href=\"https:\/\/www.brno16.cz\/en\/movies\/mistrovstv\u00ed-sv\u011bta\" target=\"_blank\" rel=\"noopener\">World Ski Championships <\/a><\/em><\/strong>\u010cern\u00e1k commemorates the most important Czechoslovak sport event of 1970 that took place in the High Tatras.<\/p>\n<p>The festival will also present a selection of short animated movies created in Slovakia since 1993. <a href=\"https:\/\/www.brno16.cz\/en\/events\/kino-fest-an\u010da-25-let-slovensk\u00e9-animace\" target=\"_blank\" rel=\"noopener\">25 years of Slovak Animation<\/a> consists of <em><a href=\"https:\/\/www.brno16.cz\/en\/movies\/kroky-skoky-roky-a-posledn\u00ed-zhasne\" target=\"_blank\" rel=\"noopener\"><strong>Steps, Leaps, Years&#8230; and the Last One Turns off the Light<\/strong><\/a><\/em> (dir. collective), <em><a href=\"https:\/\/www.brno16.cz\/en\/movies\/lionardo-milo\" target=\"_blank\" rel=\"noopener\"><strong>Lionardo Mio<\/strong><\/a><\/em> (dir. Ivana \u0160ebestov\u00e1), <em><a href=\"https:\/\/www.brno16.cz\/en\/movies\/dvojhlasn\u00e1-invence-a-mol\" target=\"_blank\" rel=\"noopener\"><strong>Invention in A minor for two voices<\/strong><\/a> <\/em>(dir. Vladim\u00edr Kr\u00e1l), <strong><em><a href=\"https:\/\/www.brno16.cz\/en\/movies\/v-kostce\" target=\"_blank\" rel=\"noopener\">In the Box<\/a><\/em><\/strong> (dir. Michal Struss), <strong><em><a href=\"https:\/\/www.brno16.cz\/en\/movies\/viliam\" target=\"_blank\" rel=\"noopener\">Viliam<\/a> <\/em><\/strong>(dir. Veronika Obertov\u00e1), <strong><em><a href=\"https:\/\/www.brno16.cz\/en\/movies\/twins\" target=\"_blank\" rel=\"noopener\">tWINs<\/a><\/em> <\/strong>(dir. Peter Budinsk\u00fd), <strong><em><a href=\"https:\/\/www.brno16.cz\/en\/movies\/posledn\u00ed-autobus\" target=\"_blank\" rel=\"noopener\">The Last Bus<\/a><\/em> <\/strong>(dir. Ivana Lau\u010d\u00edkov\u00e1, Martin Snopek), <strong><em><a href=\"https:\/\/www.brno16.cz\/en\/movies\/pandy\" target=\"_blank\" rel=\"noopener\">The Pandas<\/a><\/em> <\/strong>(dir. Mat\u00fa\u0161 Viz\u00e1r), <strong><em><a href=\"https:\/\/www.brno16.cz\/en\/movies\/zem\u011b-kovboj\u016f\" target=\"_blank\" rel=\"noopener\">Cowboyland<\/a><\/em> <\/strong>(dir. D\u00e1vid \u0160tumpf), <strong><em><a href=\"https:\/\/www.brno16.cz\/en\/movies\/duch-m\u011bsta\" target=\"_blank\" rel=\"noopener\">Spirit of the City<\/a><\/em> <\/strong>(dir. Andrej Kolen\u010d\u00edk, Veronika Kocourkov\u00e1), and <strong><em><a href=\"https:\/\/www.brno16.cz\/en\/movies\/journey\" target=\"_blank\" rel=\"noopener\">Journey<\/a><\/em> <\/strong>(dir. Marek Jasa\u0148).<br \/>\n<u><strong><br \/>\n<\/strong><\/u>Screenings:<em><br \/>\n25 years of Slovak animation<\/em> | October 10 | 21.00 | Kino Art<strong><br \/>\n<\/strong><em>Nejen sportovn\u00ed souboje<\/em> | October 13 | 14.30 | Umeleckopriemyslov\u00e9 m\u00fazeum MG<\/p>\n<p>More information at:\u00a0<a href=\"https:\/\/www.brno16.cz\/en\/\">https:\/\/www.brno16.cz\/en\/<\/a><\/p>\n","protected":false},"excerpt":{"rendered":"<p>The International Short Film Festival Brno 16 (October 10 \u2013 13, 2018), one of the oldest short film festivals, will present a retrospective of Slovak animation and digitally restored documentaries from the collection of the National Film Archive of the Slovak Film Institute (SFI).<\/p>\n","protected":false},"featured_media":42897,"template":"","meta":{"_acf_changed":true,"inline_featured_image":false},"kategorie_noviniek":[1965,2038,2036,2037,2145,2152],"festival":[],"rok":[],"class_list":["post-38106","novinka","type-novinka","status-publish","has-post-thumbnail","hentry","kategorie_noviniek-aic","kategorie_noviniek-archive","kategorie_noviniek-english","kategorie_noviniek-news","kategorie_noviniek-prezentacia-en","kategorie_noviniek-slovak-cinema-abroad"],"acf":[],"_links":{"self":[{"href":"https:\/\/sfu.sk\/en\/wp-json\/wp\/v2\/novinka\/38106","targetHints":{"allow":["GET"]}}],"collection":[{"href":"https:\/\/sfu.sk\/en\/wp-json\/wp\/v2\/novinka"}],"about":[{"href":"https:\/\/sfu.sk\/en\/wp-json\/wp\/v2\/types\/novinka"}],"wp:featuredmedia":[{"embeddable":true,"href":"https:\/\/sfu.sk\/en\/wp-json\/wp\/v2\/media\/42897"}],"wp:attachment":[{"href":"https:\/\/sfu.sk\/en\/wp-json\/wp\/v2\/media?parent=38106"}],"wp:term":[{"taxonomy":"kategorie_noviniek","embeddable":true,"href":"https:\/\/sfu.sk\/en\/wp-json\/wp\/v2\/kategorie_noviniek?post=38106"},{"taxonomy":"festival","embeddable":true,"href":"https:\/\/sfu.sk\/en\/wp-json\/wp\/v2\/festival?post=38106"},{"taxonomy":"rok","embeddable":true,"href":"https:\/\/sfu.sk\/en\/wp-json\/wp\/v2\/rok?post=38106"}],"curies":[{"name":"wp","href":"https:\/\/api.w.org\/{rel}","templated":true}]}}

<p><strong><a href="https://www.brno16.cz/en/" target="_blank" rel="noopener">The International Short Film Festival </a><a>Brno 16</a> (October 10 – 13, 2018), one of the oldest short film festivals, will present a retrospective of Slovak animation and digitally restored documentaries from the collection of the National Film Archive of the Slovak Film Institute (SFI).</strong></p>
<p><a href="https://www.brno16.cz/en/events/nejen-sportovní-souboje" target="_blank" rel="noopener">Nejen sportovní souboje</a> (More Than Sport Duels) is a selection of documentaries that portray unique atmosphere of sport events and performances. According to the motto of this year&#8217;s edition &#8220;<em>It&#8217;s a fight</em>&#8221; the selection will present <strong><em><a href="https://www.brno16.cz/en/movies/trofej-z-basileje" target="_blank" rel="noopener">The Trophy from Basel</a> </em></strong>(dir. Mikuláš Fedor, Oskár Šághy) that shows the milestone of Slovak football team Slovan Bratislava. Director Milan Černák will attend the festival with his wife, editor Margita Černáková and introduce his two films in the selection. Documentary <strong><em><a href="https://www.brno16.cz/en/movies/hokej-69" target="_blank" rel="noopener">Hockey</a><a> of &#8217;69</a></em> </strong> depicts the moments of Ice Hockey World Championships in Sweden and the victory of Czechoslovak players against the Soviet team. In <strong><em><a href="https://www.brno16.cz/en/movies/mistrovství-světa" target="_blank" rel="noopener">World Ski Championships </a></em></strong>Černák commemorates the most important Czechoslovak sport event of 1970 that took place in the High Tatras.</p>
<p>The festival will also present a selection of short animated movies created in Slovakia since 1993. <a href="https://www.brno16.cz/en/events/kino-fest-anča-25-let-slovenské-animace" target="_blank" rel="noopener">25 years of Slovak Animation</a> consists of <em><a href="https://www.brno16.cz/en/movies/kroky-skoky-roky-a-poslední-zhasne" target="_blank" rel="noopener"><strong>Steps, Leaps, Years&#8230; and the Last One Turns off the Light</strong></a></em> (dir. collective), <em><a href="https://www.brno16.cz/en/movies/lionardo-milo" target="_blank" rel="noopener"><strong>Lionardo Mio</strong></a></em> (dir. Ivana Šebestová), <em><a href="https://www.brno16.cz/en/movies/dvojhlasná-invence-a-mol" target="_blank" rel="noopener"><strong>Invention in A minor for two voices</strong></a> </em>(dir. Vladimír Král), <strong><em><a href="https://www.brno16.cz/en/movies/v-kostce" target="_blank" rel="noopener">In the Box</a></em></strong> (dir. Michal Struss), <strong><em><a href="https://www.brno16.cz/en/movies/viliam" target="_blank" rel="noopener">Viliam</a> </em></strong>(dir. Veronika Obertová), <strong><em><a href="https://www.brno16.cz/en/movies/twins" target="_blank" rel="noopener">tWINs</a></em> </strong>(dir. Peter Budinský), <strong><em><a href="https://www.brno16.cz/en/movies/poslední-autobus" target="_blank" rel="noopener">The Last Bus</a></em> </strong>(dir. Ivana Laučíková, Martin Snopek), <strong><em><a href="https://www.brno16.cz/en/movies/pandy" target="_blank" rel="noopener">The Pandas</a></em> </strong>(dir. Matúš Vizár), <strong><em><a href="https://www.brno16.cz/en/movies/země-kovbojů" target="_blank" rel="noopener">Cowboyland</a></em> </strong>(dir. Dávid Štumpf), <strong><em><a href="https://www.brno16.cz/en/movies/duch-města" target="_blank" rel="noopener">Spirit of the City</a></em> </strong>(dir. Andrej Kolenčík, Veronika Kocourková), and <strong><em><a href="https://www.brno16.cz/en/movies/journey" target="_blank" rel="noopener">Journey</a></em> </strong>(dir. Marek Jasaň).<br />
<u><strong><br />
</strong></u>Screenings:<em><br />
25 years of Slovak animation</em> | October 10 | 21.00 | Kino Art<strong><br />
</strong><em>Nejen sportovní souboje</em> | October 13 | 14.30 | Umeleckopriemyslové múzeum MG</p>
<p>More information at: <a href="https://www.brno16.cz/en/">https://www.brno16.cz/en/</a></p>
