{"id":38107,"date":"2018-10-11T14:25:00","date_gmt":"2018-10-11T12:25:00","guid":{"rendered":"https:\/\/sfu.sk\/?post_type=novinka&#038;p=38107"},"modified":"2025-08-20T11:13:05","modified_gmt":"2025-08-20T09:13:05","slug":"warsaw-2018","status":"publish","type":"novinka","link":"https:\/\/sfu.sk\/en\/news\/warsaw-2018\/","title":{"rendered":"Ready to compete at Warsaw Film Festival"},"content":{"rendered":"<p><strong>Three Slovak and co-production films will vie for the Warsaw Grand Prix at the <a href=\"https:\/\/wff.pl\/en\/\" target=\"_blank\" rel=\"noopener\">34th Warsaw Film Festival<\/a> (October 12 \u2013 21, 2018).<\/strong><\/p>\n<p><a href=\"https:\/\/sfu.sk\/en\/films\/the-band\/\"><em><strong>The Band<\/strong><\/em><\/a> (dir. Ladislav Kabo\u0161), documentary about the birth of the Romani band Lomnick\u00e9 \u010ch\u00e1ve will compete in Documentary Competition along with <strong><a href=\"https:\/\/sfu.sk\/en\/films\/circus-rwanda\/\"><em>Circus Rwanda<\/em><\/a><\/strong> (dir. Michal Varga) that shows the clash of cultures by fusing two circus groups from different parts of the world.<\/p>\n<p>The Short Film Competition will introduce bachelor film <strong><a href=\"https:\/\/sfu.sk\/en\/films\/poetika-anima\/\"><em>Poetika Anima<\/em><\/a><\/strong> by Kriss Sagan. Non-narrative animated \ufb01lm is based on a lyrical poem created by the synthesis of the director\u2019s diary notes. <em>\u201eI decided to make a \u201esimple and nice\u201c film that will make me put all my free time and energy in. I wanted to enjoy the production process without having high expectations. I am not a good storyteller so I decided to focus on defining my auteur-signature and narrative style. It took a leap into the dark but now I can say it was a good decision. \u201c<\/em> said the director in an interview for <a href=\"https:\/\/www.kinecko.com\/\" target=\"_blank\" rel=\"noopener\">Kine\u010dko<\/a>.<\/p>\n<p>Slovakia will have its representative also in the <a href=\"https:\/\/wff.pl\/en\/wid\/warsaw-industry-days\" target=\"_blank\" rel=\"noopener\">Industry section<\/a> of the festival. Tom\u00e1\u0161 Hud\u00e1k will take part in the <a href=\"http:\/\/wff.pl\/journalists\/workshop\" target=\"_blank\" rel=\"noopener\">FIPRESCI Warsaw Critics Project<\/a>,\u00a0workshop<em>\u00a0<\/em>for young aspiring journalists and film critics.<\/p>\n<p>More information at:\u00a0<a href=\"https:\/\/wff.pl\/en\/\" target=\"_blank\" rel=\"noopener\">https:\/\/wff.pl\/en\/<\/a><\/p>\n","protected":false},"excerpt":{"rendered":"<p>Three Slovak and co-production films will vie for the Warsaw Grand Prix at the 34th Warsaw Film Festival (October 12 \u2013 21, 2018).<\/p>\n","protected":false},"featured_media":42892,"template":"","meta":{"_acf_changed":true,"inline_featured_image":false},"kategorie_noviniek":[1965,2038,2036,2037,2145,2152],"festival":[],"rok":[],"class_list":["post-38107","novinka","type-novinka","status-publish","has-post-thumbnail","hentry","kategorie_noviniek-aic","kategorie_noviniek-archive","kategorie_noviniek-english","kategorie_noviniek-news","kategorie_noviniek-prezentacia-en","kategorie_noviniek-slovak-cinema-abroad"],"acf":[],"_links":{"self":[{"href":"https:\/\/sfu.sk\/en\/wp-json\/wp\/v2\/novinka\/38107","targetHints":{"allow":["GET"]}}],"collection":[{"href":"https:\/\/sfu.sk\/en\/wp-json\/wp\/v2\/novinka"}],"about":[{"href":"https:\/\/sfu.sk\/en\/wp-json\/wp\/v2\/types\/novinka"}],"wp:featuredmedia":[{"embeddable":true,"href":"https:\/\/sfu.sk\/en\/wp-json\/wp\/v2\/media\/42892"}],"wp:attachment":[{"href":"https:\/\/sfu.sk\/en\/wp-json\/wp\/v2\/media?parent=38107"}],"wp:term":[{"taxonomy":"kategorie_noviniek","embeddable":true,"href":"https:\/\/sfu.sk\/en\/wp-json\/wp\/v2\/kategorie_noviniek?post=38107"},{"taxonomy":"festival","embeddable":true,"href":"https:\/\/sfu.sk\/en\/wp-json\/wp\/v2\/festival?post=38107"},{"taxonomy":"rok","embeddable":true,"href":"https:\/\/sfu.sk\/en\/wp-json\/wp\/v2\/rok?post=38107"}],"curies":[{"name":"wp","href":"https:\/\/api.w.org\/{rel}","templated":true}]}}

<p><strong>Three Slovak and co-production films will vie for the Warsaw Grand Prix at the <a href="https://wff.pl/en/" target="_blank" rel="noopener">34th Warsaw Film Festival</a> (October 12 – 21, 2018).</strong></p>
<p><a href="https://sfu.sk/en/films/the-band/"><em><strong>The Band</strong></em></a> (dir. Ladislav Kaboš), documentary about the birth of the Romani band Lomnické Čháve will compete in Documentary Competition along with <strong><a href="https://sfu.sk/en/films/circus-rwanda/"><em>Circus Rwanda</em></a></strong> (dir. Michal Varga) that shows the clash of cultures by fusing two circus groups from different parts of the world.</p>
<p>The Short Film Competition will introduce bachelor film <strong><a href="https://sfu.sk/en/films/poetika-anima/"><em>Poetika Anima</em></a></strong> by Kriss Sagan. Non-narrative animated ﬁlm is based on a lyrical poem created by the synthesis of the director’s diary notes. <em>„I decided to make a „simple and nice“ film that will make me put all my free time and energy in. I wanted to enjoy the production process without having high expectations. I am not a good storyteller so I decided to focus on defining my auteur-signature and narrative style. It took a leap into the dark but now I can say it was a good decision. “</em> said the director in an interview for <a href="https://www.kinecko.com/" target="_blank" rel="noopener">Kinečko</a>.</p>
<p>Slovakia will have its representative also in the <a href="https://wff.pl/en/wid/warsaw-industry-days" target="_blank" rel="noopener">Industry section</a> of the festival. Tomáš Hudák will take part in the <a href="http://wff.pl/journalists/workshop" target="_blank" rel="noopener">FIPRESCI Warsaw Critics Project</a>, workshop<em> </em>for young aspiring journalists and film critics.</p>
<p>More information at: <a href="https://wff.pl/en/" target="_blank" rel="noopener">https://wff.pl/en/</a></p>
