{"id":38116,"date":"2019-01-30T08:25:00","date_gmt":"2019-01-30T07:25:00","guid":{"rendered":"https:\/\/sfu.sk\/?post_type=novinka&#038;p=38116"},"modified":"2025-06-04T13:55:38","modified_gmt":"2025-06-04T11:55:38","slug":"market-screenings-efm-2019","status":"publish","type":"novinka","link":"https:\/\/sfu.sk\/en\/news\/market-screenings-efm-2019\/","title":{"rendered":"Market Screenings at European Film Market 2019"},"content":{"rendered":"\n<p><strong><em><a href=\"https:\/\/sfu.sk\/en\/films\/by-a-sharp-knife\/\">By a Sharp Knife<\/a><\/em><\/strong><\/p>\n\n\n\n<p>Director: Teodor Kuhn<br>SK, CZ | 2019 | 89 min. | fiction<\/p>\n\n\n\n<p>A story of a father whose son has been murdered. Four perpetrators are charged with the crime, but thanks to an erroneous court ruling, they soon get to walk free. Determined to uncover the truth, the father enters into an uneven struggle with a passive police force, a corrupt judiciary and a dominant mob. Can he prevail in such a crooked system.<\/p>\n\n\n\n<p>Screening:<br>February 8 | 15:40 | CinemaxX 1<\/p>\n\n\n\n<p><strong><em><a href=\"https:\/\/sfu.sk\/en\/films\/domestique\/\">Domestique<\/a><\/em><\/strong><\/p>\n\n\n\n<p>Director: Adam Sedl\u00e1k<br>CZ, SK | 2018 | 116 min. | fiction<\/p>\n\n\n\n<p>Roman is a top-level cyclist recovering from an injury through hard work and a strict regimen. To improve his performance, he even sleeps in an oxygen tent installed in his bedroom. That is a bitter pill for his wife, \u0160arlota, whose long-time wish is to conceive a child. And so, both of them exude determination, lose themselves in their obsessions, and improve their bodies to the point where they might even alarm themselves. With each night they spend in the oxygen tent, their relationship changes. Will they be able to catch their breath again in this claustrophobic environment?<\/p>\n\n\n\n<p>Screening:<br>February 12 | 15:50 | CinemaxX 11<\/p>\n\n\n\n<p><strong><em><a href=\"https:\/\/sfu.sk\/en\/films\/my-grandpa-is-an-alien\/\">My Grandpa Is an Alien<\/a><\/em><\/strong><\/p>\n\n\n\n<p>Directors: Dra\u017een \u017darkovi\u0107, Marina Andree \u0160kop<br>HR, LU, NO, CZ, SK, SI, BA | 2019 | 79 min. | fiction<\/p>\n\n\n\n<p>Una (9) and an alien robot have 24 hours to find her grandpa who was kidnapped by aliens. This extraordinary adventure will lead to a new friendship, the rational robotic logic will be replaced by emotions, and Una\u2019s selfless love will save her half-alien family.<\/p>\n\n\n\n<p>Screenings:<br>February 10 | 15:10 | Parliament Studio<br>February 12 | 10:35 | Cinemaxx 15<\/p>\n\n\n\n<p><strong><em><a href=\"https:\/\/sfu.sk\/en\/films\/the-glass-room\/\">The Glass Room<\/a><\/em><\/strong><\/p>\n\n\n\n<p>Director: Julius \u0160ev\u010d\u00edk<br>CZ, SK | 2019 | 115 min. | fiction<\/p>\n\n\n\n<p>The Glass Room is an adaptation of Simon Mawer\u2019s novel which traces the history of Czechoslovakia in the 20th century and, at the same time, features three love stories of characters that lived in the Villa Tugendhat over several decades. Liesel Landauer and her friend Hana, protagonists of the film, tell the story of love, friendship and fundamental life decisions. Two women joined by a life-long relationship and an exceptional house built for Liesel and her husband Viktor by architect Rainer Von Abt.<\/p>\n\n\n\n<p>Screening:<br>February 7 | 13:20 | Cinestar 7 (by invitation only)<\/p>\n","protected":false},"excerpt":{"rendered":"<p>Four Slovak and co-production films are also presented at European Film Market 2019.<\/p>\n","protected":false},"featured_media":0,"template":"","meta":{"_acf_changed":false,"inline_featured_image":false},"kategorie_noviniek":[1965,2040,2036,2037,2145,2144],"festival":[2074],"rok":[2172],"class_list":["post-38116","novinka","type-novinka","status-publish","hentry","kategorie_noviniek-aic","kategorie_noviniek-berlinale-news","kategorie_noviniek-english","kategorie_noviniek-news","kategorie_noviniek-prezentacia-en","kategorie_noviniek-slovenska-kinematografia-na-festivaloch-en"],"acf":[],"_links":{"self":[{"href":"https:\/\/sfu.sk\/en\/wp-json\/wp\/v2\/novinka\/38116","targetHints":{"allow":["GET"]}}],"collection":[{"href":"https:\/\/sfu.sk\/en\/wp-json\/wp\/v2\/novinka"}],"about":[{"href":"https:\/\/sfu.sk\/en\/wp-json\/wp\/v2\/types\/novinka"}],"wp:attachment":[{"href":"https:\/\/sfu.sk\/en\/wp-json\/wp\/v2\/media?parent=38116"}],"wp:term":[{"taxonomy":"kategorie_noviniek","embeddable":true,"href":"https:\/\/sfu.sk\/en\/wp-json\/wp\/v2\/kategorie_noviniek?post=38116"},{"taxonomy":"festival","embeddable":true,"href":"https:\/\/sfu.sk\/en\/wp-json\/wp\/v2\/festival?post=38116"},{"taxonomy":"rok","embeddable":true,"href":"https:\/\/sfu.sk\/en\/wp-json\/wp\/v2\/rok?post=38116"}],"curies":[{"name":"wp","href":"https:\/\/api.w.org\/{rel}","templated":true}]}}

<p><strong><em><a href="https://sfu.sk/en/films/by-a-sharp-knife/">By a Sharp Knife</a></em></strong></p>



<p>Director: Teodor Kuhn<br>SK, CZ | 2019 | 89 min. | fiction</p>



<p>A story of a father whose son has been murdered. Four perpetrators are charged with the crime, but thanks to an erroneous court ruling, they soon get to walk free. Determined to uncover the truth, the father enters into an uneven struggle with a passive police force, a corrupt judiciary and a dominant mob. Can he prevail in such a crooked system.</p>



<p>Screening:<br>February 8 | 15:40 | CinemaxX 1</p>



<p><strong><em><a href="https://sfu.sk/en/films/domestique/">Domestique</a></em></strong></p>



<p>Director: Adam Sedlák<br>CZ, SK | 2018 | 116 min. | fiction</p>



<p>Roman is a top-level cyclist recovering from an injury through hard work and a strict regimen. To improve his performance, he even sleeps in an oxygen tent installed in his bedroom. That is a bitter pill for his wife, Šarlota, whose long-time wish is to conceive a child. And so, both of them exude determination, lose themselves in their obsessions, and improve their bodies to the point where they might even alarm themselves. With each night they spend in the oxygen tent, their relationship changes. Will they be able to catch their breath again in this claustrophobic environment?</p>



<p>Screening:<br>February 12 | 15:50 | CinemaxX 11</p>



<p><strong><em><a href="https://sfu.sk/en/films/my-grandpa-is-an-alien/">My Grandpa Is an Alien</a></em></strong></p>



<p>Directors: Dražen Žarković, Marina Andree Škop<br>HR, LU, NO, CZ, SK, SI, BA | 2019 | 79 min. | fiction</p>



<p>Una (9) and an alien robot have 24 hours to find her grandpa who was kidnapped by aliens. This extraordinary adventure will lead to a new friendship, the rational robotic logic will be replaced by emotions, and Una’s selfless love will save her half-alien family.</p>



<p>Screenings:<br>February 10 | 15:10 | Parliament Studio<br>February 12 | 10:35 | Cinemaxx 15</p>



<p><strong><em><a href="https://sfu.sk/en/films/the-glass-room/">The Glass Room</a></em></strong></p>



<p>Director: Julius Ševčík<br>CZ, SK | 2019 | 115 min. | fiction</p>



<p>The Glass Room is an adaptation of Simon Mawer’s novel which traces the history of Czechoslovakia in the 20th century and, at the same time, features three love stories of characters that lived in the Villa Tugendhat over several decades. Liesel Landauer and her friend Hana, protagonists of the film, tell the story of love, friendship and fundamental life decisions. Two women joined by a life-long relationship and an exceptional house built for Liesel and her husband Viktor by architect Rainer Von Abt.</p>



<p>Screening:<br>February 7 | 13:20 | Cinestar 7 (by invitation only)</p>
