{"id":38126,"date":"2019-03-18T15:25:00","date_gmt":"2019-03-18T14:25:00","guid":{"rendered":"https:\/\/sfu.sk\/?post_type=novinka&#038;p=38126"},"modified":"2025-08-20T13:41:08","modified_gmt":"2025-08-20T11:41:08","slug":"slovak-films-at-febiofest-2019","status":"publish","type":"novinka","link":"https:\/\/sfu.sk\/en\/news\/slovak-films-at-febiofest-2019\/","title":{"rendered":"Slovak films at Febiofest 2019"},"content":{"rendered":"<p><strong>The 26th edition of the <a href=\"http:\/\/febiofest.sk\/en\/home-2\/\" target=\"_blank\" rel=\"noopener\">International Film Clubs Festival Febiofest<\/a> (March 20 \u2013 26, 2019), with the theme \u201eEvil in film\u201c, has prepared a program which includes shorts by young emerging talents, Slovak audiovisual heritage, experimental works as well as the screenings dedicated to the youngest audience.<\/strong><\/p>\n<p><a href=\"https:\/\/febiofest.sk\/en\/production\/block-of-competition-films-iv-76-min\/\" target=\"_blank\" rel=\"noopener\">tThe Competition called In the Heart of Europe<\/a>, focused on short films from V4 countries and Austria, will present four Slovak documentaries: <strong><em>A(way)<\/em><\/strong> by So\u0148a N\u00f4tov\u00e1, <strong><em>Concrete Times<\/em><\/strong> by Lucia Ka\u0161ov\u00e1, <strong><em>Extraction <\/em><\/strong>by Kate\u0159ina Hron\u00edkov\u00e1 and <strong><em>Borderline <\/em><\/strong>by Domink Jursa, the episode from a series <strong><em>Unsung Heroes<\/em><\/strong>. The only competing Slovak animation will be <strong><em>The Kite<\/em><\/strong> by Martin Smatana, recently world premiered at 69th Berlin IFF.<\/p>\n<p>The premieres and pre-premieres of the latest Slovak films and television projects will be introduced in Slovakia &#8211; The Country of Film section. <strong><em><a href=\"https:\/\/sfu.sk\/en\/films\/the-monument\/\" target=\"_blank\" rel=\"noopener\">The Monument<\/a><\/em><\/strong> (dir. Andrej Kolen\u010d\u00edk), combining live action with animation, will reconstruct Milan Rastislav \u0160tef\u00e1nik&#8217;s memories thanks to the adventure of three classmates. Travelers from <strong><em><a href=\"https:\/\/febiofest.sk\/en\/production\/lada-world-tour-soviet-machines-on-the-road-lada-svetom-na-ziguli-cez-himalaje\/\" target=\"_blank\" rel=\"noopener\">Lada World Tour: Soviet Machine on the Road<\/a><\/em><\/strong> (dir. Michal Fulier), who spent 10,000 miles and two months in two thirty-year-old \u201eindestructible\u201c Lada cars, had good times as well. Young Slovak rescuers from <strong><em><a href=\"https:\/\/sfu.sk\/en\/films\/lost-home\/\" target=\"_blank\" rel=\"noopener\">Lost Home<\/a><\/em><\/strong> (dir. Juraj Mravec, Jr.) had different intentions when they decided to leave their homes and join the biggest military operation in modern history, battle for Mosul, the capital of the self-appointed caliphate. On the other hand, <strong><em><a href=\"https:\/\/sfu.sk\/en\/films\/the-siege\/\" target=\"_blank\" rel=\"noopener\">The Siege<\/a><\/em><\/strong> (dir. Zuzana Piussi, V\u00edt Jane\u010dek) deals with domestic issues, namely the battle between environmentalists and both local and international mining companies. Juraj \u0160lauka&#8217;s debut <strong><em><a href=\"https:\/\/sfu.sk\/en\/films\/punk-never-ends\/\" target=\"_blank\" rel=\"noopener\">Punk Never Ends!<\/a><\/em><a href=\"https:\/\/febiofest.sk\/en\/production\/punk-never-ends-punk-je-hned\/\" target=\"_blank\" rel=\"noopener\">,<\/a><\/strong>inspired by the closely observed life of punks, who spend their lives on the periphery of the city, will be presented to the audience for the first time. The festival will also present Slovak minority co-productions that have already premiered at the international festivals. One of them is <strong><em><a href=\"https:\/\/sfu.sk\/en\/films\/pardon\/\" target=\"_blank\" rel=\"noopener\">Pardon<\/a> <\/em><\/strong>by Jan Jakub Kolski, the story about the strength and bravery of parents who want to regain their dignity and balance after they lose a son. Czech-Slovak drama <strong><em><a href=\"https:\/\/sfu.sk\/en\/films\/moments\/\" target=\"_blank\" rel=\"noopener\">Moments<\/a> <\/em><\/strong>by Beata Parkanov\u00e1 also deals with family issues, basic situations, relationships and emotions that befall everyone. Slovakia \u2013 The Country of Film section completes <em><a href=\"https:\/\/sfu.sk\/en\/films\/the-good-death\/\" target=\"_blank\" rel=\"noopener\"><strong>The Good Death<\/strong><\/a><\/em> (dir. Tom\u00e1\u0161 Krupa) terminally ill Janette who want to end her life in a dignified way and to choose the assisted death, short animated film <strong><em><a href=\"https:\/\/sfu.sk\/en\/films\/the-kite\/\" target=\"_blank\" rel=\"noopener\">The Kite<\/a><\/em><\/strong> by Martin Smatana and the block of experimental films called Other Visions (SK).<\/p>\n<p>Febiofest will honor Dodo \u0160imon\u010di\u010d, Slovak cinematographer who worked with directors such as Elo Havetta, Juraj Jakubisko, Juraj Herz or Du\u0161an Han\u00e1k. On this special occasion, festival will screen film from the collection of National Film Archive of Slovak Film Institute, <strong><a href=\"https:\/\/sfu.sk\/en\/eshop\/uncategorized\/celebration-in-the-botanical-garden\/\"><em>Celebration in the Botanical Garden<\/em><\/a><\/strong> (dir. Elo Havetta). In the Mirror of the Past, section dedicated to archive films with cult status, which have previously influenced the direction of arthouse cinema, digitally restored <strong><em>The Barnab\u00e1\u0161 Kos Case<\/em><\/strong> (dir. Peter Solan), world premiered at <a href=\"http:\/\/www.festival-lumiere.org\/\" target=\"_blank\" rel=\"noopener\">Lumi\u00e8re Festival<\/a> 2018 in Lyon, will be introduced. Thanks to the selection of investigative journalist Marek Vagovi\u010d, the documentary <strong><em><a href=\"https:\/\/sfu.sk\/en\/films\/anton-srholec\/\" target=\"_blank\" rel=\"noopener\">Anton Srholec<\/a><\/em><\/strong> (dir. Alena \u010cerm\u00e1kov\u00e1) will be screened in the Club Jukebox section.<\/p>\n<p>The youngest audience will be pleased by Children&#8217;s Film Cabinet, an interactive educational project that will also present eight episodes of the animated series <strong><em>KA-BOOM!<\/em> <\/strong>by Veronika Kocourkov\u00e1.<\/p>\n<p>More information at: <a href=\"http:\/\/febiofest.sk\/\" target=\"_blank\" rel=\"noopener\">www.febiofest.sk<\/a><\/p>\n","protected":false},"excerpt":{"rendered":"<p>The 26th edition of the International Film Clubs Festival Febiofest (March 20 \u2013 26, 2019), with the theme \u201eEvil in film\u201c, has prepared a program which includes shorts by young emerging talents, Slovak audiovisual heritage, experimental works as well as the screenings dedicated to the youngest audience.<\/p>\n","protected":false},"featured_media":10798,"template":"","meta":{"_acf_changed":true,"inline_featured_image":false},"kategorie_noviniek":[1965,2038,2036,2037,2145,2151],"festival":[],"rok":[],"class_list":["post-38126","novinka","type-novinka","status-publish","has-post-thumbnail","hentry","kategorie_noviniek-aic","kategorie_noviniek-archive","kategorie_noviniek-english","kategorie_noviniek-news","kategorie_noviniek-prezentacia-en","kategorie_noviniek-slovak-cinema-at-home"],"acf":[],"_links":{"self":[{"href":"https:\/\/sfu.sk\/en\/wp-json\/wp\/v2\/novinka\/38126","targetHints":{"allow":["GET"]}}],"collection":[{"href":"https:\/\/sfu.sk\/en\/wp-json\/wp\/v2\/novinka"}],"about":[{"href":"https:\/\/sfu.sk\/en\/wp-json\/wp\/v2\/types\/novinka"}],"wp:featuredmedia":[{"embeddable":true,"href":"https:\/\/sfu.sk\/en\/wp-json\/wp\/v2\/media\/10798"}],"wp:attachment":[{"href":"https:\/\/sfu.sk\/en\/wp-json\/wp\/v2\/media?parent=38126"}],"wp:term":[{"taxonomy":"kategorie_noviniek","embeddable":true,"href":"https:\/\/sfu.sk\/en\/wp-json\/wp\/v2\/kategorie_noviniek?post=38126"},{"taxonomy":"festival","embeddable":true,"href":"https:\/\/sfu.sk\/en\/wp-json\/wp\/v2\/festival?post=38126"},{"taxonomy":"rok","embeddable":true,"href":"https:\/\/sfu.sk\/en\/wp-json\/wp\/v2\/rok?post=38126"}],"curies":[{"name":"wp","href":"https:\/\/api.w.org\/{rel}","templated":true}]}}

<p><strong>The 26th edition of the <a href="http://febiofest.sk/en/home-2/" target="_blank" rel="noopener">International Film Clubs Festival Febiofest</a> (March 20 – 26, 2019), with the theme „Evil in film“, has prepared a program which includes shorts by young emerging talents, Slovak audiovisual heritage, experimental works as well as the screenings dedicated to the youngest audience.</strong></p>
<p><a href="https://febiofest.sk/en/production/block-of-competition-films-iv-76-min/" target="_blank" rel="noopener">tThe Competition called In the Heart of Europe</a>, focused on short films from V4 countries and Austria, will present four Slovak documentaries: <strong><em>A(way)</em></strong> by Soňa Nôtová, <strong><em>Concrete Times</em></strong> by Lucia Kašová, <strong><em>Extraction </em></strong>by Kateřina Hroníková and <strong><em>Borderline </em></strong>by Domink Jursa, the episode from a series <strong><em>Unsung Heroes</em></strong>. The only competing Slovak animation will be <strong><em>The Kite</em></strong> by Martin Smatana, recently world premiered at 69th Berlin IFF.</p>
<p>The premieres and pre-premieres of the latest Slovak films and television projects will be introduced in Slovakia &#8211; The Country of Film section. <strong><em><a href="https://sfu.sk/en/films/the-monument/" target="_blank" rel="noopener">The Monument</a></em></strong> (dir. Andrej Kolenčík), combining live action with animation, will reconstruct Milan Rastislav Štefánik&#8217;s memories thanks to the adventure of three classmates. Travelers from <strong><em><a href="https://febiofest.sk/en/production/lada-world-tour-soviet-machines-on-the-road-lada-svetom-na-ziguli-cez-himalaje/" target="_blank" rel="noopener">Lada World Tour: Soviet Machine on the Road</a></em></strong> (dir. Michal Fulier), who spent 10,000 miles and two months in two thirty-year-old „indestructible“ Lada cars, had good times as well. Young Slovak rescuers from <strong><em><a href="https://sfu.sk/en/films/lost-home/" target="_blank" rel="noopener">Lost Home</a></em></strong> (dir. Juraj Mravec, Jr.) had different intentions when they decided to leave their homes and join the biggest military operation in modern history, battle for Mosul, the capital of the self-appointed caliphate. On the other hand, <strong><em><a href="https://sfu.sk/en/films/the-siege/" target="_blank" rel="noopener">The Siege</a></em></strong> (dir. Zuzana Piussi, Vít Janeček) deals with domestic issues, namely the battle between environmentalists and both local and international mining companies. Juraj Šlauka&#8217;s debut <strong><em><a href="https://sfu.sk/en/films/punk-never-ends/" target="_blank" rel="noopener">Punk Never Ends!</a></em><a href="https://febiofest.sk/en/production/punk-never-ends-punk-je-hned/" target="_blank" rel="noopener">,</a></strong>inspired by the closely observed life of punks, who spend their lives on the periphery of the city, will be presented to the audience for the first time. The festival will also present Slovak minority co-productions that have already premiered at the international festivals. One of them is <strong><em><a href="https://sfu.sk/en/films/pardon/" target="_blank" rel="noopener">Pardon</a> </em></strong>by Jan Jakub Kolski, the story about the strength and bravery of parents who want to regain their dignity and balance after they lose a son. Czech-Slovak drama <strong><em><a href="https://sfu.sk/en/films/moments/" target="_blank" rel="noopener">Moments</a> </em></strong>by Beata Parkanová also deals with family issues, basic situations, relationships and emotions that befall everyone. Slovakia – The Country of Film section completes <em><a href="https://sfu.sk/en/films/the-good-death/" target="_blank" rel="noopener"><strong>The Good Death</strong></a></em> (dir. Tomáš Krupa) terminally ill Janette who want to end her life in a dignified way and to choose the assisted death, short animated film <strong><em><a href="https://sfu.sk/en/films/the-kite/" target="_blank" rel="noopener">The Kite</a></em></strong> by Martin Smatana and the block of experimental films called Other Visions (SK).</p>
<p>Febiofest will honor Dodo Šimončič, Slovak cinematographer who worked with directors such as Elo Havetta, Juraj Jakubisko, Juraj Herz or Dušan Hanák. On this special occasion, festival will screen film from the collection of National Film Archive of Slovak Film Institute, <strong><a href="https://sfu.sk/en/eshop/uncategorized/celebration-in-the-botanical-garden/"><em>Celebration in the Botanical Garden</em></a></strong> (dir. Elo Havetta). In the Mirror of the Past, section dedicated to archive films with cult status, which have previously influenced the direction of arthouse cinema, digitally restored <strong><em>The Barnabáš Kos Case</em></strong> (dir. Peter Solan), world premiered at <a href="http://www.festival-lumiere.org/" target="_blank" rel="noopener">Lumière Festival</a> 2018 in Lyon, will be introduced. Thanks to the selection of investigative journalist Marek Vagovič, the documentary <strong><em><a href="https://sfu.sk/en/films/anton-srholec/" target="_blank" rel="noopener">Anton Srholec</a></em></strong> (dir. Alena Čermáková) will be screened in the Club Jukebox section.</p>
<p>The youngest audience will be pleased by Children&#8217;s Film Cabinet, an interactive educational project that will also present eight episodes of the animated series <strong><em>KA-BOOM!</em> </strong>by Veronika Kocourková.</p>
<p>More information at: <a href="http://febiofest.sk/" target="_blank" rel="noopener">www.febiofest.sk</a></p>
