{"id":38200,"date":"2019-06-21T12:13:00","date_gmt":"2019-06-21T10:13:00","guid":{"rendered":"https:\/\/sfu.sk\/?post_type=novinka&#038;p=38200"},"modified":"2024-11-20T12:27:29","modified_gmt":"2024-11-20T11:27:29","slug":"pavol-pekarcik-silent-days","status":"publish","type":"novinka","link":"https:\/\/sfu.sk\/en\/news\/pavol-pekarcik-silent-days\/","title":{"rendered":"Interview with Pavol Pekar\u010d\u00edk about Silent Days"},"content":{"rendered":"\n<p><strong><em>Silent Days<\/em> marks Pavol Pekar\u010d\u00edk\u2019s first sole feature film directing credit even though he is an experienced filmmaker who made multiple short films, was involved in Martin \u0160ul\u00edk\u2019s <i>Gypsy<\/i> or Iveta Gr\u00f3fov\u00e1\u2019s <i>Made in Ash <\/i>and together with Ivan Ostrochovsk\u00fd and Peter Kerekes co-directed feature documentary <i>Velvet Terrorists<\/i>, which premiered at Karlovy Vary IFF in 2013 and was awarded Tagesspiegel Readers\u2019 Jury Award at Berlinale in 2014.<\/strong><\/p>\n\n\n\n<p><strong>In the film you follow a very specific group \u2013 deaf children and teenagers from Roma settlements. How did you come up with the idea and find the protagonists?<\/strong><\/p>\n\n\n\n<p>I enjoy being in the \u201cother\u201d worlds \u2013 may it be a Slovak nationalist pub, the 1st of May manifestation of what\u2019s left of the Communist Party, or the Roma settlements \u2013 as well as discovering what I have in common with these people and in what way we are different.<\/p>\n\n\n\n<p>The idea for the film came from a discussion with my wife. We were going through some photographs from the settlements and she asked me about this boy with beautiful eyes. I told her he is a deaf-mute named Bajaja. It was then that I realized that deaf Roma children actually build \u201cother\u201d worlds inside the \u201cother\u201d worlds; they are on the margin of the margin.<\/p>\n\n\n\n<p><strong>Children watching their idols on TV and trying to imitate them is a strong motive in the film \u2013 especially when we know that their worlds are miles apart and that the children have virtually no chance of succeeding. Was this part of the initial idea or did it come up only later?<\/strong><\/p>\n\n\n\n<p>I had Mari\u00e1n\u2019s story way before we found the other kids. Mari\u00e1n watching Jean-Claude Van Damme\u2019s <i>Bloodsport<\/i> and doing the exact same movements and kicks as the actor was one of the first shots we made. By the way, he knows all the Van Damme films by heart. I was staring at him in disbelief and started to shoot because suddenly there were three or even four different worlds in this shot. First, there is a fictional world of <i>Bloodsport<\/i>. Then, there is Jean-Claude Van Damme and his real life which is so far away from Mari\u00e1n\u2019s world of a small damaged house without running water or electricity. And possibly the fourth is the world in which the audience watching the film knows that Mari\u00e1n will never be a Van Damme, nor a train conductor. That\u2019s how the basic structure of the film came to be. It was easy then to find other protagonists \u2013 every kid has a dream, we just needed to be attentive.<\/p>\n\n\n\n<p><strong>We can see that you were following the characters for a long time. How many years have you been working on the film?<\/strong><\/p>\n\n\n\n<p>First shots and the concept of the first story were made around 2012, but I cannot say I was shooting for seven years. I have spent a lot of time with the protagonists, which also means that I helped them with various day-to-day issues. When I speak of \u201cother\u201d worlds, you need to understand that their world is really different. Only in such places you start to realize how divided our society is. Up until such an experience, you spend time mostly with your friends of similar age and background \u2013 people who are basically the same as you; but all of a sudden you see that there are people who are dealing with completely different problems.<\/p>\n\n\n\n<p><strong>The film is shot in static, loosely connected images, often in unusual composition, which reminds of a series of photographs-come-alive. Why did you choose this approach?<\/strong><\/p>\n\n\n\n<p>At first I was shooting the film by myself. I wanted to experience something that is not possible with a bigger crew. Only later DoP Oto Vojti\u010dko joined me \u2013 so if you see the film, all the bad shots are mine and all the good ones are his. And since, in terms of editing, I didn\u2019t want to narrate scenes in a classical way, wider shots prevale; I didn\u2019t want to tell the protagonists to do something again and again just so we could change the position of the camera or switch lenses. One of the effects of no cuts in the scenes is that the audience can get a better grip on the rhythm of the protagonists. I think you can absorb some of the \u201cother\u201d world thanks to this slowness. Now that you mention series of photograph-like images, that may be because at the beginning I was thinking quite intensively about crossovers between the media of film and photography and how they influence one another.<\/p>\n\n\n\n<p><strong>The film is listed as a hybrid between fiction and documentary. Can you describe how you were working with reality and its transformation?<\/strong><\/p>\n\n\n\n<p>In each story there are situations that were shot as an observation. These are authentic moments that would be difficult for a scriptwriter to come up with and for a crew of 50 to shoot. But to give the series of images some structure and story we needed to create some of the situations. My friends Marek Le\u0161\u010d\u00e1k and Ivan Ostrochovsk\u00fd helped me with that a lot. At first I wanted to make this film on my own, but after a while I realized it would not be that easy. That\u2019s why I asked people for advice and they stepped in, many times helping me selflessly; I managed to get to know some very nice people without whom I wouldn\u2019t be able to make this film for which I am very thankful. And of course, throughout the years I have developed good relations with the protagonists too, so when we needed to recreate some piece of reality, it was easy \u2013 even in a made-up situation they were comfortable and authentic. Now, even I am not sure which scenes were authentic and which were staged.<\/p>\n\n\n\n<figure class=\"wp-block-image size-full\"><img decoding=\"async\" width=\"800\" height=\"450\" src=\"https:\/\/sfu.sk\/wp-content\/uploads\/2023\/10\/20892.jpg\" alt=\"\" class=\"wp-image-10984\" srcset=\"https:\/\/sfu.sk\/wp-content\/uploads\/2023\/10\/20892.jpg 800w, https:\/\/sfu.sk\/wp-content\/uploads\/2023\/10\/20892-300x169.jpg 300w, https:\/\/sfu.sk\/wp-content\/uploads\/2023\/10\/20892-768x432.jpg 768w, https:\/\/sfu.sk\/wp-content\/uploads\/2023\/10\/20892-600x338.jpg 600w\" sizes=\"(max-width: 800px) 100vw, 800px\" \/><\/figure>\n\n\n\n<p><strong><em><a href=\"https:\/\/sfu.sk\/en\/films\/silent-days\/\">Silent Days<\/a><\/em><\/strong><br>East of the West \u2013 Competition<\/p>\n\n\n\n<p>Screenings:<br>July 1 | 18:30 | Karlovy Vary Municipal Theatre (world premiere)<br>July 2 | 16:30 | L\u00e1zn\u011b III<br>July 4 | 13:30 | Husovka Theatre<\/p>\n","protected":false},"excerpt":{"rendered":"<p>Silent Days marks Pavol Pekar\u010d\u00edk\u2019s first sole feature film directing credit even though he is an experienced filmmaker who made multiple short films.<\/p>\n","protected":false},"featured_media":0,"template":"","meta":{"_acf_changed":false,"inline_featured_image":false},"kategorie_noviniek":[1965,2036,2037,2145,2144],"festival":[2076],"rok":[2172],"class_list":["post-38200","novinka","type-novinka","status-publish","hentry","kategorie_noviniek-aic","kategorie_noviniek-english","kategorie_noviniek-news","kategorie_noviniek-prezentacia-en","kategorie_noviniek-slovenska-kinematografia-na-festivaloch-en"],"acf":[],"_links":{"self":[{"href":"https:\/\/sfu.sk\/en\/wp-json\/wp\/v2\/novinka\/38200","targetHints":{"allow":["GET"]}}],"collection":[{"href":"https:\/\/sfu.sk\/en\/wp-json\/wp\/v2\/novinka"}],"about":[{"href":"https:\/\/sfu.sk\/en\/wp-json\/wp\/v2\/types\/novinka"}],"wp:attachment":[{"href":"https:\/\/sfu.sk\/en\/wp-json\/wp\/v2\/media?parent=38200"}],"wp:term":[{"taxonomy":"kategorie_noviniek","embeddable":true,"href":"https:\/\/sfu.sk\/en\/wp-json\/wp\/v2\/kategorie_noviniek?post=38200"},{"taxonomy":"festival","embeddable":true,"href":"https:\/\/sfu.sk\/en\/wp-json\/wp\/v2\/festival?post=38200"},{"taxonomy":"rok","embeddable":true,"href":"https:\/\/sfu.sk\/en\/wp-json\/wp\/v2\/rok?post=38200"}],"curies":[{"name":"wp","href":"https:\/\/api.w.org\/{rel}","templated":true}]}}

Interview with Pavol Pekarčík about Silent Days

<p><strong><em>Silent Days</em> marks Pavol Pekarčík’s first sole feature film directing credit even though he is an experienced filmmaker who made multiple short films, was involved in Martin Šulík’s <i>Gypsy</i> or Iveta Grófová’s <i>Made in Ash </i>and together with Ivan Ostrochovský and Peter Kerekes co-directed feature documentary <i>Velvet Terrorists</i>, which premiered at Karlovy Vary IFF in 2013 and was awarded Tagesspiegel Readers’ Jury Award at Berlinale in 2014.</strong></p>



<p><strong>In the film you follow a very specific group – deaf children and teenagers from Roma settlements. How did you come up with the idea and find the protagonists?</strong></p>



<p>I enjoy being in the “other” worlds – may it be a Slovak nationalist pub, the 1st of May manifestation of what’s left of the Communist Party, or the Roma settlements – as well as discovering what I have in common with these people and in what way we are different.</p>



<p>The idea for the film came from a discussion with my wife. We were going through some photographs from the settlements and she asked me about this boy with beautiful eyes. I told her he is a deaf-mute named Bajaja. It was then that I realized that deaf Roma children actually build “other” worlds inside the “other” worlds; they are on the margin of the margin.</p>



<p><strong>Children watching their idols on TV and trying to imitate them is a strong motive in the film – especially when we know that their worlds are miles apart and that the children have virtually no chance of succeeding. Was this part of the initial idea or did it come up only later?</strong></p>



<p>I had Marián’s story way before we found the other kids. Marián watching Jean-Claude Van Damme’s <i>Bloodsport</i> and doing the exact same movements and kicks as the actor was one of the first shots we made. By the way, he knows all the Van Damme films by heart. I was staring at him in disbelief and started to shoot because suddenly there were three or even four different worlds in this shot. First, there is a fictional world of <i>Bloodsport</i>. Then, there is Jean-Claude Van Damme and his real life which is so far away from Marián’s world of a small damaged house without running water or electricity. And possibly the fourth is the world in which the audience watching the film knows that Marián will never be a Van Damme, nor a train conductor. That’s how the basic structure of the film came to be. It was easy then to find other protagonists – every kid has a dream, we just needed to be attentive.</p>



<p><strong>We can see that you were following the characters for a long time. How many years have you been working on the film?</strong></p>



<p>First shots and the concept of the first story were made around 2012, but I cannot say I was shooting for seven years. I have spent a lot of time with the protagonists, which also means that I helped them with various day-to-day issues. When I speak of “other” worlds, you need to understand that their world is really different. Only in such places you start to realize how divided our society is. Up until such an experience, you spend time mostly with your friends of similar age and background – people who are basically the same as you; but all of a sudden you see that there are people who are dealing with completely different problems.</p>



<p><strong>The film is shot in static, loosely connected images, often in unusual composition, which reminds of a series of photographs-come-alive. Why did you choose this approach?</strong></p>



<p>At first I was shooting the film by myself. I wanted to experience something that is not possible with a bigger crew. Only later DoP Oto Vojtičko joined me – so if you see the film, all the bad shots are mine and all the good ones are his. And since, in terms of editing, I didn’t want to narrate scenes in a classical way, wider shots prevale; I didn’t want to tell the protagonists to do something again and again just so we could change the position of the camera or switch lenses. One of the effects of no cuts in the scenes is that the audience can get a better grip on the rhythm of the protagonists. I think you can absorb some of the “other” world thanks to this slowness. Now that you mention series of photograph-like images, that may be because at the beginning I was thinking quite intensively about crossovers between the media of film and photography and how they influence one another.</p>



<p><strong>The film is listed as a hybrid between fiction and documentary. Can you describe how you were working with reality and its transformation?</strong></p>



<p>In each story there are situations that were shot as an observation. These are authentic moments that would be difficult for a scriptwriter to come up with and for a crew of 50 to shoot. But to give the series of images some structure and story we needed to create some of the situations. My friends Marek Leščák and Ivan Ostrochovský helped me with that a lot. At first I wanted to make this film on my own, but after a while I realized it would not be that easy. That’s why I asked people for advice and they stepped in, many times helping me selflessly; I managed to get to know some very nice people without whom I wouldn’t be able to make this film for which I am very thankful. And of course, throughout the years I have developed good relations with the protagonists too, so when we needed to recreate some piece of reality, it was easy – even in a made-up situation they were comfortable and authentic. Now, even I am not sure which scenes were authentic and which were staged.</p>



<figure class="wp-block-image size-full"><img decoding="async" width="800" height="450" src="https://sfu.sk/wp-content/uploads/2023/10/20892.jpg" alt="" class="wp-image-10984" srcset="https://sfu.sk/wp-content/uploads/2023/10/20892.jpg 800w, https://sfu.sk/wp-content/uploads/2023/10/20892-300x169.jpg 300w, https://sfu.sk/wp-content/uploads/2023/10/20892-768x432.jpg 768w, https://sfu.sk/wp-content/uploads/2023/10/20892-600x338.jpg 600w" sizes="(max-width: 800px) 100vw, 800px" /></figure>



<p><strong><em><a href="https://sfu.sk/en/films/silent-days/">Silent Days</a></em></strong><br>East of the West – Competition</p>



<p>Screenings:<br>July 1 | 18:30 | Karlovy Vary Municipal Theatre (world premiere)<br>July 2 | 16:30 | Lázně III<br>July 4 | 13:30 | Husovka Theatre</p>

<p>Silent Days marks Pavol Pekarčík’s first sole feature film directing credit even though he is an experienced filmmaker who made multiple short films.</p>
