{"id":38210,"date":"2019-09-19T14:27:00","date_gmt":"2019-09-19T12:27:00","guid":{"rendered":"https:\/\/sfu.sk\/?post_type=novinka&#038;p=38210"},"modified":"2025-08-21T16:13:09","modified_gmt":"2025-08-21T14:13:09","slug":"casffa-2019","status":"publish","type":"novinka","link":"https:\/\/sfu.sk\/en\/news\/casffa-2019\/","title":{"rendered":"7th Czech and Slovak Film Festival of Australia"},"content":{"rendered":"<p><strong>This year the 7th edition of the Czech and Slovak Film Festival of Australia embraces the theme of \u201ckeys to the city\u201d that represents the people unlocking the doors of power and taking back control of their heartland.<\/strong><\/p>\n<p>The festival will celebrate the 30th anniversary of 1989\u2019s famously peaceful Velvet Revolution, the beginning of a new era of democracy in Czechoslovakia. On this special occasion, festival will bring a program that reflects the topic and successful contemporary cinema to the audience of Melbourne (September 19 \u2013 22, 2019) and Canberra (October 4 \u2013 6, 2019).<\/p>\n<p>Opening Night\u2018s Czech-Slovak co-production <strong><em><a href=\"https:\/\/sfu.sk\/en\/films\/on-the-roof\/\" target=\"_blank\" rel=\"noopener\">On the Roof<\/a><\/em> <\/strong>(dir. Ji\u0159\u00ed M\u00e1dl) will tell a story about meeting someone we consider to be a stranger, but it may be part that we miss. The program also includes the feature films <strong><em><a href=\"https:\/\/sfu.sk\/en\/films\/jan-palach\/\" target=\"_blank\" rel=\"noopener\">Jan Palach<\/a><\/em><\/strong> (dir. Robert Sedl\u00e1\u010dek), <strong><em><a href=\"https:\/\/sfu.sk\/en\/films\/intimate-enemy\/\" target=\"_blank\" rel=\"noopener\">Intimate Enemy<\/a><\/em><\/strong> (dir. Karel Jan\u00e1k), \u200b\u200b<strong><em><a href=\"https:\/\/sfu.sk\/en\/films\/shotgun-justice\/\" target=\"_blank\" rel=\"noopener\">Shotgun Justice<\/a><\/em><\/strong> (dir. Radek Bajgar) and documentary <strong><em><a href=\"https:\/\/sfu.sk\/en\/films\/batastories\/\" target=\"_blank\" rel=\"noopener\">BATAstories<\/a> <\/em><\/strong>(dir. Peter Kerekes). The youngest audience will enjoy the fairy tale <strong><em>Christmas Wish<\/em><\/strong> (dir. Peter Bebjak) and TV special <strong><em>Mimi &amp; Lisa: Christmas Lights Mystery<\/em><\/strong> (d. Ivana \u0160ebestov\u00e1, Katar\u00edna Kerekesov\u00e1). Slovak short will be represented by <em><strong>Journey<\/strong> <\/em>(d. Marek Jasa\u0148) that combines several animation techniques and <strong><em>Off Season<\/em><\/strong> (dir. Andrea Kalinov\u00e1) about abandoned Machn\u00e1\u010d Sanatorium, one of the most remarkable buildings of the 20th century.<\/p>\n<p><strong>Czech and Slovak Film Festival of Australia<\/strong> is organized by <a href=\"http:\/\/casffa.com.au\/\" target=\"_blank\" rel=\"noopener\">Czech and Slovak Film Festival of Australia<\/a> (CaSFFA) and <a href=\"https:\/\/www.iksimafilms.com.au\/\" target=\"_blank\" rel=\"noopener\">IKSIMA Films<\/a>. Presentation of the Slovak cinema is financially supported by the Slovak Audiovisual Fund, <a href=\"http:\/\/www.uszz.sk\/sk\/\" target=\"_blank\" rel=\"noopener\">\u00darad pre Slov\u00e1kov \u017eij\u00facich v zahrani\u010d\u00ed<\/a> and covered by production company <a href=\"http:\/\/www.arinafilm.sk\/\" target=\"_blank\" rel=\"noopener\">ARINA<\/a> and the Slovak Film Institute (SFI). The partners of the festival are the <a href=\"https:\/\/www.mzv.sk\/web\/canberra-en\" target=\"_blank\" rel=\"noopener\">Embassy of the Slovak Republic in Australia<\/a> (Canberra), the <a href=\"https:\/\/www.mzv.sk\/web\/en\" target=\"_blank\" rel=\"noopener\">Ministry of Foreign and European Affairs of the Slovak Republic<\/a> and the <a href=\"http:\/\/www.vsmu.sk\/en\/\" target=\"_blank\" rel=\"noopener\">Academy of Performing Arts<\/a> in Bratislava.<\/p>\n<p>Programme of the Slovak films at the festival:<\/p>\n<p><u>Melbourne, September 19 \u2013 22, 2019, The Capitol<\/u><br \/>\n<em><strong>On the Roof<\/strong><\/em> | September 19 | Thursday | 18:30<br \/>\n<em><strong>Shotgun Justice<\/strong><\/em><strong><em>+ Journey<\/em> |<\/strong> September 20 | Friday | 18:30<br \/>\n<em><strong>BATAstories<\/strong><\/em><strong><em>+ Off Season<\/em> |<\/strong>\u00a0September 20 | Friday | 21:00<br \/>\n<em><strong>Christmas Wish + <\/strong><strong>Mimi &amp; Lisa: Christmas Lights Mystery<\/strong><\/em> | September 21 | Saturday | 14:00<br \/>\n<em><strong>Intimate Enemy<\/strong><\/em> | September 21 | Saturday | 20:30<br \/>\n<em><strong>Jan Palach<\/strong><\/em> | September 22 | Sunday | 18:30<\/p>\n<p><u>Canberra, October 4 \u2013 6, 2019, Arc Cinema<\/u><br \/>\n<em><strong>On the Roof<\/strong> <\/em>| October 4 | Friday | 19:00<br \/>\n<em><strong>Christmas Wish + <\/strong><strong>Mimi &amp; Lisa: Christmas Lights Mystery<\/strong><\/em> | October 5 | Saturday | 14:30<br \/>\n<em><strong>Intimate Enemy<\/strong><\/em> | October 5 | Saturday | 18:00<br \/>\n<em><strong>Jan Palach<\/strong><\/em> | October 6 | Sunday | 13:30<\/p>\n<p>More information at:<br \/>\n<a href=\"\/www.casffa.com.au\/\" target=\"_blank\" rel=\"noopener\">www.casffa.com.au\/<\/a><br \/>\n<a href=\"http:\/\/www.iksimafilms.com.au\/\" target=\"_blank\" rel=\"noopener\">www.iksimafilms.com.au\/<\/a><\/p>\n","protected":false},"excerpt":{"rendered":"<p>This year the 7th edition of the Czech and Slovak Film Festival of Australia embraces the theme of \u201ckeys to the city\u201d that represents the people unlocking the doors of power and taking back control of their heartland.<\/p>\n","protected":false},"featured_media":42459,"template":"","meta":{"_acf_changed":true,"inline_featured_image":false},"kategorie_noviniek":[1965,2038,2036,2037,2145,2152],"festival":[],"rok":[],"class_list":["post-38210","novinka","type-novinka","status-publish","has-post-thumbnail","hentry","kategorie_noviniek-aic","kategorie_noviniek-archive","kategorie_noviniek-english","kategorie_noviniek-news","kategorie_noviniek-prezentacia-en","kategorie_noviniek-slovak-cinema-abroad"],"acf":[],"_links":{"self":[{"href":"https:\/\/sfu.sk\/en\/wp-json\/wp\/v2\/novinka\/38210","targetHints":{"allow":["GET"]}}],"collection":[{"href":"https:\/\/sfu.sk\/en\/wp-json\/wp\/v2\/novinka"}],"about":[{"href":"https:\/\/sfu.sk\/en\/wp-json\/wp\/v2\/types\/novinka"}],"wp:featuredmedia":[{"embeddable":true,"href":"https:\/\/sfu.sk\/en\/wp-json\/wp\/v2\/media\/42459"}],"wp:attachment":[{"href":"https:\/\/sfu.sk\/en\/wp-json\/wp\/v2\/media?parent=38210"}],"wp:term":[{"taxonomy":"kategorie_noviniek","embeddable":true,"href":"https:\/\/sfu.sk\/en\/wp-json\/wp\/v2\/kategorie_noviniek?post=38210"},{"taxonomy":"festival","embeddable":true,"href":"https:\/\/sfu.sk\/en\/wp-json\/wp\/v2\/festival?post=38210"},{"taxonomy":"rok","embeddable":true,"href":"https:\/\/sfu.sk\/en\/wp-json\/wp\/v2\/rok?post=38210"}],"curies":[{"name":"wp","href":"https:\/\/api.w.org\/{rel}","templated":true}]}}

<p><strong>This year the 7th edition of the Czech and Slovak Film Festival of Australia embraces the theme of “keys to the city” that represents the people unlocking the doors of power and taking back control of their heartland.</strong></p>
<p>The festival will celebrate the 30th anniversary of 1989’s famously peaceful Velvet Revolution, the beginning of a new era of democracy in Czechoslovakia. On this special occasion, festival will bring a program that reflects the topic and successful contemporary cinema to the audience of Melbourne (September 19 – 22, 2019) and Canberra (October 4 – 6, 2019).</p>
<p>Opening Night‘s Czech-Slovak co-production <strong><em><a href="https://sfu.sk/en/films/on-the-roof/" target="_blank" rel="noopener">On the Roof</a></em> </strong>(dir. Jiří Mádl) will tell a story about meeting someone we consider to be a stranger, but it may be part that we miss. The program also includes the feature films <strong><em><a href="https://sfu.sk/en/films/jan-palach/" target="_blank" rel="noopener">Jan Palach</a></em></strong> (dir. Robert Sedláček), <strong><em><a href="https://sfu.sk/en/films/intimate-enemy/" target="_blank" rel="noopener">Intimate Enemy</a></em></strong> (dir. Karel Janák), ​​<strong><em><a href="https://sfu.sk/en/films/shotgun-justice/" target="_blank" rel="noopener">Shotgun Justice</a></em></strong> (dir. Radek Bajgar) and documentary <strong><em><a href="https://sfu.sk/en/films/batastories/" target="_blank" rel="noopener">BATAstories</a> </em></strong>(dir. Peter Kerekes). The youngest audience will enjoy the fairy tale <strong><em>Christmas Wish</em></strong> (dir. Peter Bebjak) and TV special <strong><em>Mimi &amp; Lisa: Christmas Lights Mystery</em></strong> (d. Ivana Šebestová, Katarína Kerekesová). Slovak short will be represented by <em><strong>Journey</strong> </em>(d. Marek Jasaň) that combines several animation techniques and <strong><em>Off Season</em></strong> (dir. Andrea Kalinová) about abandoned Machnáč Sanatorium, one of the most remarkable buildings of the 20th century.</p>
<p><strong>Czech and Slovak Film Festival of Australia</strong> is organized by <a href="http://casffa.com.au/" target="_blank" rel="noopener">Czech and Slovak Film Festival of Australia</a> (CaSFFA) and <a href="https://www.iksimafilms.com.au/" target="_blank" rel="noopener">IKSIMA Films</a>. Presentation of the Slovak cinema is financially supported by the Slovak Audiovisual Fund, <a href="http://www.uszz.sk/sk/" target="_blank" rel="noopener">Úrad pre Slovákov žijúcich v zahraničí</a> and covered by production company <a href="http://www.arinafilm.sk/" target="_blank" rel="noopener">ARINA</a> and the Slovak Film Institute (SFI). The partners of the festival are the <a href="https://www.mzv.sk/web/canberra-en" target="_blank" rel="noopener">Embassy of the Slovak Republic in Australia</a> (Canberra), the <a href="https://www.mzv.sk/web/en" target="_blank" rel="noopener">Ministry of Foreign and European Affairs of the Slovak Republic</a> and the <a href="http://www.vsmu.sk/en/" target="_blank" rel="noopener">Academy of Performing Arts</a> in Bratislava.</p>
<p>Programme of the Slovak films at the festival:</p>
<p><u>Melbourne, September 19 – 22, 2019, The Capitol</u><br />
<em><strong>On the Roof</strong></em> | September 19 | Thursday | 18:30<br />
<em><strong>Shotgun Justice</strong></em><strong><em>+ Journey</em> |</strong> September 20 | Friday | 18:30<br />
<em><strong>BATAstories</strong></em><strong><em>+ Off Season</em> |</strong> September 20 | Friday | 21:00<br />
<em><strong>Christmas Wish + </strong><strong>Mimi &amp; Lisa: Christmas Lights Mystery</strong></em> | September 21 | Saturday | 14:00<br />
<em><strong>Intimate Enemy</strong></em> | September 21 | Saturday | 20:30<br />
<em><strong>Jan Palach</strong></em> | September 22 | Sunday | 18:30</p>
<p><u>Canberra, October 4 – 6, 2019, Arc Cinema</u><br />
<em><strong>On the Roof</strong> </em>| October 4 | Friday | 19:00<br />
<em><strong>Christmas Wish + </strong><strong>Mimi &amp; Lisa: Christmas Lights Mystery</strong></em> | October 5 | Saturday | 14:30<br />
<em><strong>Intimate Enemy</strong></em> | October 5 | Saturday | 18:00<br />
<em><strong>Jan Palach</strong></em> | October 6 | Sunday | 13:30</p>
<p>More information at:<br />
<a href="/www.casffa.com.au/" target="_blank" rel="noopener">www.casffa.com.au/</a><br />
<a href="http://www.iksimafilms.com.au/" target="_blank" rel="noopener">www.iksimafilms.com.au/</a></p>
