{"id":38214,"date":"2019-10-24T14:27:00","date_gmt":"2019-10-24T12:27:00","guid":{"rendered":"https:\/\/sfu.sk\/?post_type=novinka&#038;p=38214"},"modified":"2025-08-21T17:00:15","modified_gmt":"2025-08-21T15:00:15","slug":"dok-leipzig-2019","status":"publish","type":"novinka","link":"https:\/\/sfu.sk\/en\/news\/dok-leipzig-2019\/","title":{"rendered":"Slovak documents at DOK Leipzig 2019"},"content":{"rendered":"<p align=\"justify\">The collection of Slovak documentary films from the 1960s celebrates success internationally. The selection of documentaries from the golden era of Slovak cinematography has already been presented at several foreign events, and in October it will be presented at the 62nd <a href=\"https:\/\/www.dok-leipzig.de\/de\/home\" target=\"_blank\" rel=\"noopener\">International Documentary and Animated Film Festival DOK Leipzig<\/a> (October 28 \u2013 November 3, 2019).<\/p>\n<p>The program of the Leipzig festival includes five Slovak documentary shorts:<br \/>\n<strong><em>Water and Work<\/em><\/strong> (dir. Martin Slivka)<br \/>\n<strong><em>Hands<\/em> <\/strong>(dir. Jozef Zachar)<br \/>\n<strong><em>Man from the Gader Valley<\/em><\/strong> (dir. Ladislav Kudelka)<br \/>\n<strong><em>Photographing the House-Dwellers<\/em><\/strong> (dir. Du\u0161an Tran\u010d\u00edk)<br \/>\n<em><strong>Confession<\/strong> <\/em>(dir. Pavol S\u00fdkora)<\/p>\n<p>The films will be presented during the Special Screenings section and their selection \u201c<em>points to a personal, socially critical and formally innovative approach to documentary work of Slovak authors in the 1960s. In this period, the filmmakers understood how strong documentary films without spoken words could be, or how to use irony as a form of political and social commentary<\/em>,\u201d says Tom\u00e1\u0161 Hud\u00e1k from the National Cinematographic Center of the Slovak Film Institute (SFI), who will represent the SFI in Leipzig.<\/p>\n<p>The screening will also include a presentation of the 2-DVD set <em>Slovak Documentary Film 60<\/em> (published by the SFI), which was compiled by Rudolf Urc together with film journalist Pavel Branko. The screening of Slovak documents from the 1960s will take place on Tuesday, 29 October 2019.<\/p>\n<p>Late Harvest competitive section will present documentary <strong><a href=\"https:\/\/sfu.sk\/en\/films\/wind-a-documentary-thriller\/\"><em>The Wind. A Documentary Thriller<\/em><\/a><\/strong> (dir. Micha\u0142 Bielawski) about man and nature. The short-length co-production animated film <strong><a href=\"https:\/\/sfu.sk\/en\/films\/the-kite\/\"><em>The Kite<\/em><\/a><\/strong> (dir. Martin Smatana) will be screened as part of the non-competitive section Kids DOK.<\/p>\n","protected":false},"excerpt":{"rendered":"<p>The collection of Slovak documentary films from the 1960s celebrates success internationally. The selection of documentaries from the golden era of Slovak cinematography has already been presented at several foreign events, and in October it will be presented at the 62nd International Documentary and Animated Film Festival DOK Leipzig (October 28 &#8211; November 3, 2019).<\/p>\n","protected":false},"featured_media":42351,"template":"","meta":{"_acf_changed":false,"inline_featured_image":false},"kategorie_noviniek":[1965,2038,2036,2037,2145,2150,520],"festival":[],"rok":[],"class_list":["post-38214","novinka","type-novinka","status-publish","has-post-thumbnail","hentry","kategorie_noviniek-aic","kategorie_noviniek-archive","kategorie_noviniek-english","kategorie_noviniek-news","kategorie_noviniek-prezentacia-en","kategorie_noviniek-slovak-classics","kategorie_noviniek-slovensky-film-v-zahranici"],"acf":[],"_links":{"self":[{"href":"https:\/\/sfu.sk\/en\/wp-json\/wp\/v2\/novinka\/38214","targetHints":{"allow":["GET"]}}],"collection":[{"href":"https:\/\/sfu.sk\/en\/wp-json\/wp\/v2\/novinka"}],"about":[{"href":"https:\/\/sfu.sk\/en\/wp-json\/wp\/v2\/types\/novinka"}],"wp:featuredmedia":[{"embeddable":true,"href":"https:\/\/sfu.sk\/en\/wp-json\/wp\/v2\/media\/42351"}],"wp:attachment":[{"href":"https:\/\/sfu.sk\/en\/wp-json\/wp\/v2\/media?parent=38214"}],"wp:term":[{"taxonomy":"kategorie_noviniek","embeddable":true,"href":"https:\/\/sfu.sk\/en\/wp-json\/wp\/v2\/kategorie_noviniek?post=38214"},{"taxonomy":"festival","embeddable":true,"href":"https:\/\/sfu.sk\/en\/wp-json\/wp\/v2\/festival?post=38214"},{"taxonomy":"rok","embeddable":true,"href":"https:\/\/sfu.sk\/en\/wp-json\/wp\/v2\/rok?post=38214"}],"curies":[{"name":"wp","href":"https:\/\/api.w.org\/{rel}","templated":true}]}}

<p align="justify">The collection of Slovak documentary films from the 1960s celebrates success internationally. The selection of documentaries from the golden era of Slovak cinematography has already been presented at several foreign events, and in October it will be presented at the 62nd <a href="https://www.dok-leipzig.de/de/home" target="_blank" rel="noopener">International Documentary and Animated Film Festival DOK Leipzig</a> (October 28 – November 3, 2019).</p>
<p>The program of the Leipzig festival includes five Slovak documentary shorts:<br />
<strong><em>Water and Work</em></strong> (dir. Martin Slivka)<br />
<strong><em>Hands</em> </strong>(dir. Jozef Zachar)<br />
<strong><em>Man from the Gader Valley</em></strong> (dir. Ladislav Kudelka)<br />
<strong><em>Photographing the House-Dwellers</em></strong> (dir. Dušan Trančík)<br />
<em><strong>Confession</strong> </em>(dir. Pavol Sýkora)</p>
<p>The films will be presented during the Special Screenings section and their selection “<em>points to a personal, socially critical and formally innovative approach to documentary work of Slovak authors in the 1960s. In this period, the filmmakers understood how strong documentary films without spoken words could be, or how to use irony as a form of political and social commentary</em>,” says Tomáš Hudák from the National Cinematographic Center of the Slovak Film Institute (SFI), who will represent the SFI in Leipzig.</p>
<p>The screening will also include a presentation of the 2-DVD set <em>Slovak Documentary Film 60</em> (published by the SFI), which was compiled by Rudolf Urc together with film journalist Pavel Branko. The screening of Slovak documents from the 1960s will take place on Tuesday, 29 October 2019.</p>
<p>Late Harvest competitive section will present documentary <strong><a href="https://sfu.sk/en/films/wind-a-documentary-thriller/"><em>The Wind. A Documentary Thriller</em></a></strong> (dir. Michał Bielawski) about man and nature. The short-length co-production animated film <strong><a href="https://sfu.sk/en/films/the-kite/"><em>The Kite</em></a></strong> (dir. Martin Smatana) will be screened as part of the non-competitive section Kids DOK.</p>
