{"id":38218,"date":"2019-11-12T15:27:00","date_gmt":"2019-11-12T14:27:00","guid":{"rendered":"https:\/\/sfu.sk\/?post_type=novinka&#038;p=38218"},"modified":"2025-09-05T14:33:47","modified_gmt":"2025-09-05T12:33:47","slug":"tallinn-black-nights-2019","status":"publish","type":"novinka","link":"https:\/\/sfu.sk\/en\/news\/tallinn-black-nights-2019\/","title":{"rendered":"Slovak presence at Tallinn Black Nights 2019"},"content":{"rendered":"<p><strong>One of the biggest film festivals in Northern Europe with busiest regional industry platforms <a href=\"https:\/\/poff.ee\/\" target=\"_blank\" rel=\"noopener\">Tallinn Black Nights Film Festival<\/a> (November 15 \u2013 December 1, 2019) will introduce at its 23rd edition two Slovak features including world premiere of Mira Fornay\u2019s absurd drama <em><a href=\"https:\/\/sfu.sk\/en\/films\/cook-fk-kill\/\" target=\"_blank\" rel=\"noopener\">Cook, F**k, Kill<\/a><\/em>. Slovak cinema will also be present within Tallinn\u2019s sub-festivals <a href=\"https:\/\/www.justfilm.ee\/\" target=\"_blank\" rel=\"noopener\">Just Film<\/a>, <a href=\"https:\/\/shorts.poff.ee\/\" target=\"_blank\" rel=\"noopener\">P\u00d6FF Shorts<\/a> and at programs dedicated to film industry professionals.<\/strong><\/p>\n<p>Feature drama <strong><em><a href=\"https:\/\/sfu.sk\/en\/films\/cook-fk-kill\/\" target=\"_blank\" rel=\"noopener\">Cook, F**k, Kill<\/a><\/em> <\/strong>by Mira Fornay will world premiere in the competitive section Rebel with a Cause. The tale of a day in the life of Jaroslav K. (43) depicts a conniving and violent tormentor, sexual and domestic abuse with an unexpected end. <em>\u201eThis film was inspired by almost two years of research in both male and female prisons. Using experience gained, I approached my third film in a more daring way, going deep into my soul using what I call the \u2019analogue method\u2019 a language of metaphors and my imagination based on solid research in the real world. I have rewritten my research into the language of an imaginary parallel world, thus creating a tiny layer on top of reality that helps the audience see through unconscious connections, instead of through the logic of social norms.&#8221;<br \/>\n<\/em><br \/>\n<em>&#8220;Although many are reluctant to accept that such abuse exists on their home ground, certainly in Central Europe, it is sadly a phenomenon without borders. I believe that my absurdist drama rendered in non-traditional form of game will present a novel perspective on intimacy, sexuality, and violence, and in particular on domestic violence in modern society,\u201c <\/em>said director and screenwriter of the film<em>.<br \/>\n<\/em><br \/>\nThe Current Waves section, that includes films already premiered at other renowned festivals, will feature <strong><em><a href=\"https:\/\/sfu.sk\/en\/films\/the-painted-bird\/\" target=\"_blank\" rel=\"noopener\">The Painted Bird<\/a><\/em> <\/strong>by V\u00e1clav Marhoul.<\/p>\n<p>The sub-festival Just Film, dedicated mainly to younger audience, will introduce two Slovak features: <strong><em><a href=\"https:\/\/sfu.sk\/en\/films\/the-scent-of-oranges\/\" target=\"_blank\" rel=\"noopener\">The Scent of Oranges<\/a><\/em><\/strong> (dir. Ivan Pokorn\u00fd) about Derek growing up in the isolated yet beautiful Lusatian Mountains and sci-fi adventure <strong><em><a href=\"https:\/\/sfu.sk\/en\/films\/my-grandpa-is-an-alien\/\" target=\"_blank\" rel=\"noopener\">My Grandpa Is an Alien<\/a><\/em><\/strong> (dir. Dra\u017een \u017darkovi\u0107, Marina Andree \u0160kop).<\/p>\n<p>Two animated shortswill be screened within <a href=\"https:\/\/shorts.poff.ee\/\" target=\"_blank\" rel=\"noopener\">P\u00d6FF Shorts<\/a> sub-festival: <strong><em><a href=\"https:\/\/sfu.sk\/en\/films\/the-kite\/\" target=\"_blank\" rel=\"noopener\">The Kite<\/a><\/em><\/strong> (dir. Martin Smatana) that deals with the issue of death and <strong><em><a href=\"https:\/\/sfu.sk\/en\/films\/sh_t-happens\/\" target=\"_blank\" rel=\"noopener\">Sh_t Happens<\/a><\/em><\/strong> (dir. David \u0160tumpf, Michael Mih\u00e1lyi) about the caretaker, his wife and her lover.<\/p>\n<p>Industry@Tallinn &amp; Baltic Event, the event organized for film professionals in the framework of the festival, will host Juraj Bohu\u0161\u2018 upcoming feature debut <strong><em><a href=\"https:\/\/sfu.sk\/en\/films\/stand-up\/\" target=\"_blank\" rel=\"noopener\">Stand Up<\/a><\/em> <\/strong>within the section Works in Progress and <em>The File<\/em> by Jon\u00e1\u0161 Kar\u00e1sek in Co-production Market.<\/p>\n<p>More information at: <a href=\"https:\/\/poff.ee\/\">https:\/\/poff.ee\/<\/a><\/p>\n","protected":false},"excerpt":{"rendered":"<p>One of the biggest film festivals in Northern Europe with busiest regional industry platforms Tallinn Black Nights Film Festival (November 15 \u2013 December 1, 2019) will introduce at its 23rd edition two Slovak features including world premiere of Mira Fornay\u2019s absurd drama Cook, F**k, Kill. Slovak cinema will also be present within Tallinn\u2019s sub-festivals Just Film, P\u00d6FF Shorts and at programs dedicated to film industry professionals.<\/p>\n","protected":false},"featured_media":42337,"template":"","meta":{"_acf_changed":false,"inline_featured_image":false},"kategorie_noviniek":[1965,2038,2036,2037,2145,2152],"festival":[],"rok":[2172],"class_list":["post-38218","novinka","type-novinka","status-publish","has-post-thumbnail","hentry","kategorie_noviniek-aic","kategorie_noviniek-archive","kategorie_noviniek-english","kategorie_noviniek-news","kategorie_noviniek-prezentacia-en","kategorie_noviniek-slovak-cinema-abroad"],"acf":[],"_links":{"self":[{"href":"https:\/\/sfu.sk\/en\/wp-json\/wp\/v2\/novinka\/38218","targetHints":{"allow":["GET"]}}],"collection":[{"href":"https:\/\/sfu.sk\/en\/wp-json\/wp\/v2\/novinka"}],"about":[{"href":"https:\/\/sfu.sk\/en\/wp-json\/wp\/v2\/types\/novinka"}],"wp:featuredmedia":[{"embeddable":true,"href":"https:\/\/sfu.sk\/en\/wp-json\/wp\/v2\/media\/42337"}],"wp:attachment":[{"href":"https:\/\/sfu.sk\/en\/wp-json\/wp\/v2\/media?parent=38218"}],"wp:term":[{"taxonomy":"kategorie_noviniek","embeddable":true,"href":"https:\/\/sfu.sk\/en\/wp-json\/wp\/v2\/kategorie_noviniek?post=38218"},{"taxonomy":"festival","embeddable":true,"href":"https:\/\/sfu.sk\/en\/wp-json\/wp\/v2\/festival?post=38218"},{"taxonomy":"rok","embeddable":true,"href":"https:\/\/sfu.sk\/en\/wp-json\/wp\/v2\/rok?post=38218"}],"curies":[{"name":"wp","href":"https:\/\/api.w.org\/{rel}","templated":true}]}}

<p><strong>One of the biggest film festivals in Northern Europe with busiest regional industry platforms <a href="https://poff.ee/" target="_blank" rel="noopener">Tallinn Black Nights Film Festival</a> (November 15 – December 1, 2019) will introduce at its 23rd edition two Slovak features including world premiere of Mira Fornay’s absurd drama <em><a href="https://sfu.sk/en/films/cook-fk-kill/" target="_blank" rel="noopener">Cook, F**k, Kill</a></em>. Slovak cinema will also be present within Tallinn’s sub-festivals <a href="https://www.justfilm.ee/" target="_blank" rel="noopener">Just Film</a>, <a href="https://shorts.poff.ee/" target="_blank" rel="noopener">PÖFF Shorts</a> and at programs dedicated to film industry professionals.</strong></p>
<p>Feature drama <strong><em><a href="https://sfu.sk/en/films/cook-fk-kill/" target="_blank" rel="noopener">Cook, F**k, Kill</a></em> </strong>by Mira Fornay will world premiere in the competitive section Rebel with a Cause. The tale of a day in the life of Jaroslav K. (43) depicts a conniving and violent tormentor, sexual and domestic abuse with an unexpected end. <em>„This film was inspired by almost two years of research in both male and female prisons. Using experience gained, I approached my third film in a more daring way, going deep into my soul using what I call the ’analogue method’ a language of metaphors and my imagination based on solid research in the real world. I have rewritten my research into the language of an imaginary parallel world, thus creating a tiny layer on top of reality that helps the audience see through unconscious connections, instead of through the logic of social norms.&#8221;<br />
</em><br />
<em>&#8220;Although many are reluctant to accept that such abuse exists on their home ground, certainly in Central Europe, it is sadly a phenomenon without borders. I believe that my absurdist drama rendered in non-traditional form of game will present a novel perspective on intimacy, sexuality, and violence, and in particular on domestic violence in modern society,“ </em>said director and screenwriter of the film<em>.<br />
</em><br />
The Current Waves section, that includes films already premiered at other renowned festivals, will feature <strong><em><a href="https://sfu.sk/en/films/the-painted-bird/" target="_blank" rel="noopener">The Painted Bird</a></em> </strong>by Václav Marhoul.</p>
<p>The sub-festival Just Film, dedicated mainly to younger audience, will introduce two Slovak features: <strong><em><a href="https://sfu.sk/en/films/the-scent-of-oranges/" target="_blank" rel="noopener">The Scent of Oranges</a></em></strong> (dir. Ivan Pokorný) about Derek growing up in the isolated yet beautiful Lusatian Mountains and sci-fi adventure <strong><em><a href="https://sfu.sk/en/films/my-grandpa-is-an-alien/" target="_blank" rel="noopener">My Grandpa Is an Alien</a></em></strong> (dir. Dražen Žarković, Marina Andree Škop).</p>
<p>Two animated shortswill be screened within <a href="https://shorts.poff.ee/" target="_blank" rel="noopener">PÖFF Shorts</a> sub-festival: <strong><em><a href="https://sfu.sk/en/films/the-kite/" target="_blank" rel="noopener">The Kite</a></em></strong> (dir. Martin Smatana) that deals with the issue of death and <strong><em><a href="https://sfu.sk/en/films/sh_t-happens/" target="_blank" rel="noopener">Sh_t Happens</a></em></strong> (dir. David Štumpf, Michael Mihályi) about the caretaker, his wife and her lover.</p>
<p>Industry@Tallinn &amp; Baltic Event, the event organized for film professionals in the framework of the festival, will host Juraj Bohuš‘ upcoming feature debut <strong><em><a href="https://sfu.sk/en/films/stand-up/" target="_blank" rel="noopener">Stand Up</a></em> </strong>within the section Works in Progress and <em>The File</em> by Jonáš Karásek in Co-production Market.</p>
<p>More information at: <a href="https://poff.ee/">https://poff.ee/</a></p>

<p>One of the biggest film festivals in Northern Europe with busiest regional industry platforms Tallinn Black Nights Film Festival (November 15 – December 1, 2019) will introduce at its 23rd edition two Slovak features including world premiere of Mira Fornay’s absurd drama Cook, F**k, Kill. Slovak cinema will also be present within Tallinn’s sub-festivals Just Film, PÖFF Shorts and at programs dedicated to film industry professionals.</p>
