{"id":38220,"date":"2020-01-30T15:27:00","date_gmt":"2020-01-30T14:27:00","guid":{"rendered":"https:\/\/sfu.sk\/?post_type=novinka&#038;p=38220"},"modified":"2025-09-05T15:20:06","modified_gmt":"2025-09-05T13:20:06","slug":"clermont-ferrand-2020","status":"publish","type":"novinka","link":"https:\/\/sfu.sk\/en\/news\/clermont-ferrand-2020\/","title":{"rendered":"Slovak Film Institute Back in Clermont-Ferrand!"},"content":{"rendered":"<p><strong>After last year&#8217;s exceptional success, Slovak shorts continue to thrive. The <a href=\"\/www.clermont-filmfest.org\/en\" target=\"_blank\" rel=\"noopener\">Clermont-Ferrand International Short Film Festival<\/a> (January 1 \u2013 February 8, 2020), one of the world\u2019s largest and most prestigious film festivals dedicated to short films, will present two Slovak animated films in its program. Furthermore, Slovakia will be represented for the second time within the <a href=\"https:\/\/www.clermont-filmfest.org\/en\/short-film-market\/about\/\" target=\"_blank\" rel=\"noopener\">Short Film Market<\/a> (February 3 \u2013 6, 2020).<\/strong><\/p>\n<p>Short animated <strong><em><a href=\"https:\/\/sfu.sk\/en\/films\/sh_t-happens\/\" target=\"_blank\" rel=\"noopener\">Sh_t Happens<\/a><\/em><\/strong> by the director duo David \u0160tumpf &amp; Michaela Mih\u00e1lyi will be presented in International Competition. The story of the caretaker exhausted by everything, his frustrated wife and one totally depressed deer has successfully started its festival circuit at the <a href=\"https:\/\/www.labiennale.org\/en\/cinema\/2019\" target=\"_blank\" rel=\"noopener\">76th Venice IFF<\/a> within competitive section Orizzonti and followed by the screening at the <a href=\"http:\/\/www.sundance.org\/\" target=\"_blank\" rel=\"noopener\">35th Sundance Film Festival<\/a>.<\/p>\n<p>The younger audience will get a chance to enjoy by Martin Smatana\u2019s <strong><em><a href=\"https:\/\/sfu.sk\/en\/films\/the-kite\/\" target=\"_blank\" rel=\"noopener\">The Kite<\/a><\/em><\/strong>, which was world premiered at the <a href=\"http:\/\/www.berlinale.de\/\" target=\"_blank\" rel=\"noopener\">69th Berlinale<\/a> within Generation Kplus and won several major awards including the Award for the best children\u2019s animated film at the <a href=\"https:\/\/www.itfs.de\/en\/\" target=\"_blank\" rel=\"noopener\">26th Stuttgart Festival of Animated Film<\/a> or Young Audience Award at the <a href=\"https:\/\/www.annecy.org\/home\" target=\"_blank\" rel=\"noopener\">Annecy International Animated Film Festival<\/a>.<\/p>\n<p>Thanks to co-operation with Czech Film Center and Slovenian Film Centre, the Slovak Film Institute will attend the Short Film Market\u00a0for the second time under the umbrella of Central European Cinema.<br \/>\n<strong><br \/>\n<\/strong><a href=\"https:\/\/www.clermont-filmfest.org\/en\/short-film-market\/euro-connection\/\" target=\"_blank\" rel=\"noopener\"><u>Euro Connection<\/u><\/a><strong><br \/>\n<\/strong><br \/>\nEuro Connection is the European Short Film Co-production Forum taking place each year at the Clermont-Ferrand Short Film Market. This business platform aims at fostering partnerships between European production companies for short film projects. In collaboration with the European correspondents, a dozen producers are also invited to be in the <a href=\"https:\/\/www.clermont-filmfest.org\/wp-content\/uploads\/2020\/01\/BoPP20-1.pdf\" target=\"_blank\" rel=\"noopener\">Producers Focus<\/a>. This year, Slovakia is represented by Peter Bada\u010d (<a href=\"https:\/\/www.bfilm.sk\/\" target=\"_blank\" rel=\"noopener\">BFILM<\/a>), who is also a producer of both mentioned films included in the festival program.<\/p>\n<p>Come and meet us at Central European Cinema Stand No. 23!<\/p>\n<p>Representative of Slovak Film Institute in Clermont Ferrand: Lea Pag\u00e1\u010dov\u00e1, <a href=\"mailto:lea.pagacova@sfu.sk\">lea.pagacova@sfu.sk<\/a><\/p>\n<p><a href=\"https:\/\/sfu.sk\/wp-content\/uploads\/2024\/04\/slovak-short-films-20-21.pdf\" target=\"_blank\" rel=\"noopener\">Newsletter Slovak Short Films.<\/a><\/p>\n<p>Programme of Slovak films:<\/p>\n<p><u><a href=\"https:\/\/sfu.sk\/en\/films\/sh_t-happens\/\"><strong><em>Sh_t Happens<\/em><\/strong><\/a>, dir. David \u0160tumpf &amp; Michaela Mih\u00e1lyi, CZ-SK-FR, 2019<br \/>\n<\/u>February 1 | 22:15 | Genova<br \/>\nFebruary 2 | 15:00 | Agn\u00e8s Varda<br \/>\nFebruary 3 | 16:00 | Cocteau<br \/>\nFebruary 4 | 20:15 | Genova<br \/>\nFebruary 5 | 18:00 | Genova<br \/>\nFebruary 6 | 18:00 | Cocteau<br \/>\nFebruary 7 | 11:00 | Vian<br \/>\nFebruary 8 | 13:00 | Hospital<\/p>\n<p><u><a href=\"https:\/\/sfu.sk\/en\/films\/the-kite\/\"><strong><em>The Kite<\/em><\/strong><\/a>, dir. Martin Smatana, CZ-SK-PL, 2019<br \/>\n<\/u>February 1 | 16:00 | Conchon<br \/>\nFebruary 2 | 14:00 | Petit V\u00e9lo<br \/>\nFebruary 3 | 09:45 | Capitole 2<br \/>\nFebruary 4 | 09:45 | Capitole 2<br \/>\nFebruary 5 | 09:45 | Capitole 2<br \/>\nFebruary 5 | 14:00 | Jaude 1<br \/>\nFebruary 6 | 09:45 | Capitole 2<br \/>\nFebruary 7 | 09:45 | Capitole 2<br \/>\nFebruary 7 | 19:30 | Stade nautique<br \/>\nFebruary 8 | 14:00 | Petit V\u00e9lo<br \/>\nFebruary 9 | 14:00 | Rio<\/p>\n<p>More information at: <a href=\"http:\/\/www.clermont-filmfest.org\/en\">www.clermont-filmfest.org\/en<\/a><\/p>\n","protected":false},"excerpt":{"rendered":"<p>After last year&#8217;s exceptional success, Slovak shorts continue to thrive. Clermont-Ferrand International Short Film Festival (January 1 \u2013 February 8, 2020), one of the world\u2019s largest and most prestigious film festivals dedicated to short films, will present two Slovak animated films in its program. Furthermore, Slovakia will be represented for the second time within Short Film Market (February 3 \u2013 6, 2020).<\/p>\n","protected":false},"featured_media":42333,"template":"","meta":{"_acf_changed":false,"inline_featured_image":false},"kategorie_noviniek":[1965,2038,2036,2037,2145,2144,2152],"festival":[2322],"rok":[2173],"class_list":["post-38220","novinka","type-novinka","status-publish","has-post-thumbnail","hentry","kategorie_noviniek-aic","kategorie_noviniek-archive","kategorie_noviniek-english","kategorie_noviniek-news","kategorie_noviniek-prezentacia-en","kategorie_noviniek-slovenska-kinematografia-na-festivaloch-en","kategorie_noviniek-slovak-cinema-abroad"],"acf":[],"_links":{"self":[{"href":"https:\/\/sfu.sk\/en\/wp-json\/wp\/v2\/novinka\/38220","targetHints":{"allow":["GET"]}}],"collection":[{"href":"https:\/\/sfu.sk\/en\/wp-json\/wp\/v2\/novinka"}],"about":[{"href":"https:\/\/sfu.sk\/en\/wp-json\/wp\/v2\/types\/novinka"}],"wp:featuredmedia":[{"embeddable":true,"href":"https:\/\/sfu.sk\/en\/wp-json\/wp\/v2\/media\/42333"}],"wp:attachment":[{"href":"https:\/\/sfu.sk\/en\/wp-json\/wp\/v2\/media?parent=38220"}],"wp:term":[{"taxonomy":"kategorie_noviniek","embeddable":true,"href":"https:\/\/sfu.sk\/en\/wp-json\/wp\/v2\/kategorie_noviniek?post=38220"},{"taxonomy":"festival","embeddable":true,"href":"https:\/\/sfu.sk\/en\/wp-json\/wp\/v2\/festival?post=38220"},{"taxonomy":"rok","embeddable":true,"href":"https:\/\/sfu.sk\/en\/wp-json\/wp\/v2\/rok?post=38220"}],"curies":[{"name":"wp","href":"https:\/\/api.w.org\/{rel}","templated":true}]}}

<p><strong>After last year&#8217;s exceptional success, Slovak shorts continue to thrive. The <a href="/www.clermont-filmfest.org/en" target="_blank" rel="noopener">Clermont-Ferrand International Short Film Festival</a> (January 1 – February 8, 2020), one of the world’s largest and most prestigious film festivals dedicated to short films, will present two Slovak animated films in its program. Furthermore, Slovakia will be represented for the second time within the <a href="https://www.clermont-filmfest.org/en/short-film-market/about/" target="_blank" rel="noopener">Short Film Market</a> (February 3 – 6, 2020).</strong></p>
<p>Short animated <strong><em><a href="https://sfu.sk/en/films/sh_t-happens/" target="_blank" rel="noopener">Sh_t Happens</a></em></strong> by the director duo David Štumpf &amp; Michaela Mihályi will be presented in International Competition. The story of the caretaker exhausted by everything, his frustrated wife and one totally depressed deer has successfully started its festival circuit at the <a href="https://www.labiennale.org/en/cinema/2019" target="_blank" rel="noopener">76th Venice IFF</a> within competitive section Orizzonti and followed by the screening at the <a href="http://www.sundance.org/" target="_blank" rel="noopener">35th Sundance Film Festival</a>.</p>
<p>The younger audience will get a chance to enjoy by Martin Smatana’s <strong><em><a href="https://sfu.sk/en/films/the-kite/" target="_blank" rel="noopener">The Kite</a></em></strong>, which was world premiered at the <a href="http://www.berlinale.de/" target="_blank" rel="noopener">69th Berlinale</a> within Generation Kplus and won several major awards including the Award for the best children’s animated film at the <a href="https://www.itfs.de/en/" target="_blank" rel="noopener">26th Stuttgart Festival of Animated Film</a> or Young Audience Award at the <a href="https://www.annecy.org/home" target="_blank" rel="noopener">Annecy International Animated Film Festival</a>.</p>
<p>Thanks to co-operation with Czech Film Center and Slovenian Film Centre, the Slovak Film Institute will attend the Short Film Market for the second time under the umbrella of Central European Cinema.<br />
<strong><br />
</strong><a href="https://www.clermont-filmfest.org/en/short-film-market/euro-connection/" target="_blank" rel="noopener"><u>Euro Connection</u></a><strong><br />
</strong><br />
Euro Connection is the European Short Film Co-production Forum taking place each year at the Clermont-Ferrand Short Film Market. This business platform aims at fostering partnerships between European production companies for short film projects. In collaboration with the European correspondents, a dozen producers are also invited to be in the <a href="https://www.clermont-filmfest.org/wp-content/uploads/2020/01/BoPP20-1.pdf" target="_blank" rel="noopener">Producers Focus</a>. This year, Slovakia is represented by Peter Badač (<a href="https://www.bfilm.sk/" target="_blank" rel="noopener">BFILM</a>), who is also a producer of both mentioned films included in the festival program.</p>
<p>Come and meet us at Central European Cinema Stand No. 23!</p>
<p>Representative of Slovak Film Institute in Clermont Ferrand: Lea Pagáčová, <a href="mailto:lea.pagacova@sfu.sk">lea.pagacova@sfu.sk</a></p>
<p><a href="https://sfu.sk/wp-content/uploads/2024/04/slovak-short-films-20-21.pdf" target="_blank" rel="noopener">Newsletter Slovak Short Films.</a></p>
<p>Programme of Slovak films:</p>
<p><u><a href="https://sfu.sk/en/films/sh_t-happens/"><strong><em>Sh_t Happens</em></strong></a>, dir. David Štumpf &amp; Michaela Mihályi, CZ-SK-FR, 2019<br />
</u>February 1 | 22:15 | Genova<br />
February 2 | 15:00 | Agnès Varda<br />
February 3 | 16:00 | Cocteau<br />
February 4 | 20:15 | Genova<br />
February 5 | 18:00 | Genova<br />
February 6 | 18:00 | Cocteau<br />
February 7 | 11:00 | Vian<br />
February 8 | 13:00 | Hospital</p>
<p><u><a href="https://sfu.sk/en/films/the-kite/"><strong><em>The Kite</em></strong></a>, dir. Martin Smatana, CZ-SK-PL, 2019<br />
</u>February 1 | 16:00 | Conchon<br />
February 2 | 14:00 | Petit Vélo<br />
February 3 | 09:45 | Capitole 2<br />
February 4 | 09:45 | Capitole 2<br />
February 5 | 09:45 | Capitole 2<br />
February 5 | 14:00 | Jaude 1<br />
February 6 | 09:45 | Capitole 2<br />
February 7 | 09:45 | Capitole 2<br />
February 7 | 19:30 | Stade nautique<br />
February 8 | 14:00 | Petit Vélo<br />
February 9 | 14:00 | Rio</p>
<p>More information at: <a href="http://www.clermont-filmfest.org/en">www.clermont-filmfest.org/en</a></p>
