{"id":38235,"date":"2020-05-04T14:28:00","date_gmt":"2020-05-04T12:28:00","guid":{"rendered":"https:\/\/sfu.sk\/?post_type=novinka&#038;p=38235"},"modified":"2025-09-08T13:33:24","modified_gmt":"2025-09-08T11:33:24","slug":"goeast-2020","status":"publish","type":"novinka","link":"https:\/\/sfu.sk\/en\/news\/goeast-2020\/","title":{"rendered":"Slovak films at the first online goEast 2020"},"content":{"rendered":"<p><a href=\"https:\/\/www.filmfestival-goeast.de\/en\/\" target=\"_blank\" rel=\"noopener\">The 20th goEast<\/a> (Festival of Central and Eastern European Film) will take place despite the ongoing COVID-19 pandemic. On the promised dates (May 5 \u2013 11, 2020) it is however moving to the online space. As the art of film belongs to the cinema, the festival team decided to postpone several program sections until the end of this year with promised participation of expected guests.<\/p>\n<p>The re-scheduling will affect, among other things, the retrospective section Symposium, which will present a Slovak film by Martin \u0160ul\u00edk <strong><em>The Garden<\/em><\/strong>. The festival will also present contemporary Slovak works &#8211; the Specials section will open with the black and white feature film <strong><em><a href=\"https:\/\/sfu.sk\/en\/films\/servants\/\" target=\"_blank\" rel=\"noopener\">Servants<\/a><\/em> <\/strong>(dir. Ivan Ostrochovsk\u00fd). Another black and white film in the program is a minority co-production <strong><em><a href=\"https:\/\/sfu.sk\/en\/films\/the-painted-bird\/\" target=\"_blank\" rel=\"noopener\">The Painted Bird<\/a><\/em><\/strong> (dir. V\u00e1clav Marhoul) included in the Europa Europa section. The selection closes with the political documentary <strong><em><a href=\"https:\/\/sfu.sk\/en\/films\/never-happened\/\" target=\"_blank\" rel=\"noopener\">Never Happened<\/a><\/em><\/strong> (dir. Barbora Berez\u0148\u00e1kov\u00e1) from the Bioscop section.<\/p>\n","protected":false},"excerpt":{"rendered":"<p>The 20th goEast (Festival of Central and Eastern European Film) will take place despite the ongoing COVID-19 pandemic. On the promised dates (May 5 \u2013 11, 2020) it is however moving to the online space. As the art of film belongs to the cinema, the festival team decided to postpone several program sections until the end of this year with promised participation of expected guests.<\/p>\n","protected":false},"featured_media":42373,"template":"","meta":{"_acf_changed":false,"inline_featured_image":false},"kategorie_noviniek":[1965,2038,2036,2037,2145,2152],"festival":[],"rok":[],"class_list":["post-38235","novinka","type-novinka","status-publish","has-post-thumbnail","hentry","kategorie_noviniek-aic","kategorie_noviniek-archive","kategorie_noviniek-english","kategorie_noviniek-news","kategorie_noviniek-prezentacia-en","kategorie_noviniek-slovak-cinema-abroad"],"acf":[],"_links":{"self":[{"href":"https:\/\/sfu.sk\/en\/wp-json\/wp\/v2\/novinka\/38235","targetHints":{"allow":["GET"]}}],"collection":[{"href":"https:\/\/sfu.sk\/en\/wp-json\/wp\/v2\/novinka"}],"about":[{"href":"https:\/\/sfu.sk\/en\/wp-json\/wp\/v2\/types\/novinka"}],"wp:featuredmedia":[{"embeddable":true,"href":"https:\/\/sfu.sk\/en\/wp-json\/wp\/v2\/media\/42373"}],"wp:attachment":[{"href":"https:\/\/sfu.sk\/en\/wp-json\/wp\/v2\/media?parent=38235"}],"wp:term":[{"taxonomy":"kategorie_noviniek","embeddable":true,"href":"https:\/\/sfu.sk\/en\/wp-json\/wp\/v2\/kategorie_noviniek?post=38235"},{"taxonomy":"festival","embeddable":true,"href":"https:\/\/sfu.sk\/en\/wp-json\/wp\/v2\/festival?post=38235"},{"taxonomy":"rok","embeddable":true,"href":"https:\/\/sfu.sk\/en\/wp-json\/wp\/v2\/rok?post=38235"}],"curies":[{"name":"wp","href":"https:\/\/api.w.org\/{rel}","templated":true}]}}

<p><a href="https://www.filmfestival-goeast.de/en/" target="_blank" rel="noopener">The 20th goEast</a> (Festival of Central and Eastern European Film) will take place despite the ongoing COVID-19 pandemic. On the promised dates (May 5 – 11, 2020) it is however moving to the online space. As the art of film belongs to the cinema, the festival team decided to postpone several program sections until the end of this year with promised participation of expected guests.</p>
<p>The re-scheduling will affect, among other things, the retrospective section Symposium, which will present a Slovak film by Martin Šulík <strong><em>The Garden</em></strong>. The festival will also present contemporary Slovak works &#8211; the Specials section will open with the black and white feature film <strong><em><a href="https://sfu.sk/en/films/servants/" target="_blank" rel="noopener">Servants</a></em> </strong>(dir. Ivan Ostrochovský). Another black and white film in the program is a minority co-production <strong><em><a href="https://sfu.sk/en/films/the-painted-bird/" target="_blank" rel="noopener">The Painted Bird</a></em></strong> (dir. Václav Marhoul) included in the Europa Europa section. The selection closes with the political documentary <strong><em><a href="https://sfu.sk/en/films/never-happened/" target="_blank" rel="noopener">Never Happened</a></em></strong> (dir. Barbora Berezňáková) from the Bioscop section.</p>
