{"id":38249,"date":"2020-10-09T14:28:00","date_gmt":"2020-10-09T12:28:00","guid":{"rendered":"https:\/\/sfu.sk\/?post_type=novinka&#038;p=38249"},"modified":"2025-09-08T17:27:33","modified_gmt":"2025-09-08T15:27:33","slug":"warsaw-film-festival-man-with-hare-ears-2020","status":"publish","type":"novinka","link":"https:\/\/sfu.sk\/en\/news\/warsaw-film-festival-man-with-hare-ears-2020\/","title":{"rendered":"The Man with Hare Ears world premiere at the 36th Warsaw Film Festival"},"content":{"rendered":"<p><img decoding=\"async\" src=\"\/images\/AIC-2020\/36WFF.jpg\" alt=\"\" align=\"left\" class=\"table\" \/>The <a href=\"https:\/\/wff.pl\/en\/\" target=\"_blank\" rel=\"noopener\">Warsaw Film Festival<\/a> opens today its 36th year (October 9 \u2013 18, 2020) regularly but under the slogan &#8220;We keep social distancing, we wear maks, and we go to cinema&#8221;, because of the currently unstable pandemic situation. The program will present also five Slovak feature films, including the world premiere of <strong><em><a href=\"https:\/\/sfu.sk\/en\/films\/the-man-with-hare-ears\/\" target=\"_blank\" rel=\"noopener\">The Man with Hare Ears<\/a><\/em>.<\/strong><\/p>\n<p>In the International Competition, we find co-production film <strong><em><a href=\"https:\/\/sfu.sk\/en\/films\/droneman\/\" target=\"_blank\" rel=\"noopener\">Droneman<\/a> <\/em><\/strong>(dir. Petr Zelenka) and Martin \u0160ul\u00edk&#8217;s long-awaited film <em><strong><a href=\"https:\/\/sfu.sk\/en\/films\/the-man-with-hare-ears\/\" target=\"_blank\" rel=\"noopener\">The Man with Hare Ears<\/a><\/strong>,<\/em> whose protagonist is a writer in his sixties, to whom a man with rabbit ears begins to appear in everyday situations.<\/p>\n<p>In the second competition section Competition 1-2, which is intended exclusively for the first and second directorial feature films, will compete audience&#8217;s extremely successful political thriller <strong><em><a href=\"https:\/\/sfu.sk\/en\/films\/scumbag\/\" target=\"_blank\" rel=\"noopener\">Scumbag<\/a>\u00a0<\/em><\/strong>(dir. Mariana \u010cengel Sol\u010dansk\u00e1, Rudolf Biermann) that entered Slovak cinemas in February and immediately became one of the most visited Slovak films.<\/p>\n<p>In the non-competitive Special screenings section, we will be represented by minority co-production films <strong><em><a href=\"https:\/\/sfu.sk\/en\/films\/the-banger\/\" target=\"_blank\" rel=\"noopener\">The Banger<\/a><\/em><\/strong> (dir. Ond\u0159ej Trojan) and a black-and-white historical <strong><em><a href=\"https:\/\/sfu.sk\/en\/films\/shadow-country\/\" target=\"_blank\" rel=\"noopener\">Shadow Country<\/a><\/em><\/strong> (dir. Bohdan Sl\u00e1ma).<\/p>\n<p>More information at: <a href=\"https:\/\/wff.pl\/en\/\" target=\"_blank\" rel=\"noopener\">https:\/\/wff.pl\/en\/<\/a><\/p>\n","protected":false},"excerpt":{"rendered":"<p>The Warsaw Film Festival opens today its 36th year (October 9 &#8211; 18, 2020) regularly but under the slogan &#8220;We keep social distancing, we wear maks, and we go to cinema&#8221;, because of the currently unstable pandemic situation. The program will present also five Slovak feature films, including the world premiere of The Man with Hare Ears.<\/p>\n","protected":false},"featured_media":39181,"template":"","meta":{"_acf_changed":true,"inline_featured_image":false},"kategorie_noviniek":[1965,2038,2036,2037,2145,2152],"festival":[],"rok":[],"class_list":["post-38249","novinka","type-novinka","status-publish","has-post-thumbnail","hentry","kategorie_noviniek-aic","kategorie_noviniek-archive","kategorie_noviniek-english","kategorie_noviniek-news","kategorie_noviniek-prezentacia-en","kategorie_noviniek-slovak-cinema-abroad"],"acf":[],"_links":{"self":[{"href":"https:\/\/sfu.sk\/en\/wp-json\/wp\/v2\/novinka\/38249","targetHints":{"allow":["GET"]}}],"collection":[{"href":"https:\/\/sfu.sk\/en\/wp-json\/wp\/v2\/novinka"}],"about":[{"href":"https:\/\/sfu.sk\/en\/wp-json\/wp\/v2\/types\/novinka"}],"wp:featuredmedia":[{"embeddable":true,"href":"https:\/\/sfu.sk\/en\/wp-json\/wp\/v2\/media\/39181"}],"wp:attachment":[{"href":"https:\/\/sfu.sk\/en\/wp-json\/wp\/v2\/media?parent=38249"}],"wp:term":[{"taxonomy":"kategorie_noviniek","embeddable":true,"href":"https:\/\/sfu.sk\/en\/wp-json\/wp\/v2\/kategorie_noviniek?post=38249"},{"taxonomy":"festival","embeddable":true,"href":"https:\/\/sfu.sk\/en\/wp-json\/wp\/v2\/festival?post=38249"},{"taxonomy":"rok","embeddable":true,"href":"https:\/\/sfu.sk\/en\/wp-json\/wp\/v2\/rok?post=38249"}],"curies":[{"name":"wp","href":"https:\/\/api.w.org\/{rel}","templated":true}]}}

<p><img decoding="async" src="/images/AIC-2020/36WFF.jpg" alt="" align="left" class="table" />The <a href="https://wff.pl/en/" target="_blank" rel="noopener">Warsaw Film Festival</a> opens today its 36th year (October 9 – 18, 2020) regularly but under the slogan &#8220;We keep social distancing, we wear maks, and we go to cinema&#8221;, because of the currently unstable pandemic situation. The program will present also five Slovak feature films, including the world premiere of <strong><em><a href="https://sfu.sk/en/films/the-man-with-hare-ears/" target="_blank" rel="noopener">The Man with Hare Ears</a></em>.</strong></p>
<p>In the International Competition, we find co-production film <strong><em><a href="https://sfu.sk/en/films/droneman/" target="_blank" rel="noopener">Droneman</a> </em></strong>(dir. Petr Zelenka) and Martin Šulík&#8217;s long-awaited film <em><strong><a href="https://sfu.sk/en/films/the-man-with-hare-ears/" target="_blank" rel="noopener">The Man with Hare Ears</a></strong>,</em> whose protagonist is a writer in his sixties, to whom a man with rabbit ears begins to appear in everyday situations.</p>
<p>In the second competition section Competition 1-2, which is intended exclusively for the first and second directorial feature films, will compete audience&#8217;s extremely successful political thriller <strong><em><a href="https://sfu.sk/en/films/scumbag/" target="_blank" rel="noopener">Scumbag</a> </em></strong>(dir. Mariana Čengel Solčanská, Rudolf Biermann) that entered Slovak cinemas in February and immediately became one of the most visited Slovak films.</p>
<p>In the non-competitive Special screenings section, we will be represented by minority co-production films <strong><em><a href="https://sfu.sk/en/films/the-banger/" target="_blank" rel="noopener">The Banger</a></em></strong> (dir. Ondřej Trojan) and a black-and-white historical <strong><em><a href="https://sfu.sk/en/films/shadow-country/" target="_blank" rel="noopener">Shadow Country</a></em></strong> (dir. Bohdan Sláma).</p>
<p>More information at: <a href="https://wff.pl/en/" target="_blank" rel="noopener">https://wff.pl/en/</a></p>
