{"id":38276,"date":"2021-07-01T13:29:00","date_gmt":"2021-07-01T11:29:00","guid":{"rendered":"https:\/\/sfu.sk\/?post_type=novinka&#038;p=38276"},"modified":"2024-08-28T14:08:13","modified_gmt":"2024-08-28T12:08:13","slug":"cinefondation-latelier-caravan","status":"publish","type":"novinka","link":"https:\/\/sfu.sk\/en\/news\/cinefondation-latelier-caravan\/","title":{"rendered":"Cin\u00e9fondation \u2013 L&#8217;Atelier: Caravan"},"content":{"rendered":"\n<p><strong>Czech director Zuzana Kirchnerov\u00e1 won in the Cin\u00e9fondation section at the 62nd Cannes Film Festival with her graduation drama B\u00e1ba (2008), which tells the story of a granddaughter and her dying grandmother. She is now returning to Cannes after being selected for the <a href=\"https:\/\/cinemadedemain.festival-cannes.com\/en\/networking\/the-atelier\/\" target=\"_blank\" rel=\"noreferrer noopener\">L&#8217;Atelier<\/a> programme to present her upcoming film <a href=\"https:\/\/sfu.sk\/en\/films\/caravan\/\">Caravan<\/a> (Karavan).<\/strong><\/p>\n\n\n\n<p>\u201c<em>People with disabilities are often portrayed as cute, kind and a little silly in films. In my experience, this view is very limiting. On that account, when writing the script, I tried to avoid false poetics or romanticising the mental disability. David is supposed to be a complex character with positive and negative personality traits,<\/em>\u201d says screenwriter and director Zuzana Kirchnerov\u00e1 about the main character of her upcoming film <em>Caravan<\/em>. \u201c<em>My son was born with Down syndrome and gradually developed autism. However, my fiction film is not purely autobiographical,<\/em>\u201d Kirchnerov\u00e1 explains. With Ester, the female protagonist of the story, she said to have in common the love for her child and the need to protect him as well as the desire to escape sometimes. \u201c<em>The story channels a personal wish to rebel and resist the role of a mother of a disabled child. For a long time, I struggled to find a way to capture it without being drawn into the expected smooth waters of social drama, into the pathos of emotional blackmail. Road movie happens to be the best possible way how to express Ester\u2019s almost aggressive hunger for life,<\/em>\u201d says Kirchnerov\u00e1.<br><br><strong>Breaking Taboos<\/strong><\/p>\n\n\n\n<p>In <em>Caravan<\/em>, the mother and her son set out on a journey across Italy. The road movie is to be shot in authentic locations, and the filmmakers will be aided by an Italian co-producer that has previously worked, for example, on the successful film <em>Happy as Lazzaro<\/em>. Jakub Viktor\u00edn from nutprodukcia is producing the film on the Slovak side.<\/p>\n\n\n\n<p>The film also reflects certain negative emotions, almost disgust at times, which the son with a disability arouses in his mother, despite her love. The filmmakers are inclined to cast an intellectually disabled non-actor for the role. <em>\u201cWhat caught my attention was mainly how Zuzana Kirchnerov\u00e1 was dealing with the notorious subject of motherhood. On the one hand, she breaks a certain social taboo, at the same time, however, she shares a profound personal experience, which for many years has affected her life, both private as well as professional,\u201d<\/em> said producer Jakub Viktor\u00edn. \u201c<em>I am convinced that Zuzana\u2019s talent and her strong director\u2019s vision, combined with a unique story and screenplay, will lead to an exceptional and original work that has the potential to contribute to important social change,<\/em>\u201d added Viktor\u00edn.<\/p>\n\n\n\n<p>He recently completed the shooting of Michal Bla\u0161ko\u2019s feature debut <em><a href=\"https:\/\/sfu.sk\/en\/films\/victim\/\">Victim<\/a><\/em> (Obe\u0165). Two years ago, Bla\u0161ko attended the L\u02bcAtelier programme in Cannes, just like Kirchnerov\u00e1 now. The programme supports promising projects and aims to connect less experienced creators with more experienced ones. The current 17<sup>th<\/sup> year has selected fifteen projects. <em>Caravan<\/em> is only the third Slovak (co-)produced project to take part. In fact, the first was <em><a href=\"https:\/\/sfu.sk\/en\/films\/out\/\">Out<\/a><\/em> (dir. Gy\u00f6rgy Krist\u00f3f) in 2015.<\/p>\n\n\n\n<p>On the Slovak side, in addition to Jakub Viktor\u00edn, actress Juli\u00e1na Brutovsk\u00e1 and DoP Denisa Buranov\u00e1 [<em><a href=\"https:\/\/sfu.sk\/en\/films\/little-harbour\/\">Little Harbour<\/a><\/em> (<em>Piata lo\u010f<\/em>)] participated in the film.<\/p>\n","protected":false},"excerpt":{"rendered":"<p>Zuzana Kirchnerov\u00e1 is returning to Cannes after being selected for the L&#8217;Atelier programme to present her upcoming film Caravan (Karavan).<\/p>\n","protected":false},"featured_media":33356,"template":"","meta":{"_acf_changed":false,"inline_featured_image":false},"kategorie_noviniek":[1965,2042,2036,2037,2145,2144],"festival":[2075],"rok":[2174],"class_list":["post-38276","novinka","type-novinka","status-publish","has-post-thumbnail","hentry","kategorie_noviniek-aic","kategorie_noviniek-cannes","kategorie_noviniek-english","kategorie_noviniek-news","kategorie_noviniek-prezentacia-en","kategorie_noviniek-slovenska-kinematografia-na-festivaloch-en"],"acf":[],"_links":{"self":[{"href":"https:\/\/sfu.sk\/en\/wp-json\/wp\/v2\/novinka\/38276","targetHints":{"allow":["GET"]}}],"collection":[{"href":"https:\/\/sfu.sk\/en\/wp-json\/wp\/v2\/novinka"}],"about":[{"href":"https:\/\/sfu.sk\/en\/wp-json\/wp\/v2\/types\/novinka"}],"wp:featuredmedia":[{"embeddable":true,"href":"https:\/\/sfu.sk\/en\/wp-json\/wp\/v2\/media\/33356"}],"wp:attachment":[{"href":"https:\/\/sfu.sk\/en\/wp-json\/wp\/v2\/media?parent=38276"}],"wp:term":[{"taxonomy":"kategorie_noviniek","embeddable":true,"href":"https:\/\/sfu.sk\/en\/wp-json\/wp\/v2\/kategorie_noviniek?post=38276"},{"taxonomy":"festival","embeddable":true,"href":"https:\/\/sfu.sk\/en\/wp-json\/wp\/v2\/festival?post=38276"},{"taxonomy":"rok","embeddable":true,"href":"https:\/\/sfu.sk\/en\/wp-json\/wp\/v2\/rok?post=38276"}],"curies":[{"name":"wp","href":"https:\/\/api.w.org\/{rel}","templated":true}]}}

Cinéfondation – L&#8217;Atelier: Caravan

<p><strong>Czech director Zuzana Kirchnerová won in the Cinéfondation section at the 62nd Cannes Film Festival with her graduation drama Bába (2008), which tells the story of a granddaughter and her dying grandmother. She is now returning to Cannes after being selected for the <a href="https://cinemadedemain.festival-cannes.com/en/networking/the-atelier/" target="_blank" rel="noreferrer noopener">L&#8217;Atelier</a> programme to present her upcoming film <a href="https://sfu.sk/en/films/caravan/">Caravan</a> (Karavan).</strong></p>



<p>“<em>People with disabilities are often portrayed as cute, kind and a little silly in films. In my experience, this view is very limiting. On that account, when writing the script, I tried to avoid false poetics or romanticising the mental disability. David is supposed to be a complex character with positive and negative personality traits,</em>” says screenwriter and director Zuzana Kirchnerová about the main character of her upcoming film <em>Caravan</em>. “<em>My son was born with Down syndrome and gradually developed autism. However, my fiction film is not purely autobiographical,</em>” Kirchnerová explains. With Ester, the female protagonist of the story, she said to have in common the love for her child and the need to protect him as well as the desire to escape sometimes. “<em>The story channels a personal wish to rebel and resist the role of a mother of a disabled child. For a long time, I struggled to find a way to capture it without being drawn into the expected smooth waters of social drama, into the pathos of emotional blackmail. Road movie happens to be the best possible way how to express Ester’s almost aggressive hunger for life,</em>” says Kirchnerová.<br><br><strong>Breaking Taboos</strong></p>



<p>In <em>Caravan</em>, the mother and her son set out on a journey across Italy. The road movie is to be shot in authentic locations, and the filmmakers will be aided by an Italian co-producer that has previously worked, for example, on the successful film <em>Happy as Lazzaro</em>. Jakub Viktorín from nutprodukcia is producing the film on the Slovak side.</p>



<p>The film also reflects certain negative emotions, almost disgust at times, which the son with a disability arouses in his mother, despite her love. The filmmakers are inclined to cast an intellectually disabled non-actor for the role. <em>“What caught my attention was mainly how Zuzana Kirchnerová was dealing with the notorious subject of motherhood. On the one hand, she breaks a certain social taboo, at the same time, however, she shares a profound personal experience, which for many years has affected her life, both private as well as professional,”</em> said producer Jakub Viktorín. “<em>I am convinced that Zuzana’s talent and her strong director’s vision, combined with a unique story and screenplay, will lead to an exceptional and original work that has the potential to contribute to important social change,</em>” added Viktorín.</p>



<p>He recently completed the shooting of Michal Blaško’s feature debut <em><a href="https://sfu.sk/en/films/victim/">Victim</a></em> (Obeť). Two years ago, Blaško attended the LʼAtelier programme in Cannes, just like Kirchnerová now. The programme supports promising projects and aims to connect less experienced creators with more experienced ones. The current 17<sup>th</sup> year has selected fifteen projects. <em>Caravan</em> is only the third Slovak (co-)produced project to take part. In fact, the first was <em><a href="https://sfu.sk/en/films/out/">Out</a></em> (dir. György Kristóf) in 2015.</p>



<p>On the Slovak side, in addition to Jakub Viktorín, actress Juliána Brutovská and DoP Denisa Buranová [<em><a href="https://sfu.sk/en/films/little-harbour/">Little Harbour</a></em> (<em>Piata loď</em>)] participated in the film.</p>

<p>Zuzana Kirchnerová is returning to Cannes after being selected for the L&#8217;Atelier programme to present her upcoming film Caravan (Karavan).</p>
