{"id":38335,"date":"2022-05-23T14:15:00","date_gmt":"2022-05-23T12:15:00","guid":{"rendered":"https:\/\/sfu.sk\/?post_type=novinka&#038;p=38335"},"modified":"2025-09-10T11:28:34","modified_gmt":"2025-09-10T09:28:34","slug":"zlin-film-festival-2022","status":"publish","type":"novinka","link":"https:\/\/sfu.sk\/en\/news\/zlin-film-festival-2022\/","title":{"rendered":"Zl\u00edn Film Festival 2022 will present new Slovak films"},"content":{"rendered":"<p><strong>The 62nd edition of the <a href=\"https:\/\/www.zlinfest.cz\/\" target=\"_blank\" rel=\"noopener\">International Film Festival for Children and Youth Zl\u00edn Film Festival<\/a> (<\/strong><strong>May 26 \u2013 June 1, 2022) will present a total of 276 films from 49 countries. A strong Slovak representation includes two animated feature films.<\/strong><\/p>\n<p>In the International Competition of Feature Films in the Children\u2019s Category, the long-awaited 3D animated film <strong><em><a href=\"https:\/\/sfu.sk\/en\/films\/journey-to-yourland\/\" target=\"_blank\" rel=\"noopener\">Journey to Yourland<\/a><\/em><\/strong> by Peter Budinsk\u00fd will have its world premiere. \u201d<em>Our film tells the story of Riki, a boy who moves with his mother to a new neighbourhood. There he stumbles upon a mysterious glowing stone, which leads him to an unknown world called Yourland. It&#8217;s a world full of the most amazing things a child can imagine, but there are also various pitfalls lurking there that Riki has to deal with,<\/em>\u201d said producer Barbora Budinsk\u00e1. <strong><em><a href=\"https:\/\/sfu.sk\/en\/films\/how-i-learned-to-fly\/\" target=\"_blank\" rel=\"noopener\">How I Learned to Fly<\/a><\/em> <\/strong>(dir. Radivoje Anri\u0107), a minority Slovak co-production and winner of the ECFA Award for Best European Film at BUFF Malm\u00f6, will also be in competition.<\/p>\n<p>The non-competitive New Czech Film and TV Programmes will present the fiction feature film <strong><em><a href=\"https:\/\/sfu.sk\/en\/films\/krystof\/\" target=\"_blank\" rel=\"noopener\">Kry\u0161tof<\/a><\/em> <\/strong>(dir. Zden\u011bk Jir\u00e1sk\u00fd) and two animated films produced by the Slovak company Fool Moon. The TV special of the popular series <strong><em>Mimi and Lisa: The Garden<\/em><\/strong> (dir. Katar\u00edna Kerekesov\u00e1, Ivana \u0160ebestov\u00e1) deals with an important environmental topic and encourage children to take care of the world around them. Another TV project is the basis for Katar\u00edna Kerekesov\u00e1\u2019s feature-length film <em><strong><a href=\"https:\/\/sfu.sk\/en\/films\/the-websters-movie\/\" target=\"_blank\" rel=\"noopener\">The Websters Movie<\/a><\/strong>,<\/em> which was created by combining six separate episodes of the last <em><strong>The Websters<\/strong><\/em> series with live-action parts. The main character Lili has already been through various adventures, but now she is in for the biggest and most dangerous one: meeting a human being. The programme section will also present the narrative fairy tale <strong><em><a href=\"https:\/\/sfu.sk\/en\/films\/the-enchanted-cave\/\" target=\"_blank\" rel=\"noopener\">The Enchanted Cave<\/a><\/em><\/strong> (dir. Mariana \u010cengel Sol\u010dansk\u00e1), which tells a story of hope and human greed.<\/p>\n<p>The festival will screen two Slovak minority co-productions \u2013 Slobodan Maksimovi\u0107\u2019s <strong><em><a href=\"https:\/\/sfu.sk\/en\/films\/beanie\/\" target=\"_blank\" rel=\"noopener\">Beanie<\/a><\/em> <\/strong>within the World Children\u2019s Film Panorama section and Tom\u00e1\u0161 Polensk\u00fd\u2019s <em><a href=\"https:\/\/sfu.sk\/en\/films\/the-pack\/\" target=\"_blank\" rel=\"noopener\"><strong>The Pack<\/strong><\/a><\/em> will be part of the special Top Teen Ten selection, which brings together the 10 best films for teenagers.<\/p>\n<p>Two Slovak shorts will compete in the International Competition of Student Films Zl\u00edn Dog \u2013 the fiction <strong><em>Maverick (Of Hen and Men)<\/em><\/strong> directed by Peter Hoferica and the animated <a href=\"https:\/\/sfu.sk\/en\/films\/love-dad\/\" target=\"_blank\" rel=\"noopener\"><strong><em>Love, Dad<\/em><\/strong><\/a> (dir. Diana Cam Van Nguyen). Slovak director and animator Martin Smatana is a member of the jury that will choose the winner of the category.<\/p>\n<p>In addition to the completed films, upcoming projects will also be presented. Central European Children\u2019s Film CoProduction Forum will showcase the animated feature debut of Slovak director Filip Diviak, <strong><em>OT15<\/em><\/strong>. The goal of the platform is to connect producers from the Czech Republic, Germany, Slovakia and Poland who are dedicated to making films for children and young audience.<\/p>\n<p>More information at: <a href=\"https:\/\/www.zlinfest.cz\/en\/\" target=\"_blank\" rel=\"noopener\">https:\/\/www.zlinfest.cz\/en\/<\/a><\/p>\n","protected":false},"excerpt":{"rendered":"<p>The 62nd edition of the International Film Festival for Children and Youth Zl\u00edn Film Festival (May 26 \u2013 June 1, 2022) will present a total of 276 films from 49 countries. A strong Slovak representation includes two animated feature films.<\/p>\n","protected":false},"featured_media":42038,"template":"","meta":{"_acf_changed":false,"inline_featured_image":false},"kategorie_noviniek":[1965,2038,2036,2037,2145,2152],"festival":[],"rok":[],"class_list":["post-38335","novinka","type-novinka","status-publish","has-post-thumbnail","hentry","kategorie_noviniek-aic","kategorie_noviniek-archive","kategorie_noviniek-english","kategorie_noviniek-news","kategorie_noviniek-prezentacia-en","kategorie_noviniek-slovak-cinema-abroad"],"acf":[],"_links":{"self":[{"href":"https:\/\/sfu.sk\/en\/wp-json\/wp\/v2\/novinka\/38335","targetHints":{"allow":["GET"]}}],"collection":[{"href":"https:\/\/sfu.sk\/en\/wp-json\/wp\/v2\/novinka"}],"about":[{"href":"https:\/\/sfu.sk\/en\/wp-json\/wp\/v2\/types\/novinka"}],"wp:featuredmedia":[{"embeddable":true,"href":"https:\/\/sfu.sk\/en\/wp-json\/wp\/v2\/media\/42038"}],"wp:attachment":[{"href":"https:\/\/sfu.sk\/en\/wp-json\/wp\/v2\/media?parent=38335"}],"wp:term":[{"taxonomy":"kategorie_noviniek","embeddable":true,"href":"https:\/\/sfu.sk\/en\/wp-json\/wp\/v2\/kategorie_noviniek?post=38335"},{"taxonomy":"festival","embeddable":true,"href":"https:\/\/sfu.sk\/en\/wp-json\/wp\/v2\/festival?post=38335"},{"taxonomy":"rok","embeddable":true,"href":"https:\/\/sfu.sk\/en\/wp-json\/wp\/v2\/rok?post=38335"}],"curies":[{"name":"wp","href":"https:\/\/api.w.org\/{rel}","templated":true}]}}

Zlín Film Festival 2022 will present new Slovak films

<p><strong>The 62nd edition of the <a href="https://www.zlinfest.cz/" target="_blank" rel="noopener">International Film Festival for Children and Youth Zlín Film Festival</a> (</strong><strong>May 26 – June 1, 2022) will present a total of 276 films from 49 countries. A strong Slovak representation includes two animated feature films.</strong></p>
<p>In the International Competition of Feature Films in the Children’s Category, the long-awaited 3D animated film <strong><em><a href="https://sfu.sk/en/films/journey-to-yourland/" target="_blank" rel="noopener">Journey to Yourland</a></em></strong> by Peter Budinský will have its world premiere. ”<em>Our film tells the story of Riki, a boy who moves with his mother to a new neighbourhood. There he stumbles upon a mysterious glowing stone, which leads him to an unknown world called Yourland. It&#8217;s a world full of the most amazing things a child can imagine, but there are also various pitfalls lurking there that Riki has to deal with,</em>” said producer Barbora Budinská. <strong><em><a href="https://sfu.sk/en/films/how-i-learned-to-fly/" target="_blank" rel="noopener">How I Learned to Fly</a></em> </strong>(dir. Radivoje Anrić), a minority Slovak co-production and winner of the ECFA Award for Best European Film at BUFF Malmö, will also be in competition.</p>
<p>The non-competitive New Czech Film and TV Programmes will present the fiction feature film <strong><em><a href="https://sfu.sk/en/films/krystof/" target="_blank" rel="noopener">Kryštof</a></em> </strong>(dir. Zdeněk Jiráský) and two animated films produced by the Slovak company Fool Moon. The TV special of the popular series <strong><em>Mimi and Lisa: The Garden</em></strong> (dir. Katarína Kerekesová, Ivana Šebestová) deals with an important environmental topic and encourage children to take care of the world around them. Another TV project is the basis for Katarína Kerekesová’s feature-length film <em><strong><a href="https://sfu.sk/en/films/the-websters-movie/" target="_blank" rel="noopener">The Websters Movie</a></strong>,</em> which was created by combining six separate episodes of the last <em><strong>The Websters</strong></em> series with live-action parts. The main character Lili has already been through various adventures, but now she is in for the biggest and most dangerous one: meeting a human being. The programme section will also present the narrative fairy tale <strong><em><a href="https://sfu.sk/en/films/the-enchanted-cave/" target="_blank" rel="noopener">The Enchanted Cave</a></em></strong> (dir. Mariana Čengel Solčanská), which tells a story of hope and human greed.</p>
<p>The festival will screen two Slovak minority co-productions – Slobodan Maksimović’s <strong><em><a href="https://sfu.sk/en/films/beanie/" target="_blank" rel="noopener">Beanie</a></em> </strong>within the World Children’s Film Panorama section and Tomáš Polenský’s <em><a href="https://sfu.sk/en/films/the-pack/" target="_blank" rel="noopener"><strong>The Pack</strong></a></em> will be part of the special Top Teen Ten selection, which brings together the 10 best films for teenagers.</p>
<p>Two Slovak shorts will compete in the International Competition of Student Films Zlín Dog – the fiction <strong><em>Maverick (Of Hen and Men)</em></strong> directed by Peter Hoferica and the animated <a href="https://sfu.sk/en/films/love-dad/" target="_blank" rel="noopener"><strong><em>Love, Dad</em></strong></a> (dir. Diana Cam Van Nguyen). Slovak director and animator Martin Smatana is a member of the jury that will choose the winner of the category.</p>
<p>In addition to the completed films, upcoming projects will also be presented. Central European Children’s Film CoProduction Forum will showcase the animated feature debut of Slovak director Filip Diviak, <strong><em>OT15</em></strong>. The goal of the platform is to connect producers from the Czech Republic, Germany, Slovakia and Poland who are dedicated to making films for children and young audience.</p>
<p>More information at: <a href="https://www.zlinfest.cz/en/" target="_blank" rel="noopener">https://www.zlinfest.cz/en/</a></p>

<p>The 62nd edition of the International Film Festival for Children and Youth Zlín Film Festival (May 26 – June 1, 2022) will present a total of 276 films from 49 countries. A strong Slovak representation includes two animated feature films.</p>
