{"id":38336,"date":"2022-05-25T14:31:00","date_gmt":"2022-05-25T12:31:00","guid":{"rendered":"https:\/\/sfu.sk\/?post_type=novinka&#038;p=38336"},"modified":"2025-09-10T11:33:47","modified_gmt":"2025-09-10T09:33:47","slug":"krakow-2022","status":"publish","type":"novinka","link":"https:\/\/sfu.sk\/en\/news\/krakow-2022\/","title":{"rendered":"Eleven Slovak films selected for Krakow Film Festival"},"content":{"rendered":"<p><img decoding=\"async\" src=\"\/images\/AIC-2021\/krakov-film-festival.jpg\" alt=\"\" align=\"left\" class=\"table\" \/><strong>Eleven Slovak films were selected for 62nd edition of <a href=\"https:\/\/www.krakowfilmfestival.pl\/en\/\" target=\"_blank\" rel=\"noopener\">Krakow Film Festival<\/a>, including two films presented in world premiere and one in European premiere. Another two Slovak projects are part of CEDOC Market. The festival takes place from May 29 to June 12, 2022 in Krakow cinemas and online.<\/strong><\/p>\n<p>International Documentary Competition will see four Slovak films. <strong><em><a href=\"https:\/\/sfu.sk\/en\/films\/the-cathedral\/\" target=\"_blank\" rel=\"noopener\">The Cathedral<\/a><\/em><\/strong>, a feature debut by Denis Dobrovoda, follows a former monk who, for over sixty years and without help or architectural expertise, was building a cathedral near Madrid the size of Sagrada Familia. The film will be presented in world premiere \u2013 just as Igor Ivanko\u2019s debut <strong><em><a href=\"https:\/\/sfu.sk\/en\/films\/fragile-memory\/\" target=\"_blank\" rel=\"noopener\">Fragile Memory<\/a><\/em><\/strong> about director\u2019s grandfather, a celebrated Ukrainian cinematographer who is losing his memory. <strong><em><a href=\"https:\/\/sfu.sk\/en\/films\/at-full-throttle\/\" target=\"_blank\" rel=\"noopener\">At Full Throttle<\/a><\/em><\/strong> (dir. Miro Remo) and <strong><em><a href=\"https:\/\/sfu.sk\/en\/films\/reconstruction-of-the-occupation\/\" target=\"_blank\" rel=\"noopener\">Reconstruction of the Occupation<\/a> <\/em><\/strong>(dir. Jan \u0160ikl) are up for the awards as well.<\/p>\n<p>Barbora Berez\u0148\u00e1kov\u00e1\u2019s short film <a href=\"https:\/\/sfu.sk\/en\/films\/strigov\/\" target=\"_blank\" rel=\"noopener\"><strong><em>Strigov<\/em><\/strong><\/a>, the last farewell to the beloved person and goodbye to the community of Ruthenian people, was selected for International Short Film Competition. Film will be presented in Krakow in European premiere just days after the world premiere at Docaviv. <a href=\"https:\/\/sfu.sk\/en\/films\/love-dad\/\" target=\"_blank\" rel=\"noopener\"><strong><em>Love, Dad<\/em><\/strong><\/a> by Diana Cam Van Nguyen is also part of short film competition.<\/p>\n<p>DocFilmMusic, an international competition for music documentaries, includes Lucie Kr\u00e1lov\u00e1\u2019s <strong><em><a href=\"https:\/\/sfu.sk\/en\/films\/kapr-code\/\" target=\"_blank\" rel=\"noopener\">Kapr Code<\/a><\/em><\/strong> in the selection. Celebrated Slovak documentary director and producer Robert Kirchhoff is a member of the DocFilmMusic jury.<\/p>\n<p>This year\u2019s Krakow festival is highlighting Czech cinema. Czech Focus selection includes two Slovak films: <strong><em><a href=\"https:\/\/sfu.sk\/en\/films\/on-your-marks\/\" target=\"_blank\" rel=\"noopener\">On Your Marks!<\/a><\/em> <\/strong>By M\u00e1ria Pin\u010d\u00edkov\u00e1 and <strong><em><a href=\"https:\/\/sfu.sk\/en\/films\/every-single-minute\/\" target=\"_blank\" rel=\"noopener\">Every Single Minute<\/a><\/em><\/strong> by Erika Hn\u00edkov\u00e1. Petr Oukropec\u2018s <strong><em><a href=\"https:\/\/sfu.sk\/en\/films\/martin-and-the-magical-forest\/\" target=\"_blank\" rel=\"noopener\">Martin and the Magical Forest<\/a><\/em><\/strong> and <strong><em><a href=\"https:\/\/sfu.sk\/en\/films\/even-mice-belong-in-heaven\/\" target=\"_blank\" rel=\"noopener\">Even Mice Belong in Heaven<\/a><\/em><\/strong> by Denisa Grimmov\u00e1, Jan Buben\u00ed\u010dek will be shown in Kids&amp;Youth section.<\/p>\n<p>Two Slovak project will try to find new partners at <a href=\"https:\/\/www.krakowfilmfestival.pl\/en\/industry\/kff-industry\/cedoc-market\/\" target=\"_blank\" rel=\"noopener\">CEDOC Market<\/a> \u2013 Central European Documentary Co-Production Market: <strong><em><a href=\"https:\/\/sfu.sk\/en\/films\/fakir\/\" target=\"_blank\" rel=\"noopener\">Fakir<\/a><\/em><\/strong>, a feature debut by Roman \u010euri\u0161, and <strong><em><a href=\"https:\/\/sfu.sk\/en\/films\/i-love-generals\/\" target=\"_blank\" rel=\"noopener\">I Love Generals<\/a><\/em><\/strong> by V\u00edt Jane\u010dek.<\/p>\n<p>Slovak Film Institute is a partner of Krakow Film Festival and will organize a networking event for film professionals to highlight Slovak films and filmmakers who are present at the festival.<\/p>\n","protected":false},"excerpt":{"rendered":"<p>Eleven Slovak films were selected for 62nd edition of Krakow Film Festival, including two films presented in world premiere and one in European premiere. Another two Slovak projects are part of CEDOC Market. The festival takes place from May 29 to June 12, 2022 in Krakow cinemas and online.<\/p>\n","protected":false},"featured_media":39095,"template":"","meta":{"_acf_changed":true,"inline_featured_image":false},"kategorie_noviniek":[1965,2038,2036,2037,2145,2152],"festival":[],"rok":[],"class_list":["post-38336","novinka","type-novinka","status-publish","has-post-thumbnail","hentry","kategorie_noviniek-aic","kategorie_noviniek-archive","kategorie_noviniek-english","kategorie_noviniek-news","kategorie_noviniek-prezentacia-en","kategorie_noviniek-slovak-cinema-abroad"],"acf":[],"_links":{"self":[{"href":"https:\/\/sfu.sk\/en\/wp-json\/wp\/v2\/novinka\/38336","targetHints":{"allow":["GET"]}}],"collection":[{"href":"https:\/\/sfu.sk\/en\/wp-json\/wp\/v2\/novinka"}],"about":[{"href":"https:\/\/sfu.sk\/en\/wp-json\/wp\/v2\/types\/novinka"}],"wp:featuredmedia":[{"embeddable":true,"href":"https:\/\/sfu.sk\/en\/wp-json\/wp\/v2\/media\/39095"}],"wp:attachment":[{"href":"https:\/\/sfu.sk\/en\/wp-json\/wp\/v2\/media?parent=38336"}],"wp:term":[{"taxonomy":"kategorie_noviniek","embeddable":true,"href":"https:\/\/sfu.sk\/en\/wp-json\/wp\/v2\/kategorie_noviniek?post=38336"},{"taxonomy":"festival","embeddable":true,"href":"https:\/\/sfu.sk\/en\/wp-json\/wp\/v2\/festival?post=38336"},{"taxonomy":"rok","embeddable":true,"href":"https:\/\/sfu.sk\/en\/wp-json\/wp\/v2\/rok?post=38336"}],"curies":[{"name":"wp","href":"https:\/\/api.w.org\/{rel}","templated":true}]}}

<p><img decoding="async" src="/images/AIC-2021/krakov-film-festival.jpg" alt="" align="left" class="table" /><strong>Eleven Slovak films were selected for 62nd edition of <a href="https://www.krakowfilmfestival.pl/en/" target="_blank" rel="noopener">Krakow Film Festival</a>, including two films presented in world premiere and one in European premiere. Another two Slovak projects are part of CEDOC Market. The festival takes place from May 29 to June 12, 2022 in Krakow cinemas and online.</strong></p>
<p>International Documentary Competition will see four Slovak films. <strong><em><a href="https://sfu.sk/en/films/the-cathedral/" target="_blank" rel="noopener">The Cathedral</a></em></strong>, a feature debut by Denis Dobrovoda, follows a former monk who, for over sixty years and without help or architectural expertise, was building a cathedral near Madrid the size of Sagrada Familia. The film will be presented in world premiere – just as Igor Ivanko’s debut <strong><em><a href="https://sfu.sk/en/films/fragile-memory/" target="_blank" rel="noopener">Fragile Memory</a></em></strong> about director’s grandfather, a celebrated Ukrainian cinematographer who is losing his memory. <strong><em><a href="https://sfu.sk/en/films/at-full-throttle/" target="_blank" rel="noopener">At Full Throttle</a></em></strong> (dir. Miro Remo) and <strong><em><a href="https://sfu.sk/en/films/reconstruction-of-the-occupation/" target="_blank" rel="noopener">Reconstruction of the Occupation</a> </em></strong>(dir. Jan Šikl) are up for the awards as well.</p>
<p>Barbora Berezňáková’s short film <a href="https://sfu.sk/en/films/strigov/" target="_blank" rel="noopener"><strong><em>Strigov</em></strong></a>, the last farewell to the beloved person and goodbye to the community of Ruthenian people, was selected for International Short Film Competition. Film will be presented in Krakow in European premiere just days after the world premiere at Docaviv. <a href="https://sfu.sk/en/films/love-dad/" target="_blank" rel="noopener"><strong><em>Love, Dad</em></strong></a> by Diana Cam Van Nguyen is also part of short film competition.</p>
<p>DocFilmMusic, an international competition for music documentaries, includes Lucie Králová’s <strong><em><a href="https://sfu.sk/en/films/kapr-code/" target="_blank" rel="noopener">Kapr Code</a></em></strong> in the selection. Celebrated Slovak documentary director and producer Robert Kirchhoff is a member of the DocFilmMusic jury.</p>
<p>This year’s Krakow festival is highlighting Czech cinema. Czech Focus selection includes two Slovak films: <strong><em><a href="https://sfu.sk/en/films/on-your-marks/" target="_blank" rel="noopener">On Your Marks!</a></em> </strong>By Mária Pinčíková and <strong><em><a href="https://sfu.sk/en/films/every-single-minute/" target="_blank" rel="noopener">Every Single Minute</a></em></strong> by Erika Hníková. Petr Oukropec‘s <strong><em><a href="https://sfu.sk/en/films/martin-and-the-magical-forest/" target="_blank" rel="noopener">Martin and the Magical Forest</a></em></strong> and <strong><em><a href="https://sfu.sk/en/films/even-mice-belong-in-heaven/" target="_blank" rel="noopener">Even Mice Belong in Heaven</a></em></strong> by Denisa Grimmová, Jan Bubeníček will be shown in Kids&amp;Youth section.</p>
<p>Two Slovak project will try to find new partners at <a href="https://www.krakowfilmfestival.pl/en/industry/kff-industry/cedoc-market/" target="_blank" rel="noopener">CEDOC Market</a> – Central European Documentary Co-Production Market: <strong><em><a href="https://sfu.sk/en/films/fakir/" target="_blank" rel="noopener">Fakir</a></em></strong>, a feature debut by Roman Ďuriš, and <strong><em><a href="https://sfu.sk/en/films/i-love-generals/" target="_blank" rel="noopener">I Love Generals</a></em></strong> by Vít Janeček.</p>
<p>Slovak Film Institute is a partner of Krakow Film Festival and will organize a networking event for film professionals to highlight Slovak films and filmmakers who are present at the festival.</p>
