{"id":38383,"date":"2023-06-15T12:32:00","date_gmt":"2023-06-15T10:32:00","guid":{"rendered":"https:\/\/sfu.sk\/?post_type=novinka&#038;p=38383"},"modified":"2025-09-23T17:09:24","modified_gmt":"2025-09-23T15:09:24","slug":"slovak-films-29th-art-film-fest","status":"publish","type":"novinka","link":"https:\/\/sfu.sk\/en\/news\/slovak-films-29th-art-film-fest\/","title":{"rendered":"New and classic Slovak films at 29th Art Film Fest in Ko\u0161ice"},"content":{"rendered":"<p><img decoding=\"async\" src=\"\/images\/AIC-2019\/art-film-fest-2019.jpg\" alt=\"\" align=\"left\" class=\"table\" \/><strong>The 29th edition of <a href=\"https:\/\/artfilmfest.sk\/en\/\" target=\"_blank\" rel=\"noopener\">International Film Festival Art Film Fest Ko\u0161ice<\/a> (June 16 \u2013 23, 2023) will present a lot of new Slovak films, will celebrate 60th anniversary of the Slovak Film Institute, and will commemorate life and work of two Slovak legends \u2013 Juraj Jakubisko and Milan Lasica.<\/strong><\/p>\n<p>Three Slovak films are up for festival awards: <a href=\"https:\/\/sfu.sk\/en\/films\/white-plastic-sky\/\" target=\"_blank\" rel=\"noopener\"><em><strong>White Plastic Sky<\/strong><\/em><\/a> (dir. Tibor B\u00e1n\u00f3czki, Sarolta Szab\u00f3) was selected for International Competition of Feature Films, while <a href=\"https:\/\/sfu.sk\/en\/films\/our-daily-bread\/\" target=\"_blank\" rel=\"noopener\"><em><strong>Liquid Bread<\/strong><\/em><\/a> (dir. Alica Bedn\u00e1rikov\u00e1) and <a href=\"https:\/\/sfu.sk\/en\/films\/strigov\/\" target=\"_blank\" rel=\"noopener\"><em><strong>Strigov<\/strong><\/em><\/a> (dir. Barbora Berez\u0148\u00e1kov\u00e1) were selected for the International Competition of Short Films.<\/p>\n<p>Non-competitite Panorama section will premiere a new doc on Czechoslovak New Wave <em><strong>A Czechoslovak Fairy Tale<\/strong><\/em> (dir. Christian Paigneau), and Love &amp; Anarchy includes latest film by Viera \u010c\u00e1kanyov\u00e1 <em><strong><a href=\"https:\/\/sfu.sk\/en\/films\/notes-from-eremocene\/\" target=\"_blank\" rel=\"noopener\">Notes from Eremocene<\/a><\/strong><\/em>. 14 films will be presented within Slovak Season<em>: <strong><a href=\"https:\/\/sfu.sk\/en\/films\/%c2%b1-90\/\" target=\"_blank\" rel=\"noopener\">\u00b1 90<\/a><\/strong><\/em> (dir. Marek Kubo\u0161), <em><strong><a href=\"https:\/\/sfu.sk\/en\/films\/andy-warhol-the-american-dream\/\" target=\"_blank\" rel=\"noopener\">Andy Warhol \u2013 The American Dream<\/a><\/strong><\/em> (dir. \u013dubom\u00edr J\u00e1n Slivka, Work in Progress), <em><strong><a href=\"https:\/\/sfu.sk\/en\/films\/goldilocks-and-the-glorious-losers\/\" target=\"_blank\" rel=\"noopener\">Goldilocks and the Glorious Losers<\/a><\/strong><\/em> (dir. Ras\u0165o Boro\u0161), <em><strong><a href=\"https:\/\/sfu.sk\/en\/films\/invalid\/\" target=\"_blank\" rel=\"noopener\">Invalid<\/a><\/strong> <\/em>(dir. Jon\u00e1\u0161 Kar\u00e1sek), <em><strong><a href=\"https:\/\/sfu.sk\/en\/films\/power\/\" target=\"_blank\" rel=\"noopener\">Power<\/a><\/strong> <\/em>(dir. M\u00e1ty\u00e1s Prikler), <a href=\"https:\/\/sfu.sk\/en\/films\/we-have-to-survive-fukushima\/\" target=\"_blank\" rel=\"noopener\"><em><strong>We Have to Survive: Fukushima!<\/strong><\/em><\/a> (dir. Tom\u00e1\u0161 Krupa), <strong><a href=\"\/slovak-films\/22951.html\" target=\"_blank\" rel=\"noopener\">Victim<\/a><\/strong> (dir. Michal Bla\u0161ko), <em><strong><a href=\"https:\/\/sfu.sk\/en\/films\/the-countdown-the-last-film-of-ivan-paluch\/\" target=\"_blank\" rel=\"noopener\">The Countdown &#8211; The Last Film of Ivan Pal\u00fach<\/a><\/strong><\/em> (dir. Martin Pal\u00fach), <em><strong><a href=\"https:\/\/sfu.sk\/en\/films\/the-ballad-of-piargy\/\" target=\"_blank\" rel=\"noopener\">The Ballad of Piargy<\/a><\/strong><\/em> (dir. Ivo Trajkov), <em><strong><a href=\"https:\/\/sfu.sk\/en\/films\/the-word\/\" target=\"_blank\" rel=\"noopener\">The Word<\/a><\/strong><\/em> (dir. Beata Parkanov\u00e1), <em><strong><a href=\"https:\/\/sfu.sk\/en\/films\/the-chambermaid\/\" target=\"_blank\" rel=\"noopener\">The Chambermaid<\/a><\/strong><\/em> (dir. Mariana \u010cengel Sol\u010dansk\u00e1), <strong><a href=\"https:\/\/sfu.sk\/en\/films\/shadowplay\/\" target=\"_blank\" rel=\"noopener\">Shadowplay<\/a><\/strong> (dir. Peter Bebjak), <em><strong><a href=\"https:\/\/sfu.sk\/en\/films\/the-shift\/\" target=\"_blank\" rel=\"noopener\">The Shift<\/a><\/strong><\/em> (dir. Jaro Vojtek), and <em><strong><a href=\"https:\/\/sfu.sk\/en\/films\/territory-of-imagination\/\" target=\"_blank\" rel=\"noopener\">Territory of Imagination<\/a><\/strong><\/em> (d. Paula Ma\u013e\u00e1rov\u00e1). The film <em><strong><a href=\"https:\/\/sfu.sk\/en\/films\/she-hero\/\" target=\"_blank\" rel=\"noopener\">She \u2013 Hero<\/a><\/strong><\/em> (dir. Mira Fornay) was selected for Movies for Kids.<\/p>\n<p>On the occasion of the 60th anniversary of the Slovak Film Institute, festival will present six Slovak classics: <em><strong>Seven Days Every Week<\/strong><\/em> (dir. Eduard Gre\u010dner), <em><strong>Wild Lilies<\/strong><\/em> (dir. Elo Havetta), <em><strong>The Barnab\u00e1\u0161 Kos Case<\/strong><\/em> (dir. Peter Solan), <em><strong>A Case for the Defence Attorney<\/strong><\/em> (dir. Martin Holl\u00fd),<em> <strong>Brigand Jurko<\/strong><\/em> (dir. Viktor Kubal) as well as <strong><em>Over Mountains, Over Valleys<\/em><\/strong> (dir. Karel Plicka) accompanied by David Kollar and Tom\u00e1\u0161 Mutina.<\/p>\n<p>The festival will pay tribute to Juraj Jakubisko with three of his films: <em><strong>The Prime of Life<\/strong>, <strong>Deserters and Pilgrims<\/strong><\/em>, and <em><strong>Freckled Max and the Ghosts<\/strong><\/em>. It will also remember it\u2019s former President Milan Lasica with his film <em><strong>Sweet Games of the Last Summer<\/strong><\/em> (dir. Juraj Herz).<\/p>\n<p>Industry Programme will tackle topics such as filming in the East of Slovakia, expanding the audiovisual workforce, or special and visual effects. Peter Bebjak, Peter Neve\u010fal, Martin Pal\u00fach, Radka \u0160i\u0161ul\u00e1kov\u00e1, and B\u00e9la Tarr will give master classes.<\/p>\n<p><em>Rodinn\u00e9 filmov\u00e9 striebro<\/em>, a new book published by the Slovak Film Institute, will be presented during the festival. It consists of 60 essays on 60 classic and contemporary Slovak films written by 60 authors from Slovakia, Czech Republic, and other European countries.<\/p>\n","protected":false},"excerpt":{"rendered":"<p>The 29th edition of International Film Festival Art Film Fest Ko\u0161ice (June 16 \u2013 23, 2023) will present a lot of new Slovak films, will celebrate 60th anniversary of the Slovak Film Institute, and will commemorate life and work of two legends \u2013 Juraj Jakubisko and Milan Lasica.<\/p>\n","protected":false},"featured_media":17927,"template":"","meta":{"_acf_changed":false,"inline_featured_image":false},"kategorie_noviniek":[1965,2038,2036,2037,2145,2151],"festival":[],"rok":[2176],"class_list":["post-38383","novinka","type-novinka","status-publish","has-post-thumbnail","hentry","kategorie_noviniek-aic","kategorie_noviniek-archive","kategorie_noviniek-english","kategorie_noviniek-news","kategorie_noviniek-prezentacia-en","kategorie_noviniek-slovak-cinema-at-home"],"acf":[],"_links":{"self":[{"href":"https:\/\/sfu.sk\/en\/wp-json\/wp\/v2\/novinka\/38383","targetHints":{"allow":["GET"]}}],"collection":[{"href":"https:\/\/sfu.sk\/en\/wp-json\/wp\/v2\/novinka"}],"about":[{"href":"https:\/\/sfu.sk\/en\/wp-json\/wp\/v2\/types\/novinka"}],"wp:featuredmedia":[{"embeddable":true,"href":"https:\/\/sfu.sk\/en\/wp-json\/wp\/v2\/media\/17927"}],"wp:attachment":[{"href":"https:\/\/sfu.sk\/en\/wp-json\/wp\/v2\/media?parent=38383"}],"wp:term":[{"taxonomy":"kategorie_noviniek","embeddable":true,"href":"https:\/\/sfu.sk\/en\/wp-json\/wp\/v2\/kategorie_noviniek?post=38383"},{"taxonomy":"festival","embeddable":true,"href":"https:\/\/sfu.sk\/en\/wp-json\/wp\/v2\/festival?post=38383"},{"taxonomy":"rok","embeddable":true,"href":"https:\/\/sfu.sk\/en\/wp-json\/wp\/v2\/rok?post=38383"}],"curies":[{"name":"wp","href":"https:\/\/api.w.org\/{rel}","templated":true}]}}

New and classic Slovak films at 29th Art Film Fest in Košice

<p><img decoding="async" src="/images/AIC-2019/art-film-fest-2019.jpg" alt="" align="left" class="table" /><strong>The 29th edition of <a href="https://artfilmfest.sk/en/" target="_blank" rel="noopener">International Film Festival Art Film Fest Košice</a> (June 16 – 23, 2023) will present a lot of new Slovak films, will celebrate 60th anniversary of the Slovak Film Institute, and will commemorate life and work of two Slovak legends – Juraj Jakubisko and Milan Lasica.</strong></p>
<p>Three Slovak films are up for festival awards: <a href="https://sfu.sk/en/films/white-plastic-sky/" target="_blank" rel="noopener"><em><strong>White Plastic Sky</strong></em></a> (dir. Tibor Bánóczki, Sarolta Szabó) was selected for International Competition of Feature Films, while <a href="https://sfu.sk/en/films/our-daily-bread/" target="_blank" rel="noopener"><em><strong>Liquid Bread</strong></em></a> (dir. Alica Bednáriková) and <a href="https://sfu.sk/en/films/strigov/" target="_blank" rel="noopener"><em><strong>Strigov</strong></em></a> (dir. Barbora Berezňáková) were selected for the International Competition of Short Films.</p>
<p>Non-competitite Panorama section will premiere a new doc on Czechoslovak New Wave <em><strong>A Czechoslovak Fairy Tale</strong></em> (dir. Christian Paigneau), and Love &amp; Anarchy includes latest film by Viera Čákanyová <em><strong><a href="https://sfu.sk/en/films/notes-from-eremocene/" target="_blank" rel="noopener">Notes from Eremocene</a></strong></em>. 14 films will be presented within Slovak Season<em>: <strong><a href="https://sfu.sk/en/films/%c2%b1-90/" target="_blank" rel="noopener">± 90</a></strong></em> (dir. Marek Kuboš), <em><strong><a href="https://sfu.sk/en/films/andy-warhol-the-american-dream/" target="_blank" rel="noopener">Andy Warhol – The American Dream</a></strong></em> (dir. Ľubomír Ján Slivka, Work in Progress), <em><strong><a href="https://sfu.sk/en/films/goldilocks-and-the-glorious-losers/" target="_blank" rel="noopener">Goldilocks and the Glorious Losers</a></strong></em> (dir. Rasťo Boroš), <em><strong><a href="https://sfu.sk/en/films/invalid/" target="_blank" rel="noopener">Invalid</a></strong> </em>(dir. Jonáš Karásek), <em><strong><a href="https://sfu.sk/en/films/power/" target="_blank" rel="noopener">Power</a></strong> </em>(dir. Mátyás Prikler), <a href="https://sfu.sk/en/films/we-have-to-survive-fukushima/" target="_blank" rel="noopener"><em><strong>We Have to Survive: Fukushima!</strong></em></a> (dir. Tomáš Krupa), <strong><a href="/slovak-films/22951.html" target="_blank" rel="noopener">Victim</a></strong> (dir. Michal Blaško), <em><strong><a href="https://sfu.sk/en/films/the-countdown-the-last-film-of-ivan-paluch/" target="_blank" rel="noopener">The Countdown &#8211; The Last Film of Ivan Palúch</a></strong></em> (dir. Martin Palúch), <em><strong><a href="https://sfu.sk/en/films/the-ballad-of-piargy/" target="_blank" rel="noopener">The Ballad of Piargy</a></strong></em> (dir. Ivo Trajkov), <em><strong><a href="https://sfu.sk/en/films/the-word/" target="_blank" rel="noopener">The Word</a></strong></em> (dir. Beata Parkanová), <em><strong><a href="https://sfu.sk/en/films/the-chambermaid/" target="_blank" rel="noopener">The Chambermaid</a></strong></em> (dir. Mariana Čengel Solčanská), <strong><a href="https://sfu.sk/en/films/shadowplay/" target="_blank" rel="noopener">Shadowplay</a></strong> (dir. Peter Bebjak), <em><strong><a href="https://sfu.sk/en/films/the-shift/" target="_blank" rel="noopener">The Shift</a></strong></em> (dir. Jaro Vojtek), and <em><strong><a href="https://sfu.sk/en/films/territory-of-imagination/" target="_blank" rel="noopener">Territory of Imagination</a></strong></em> (d. Paula Maľárová). The film <em><strong><a href="https://sfu.sk/en/films/she-hero/" target="_blank" rel="noopener">She – Hero</a></strong></em> (dir. Mira Fornay) was selected for Movies for Kids.</p>
<p>On the occasion of the 60th anniversary of the Slovak Film Institute, festival will present six Slovak classics: <em><strong>Seven Days Every Week</strong></em> (dir. Eduard Grečner), <em><strong>Wild Lilies</strong></em> (dir. Elo Havetta), <em><strong>The Barnabáš Kos Case</strong></em> (dir. Peter Solan), <em><strong>A Case for the Defence Attorney</strong></em> (dir. Martin Hollý),<em> <strong>Brigand Jurko</strong></em> (dir. Viktor Kubal) as well as <strong><em>Over Mountains, Over Valleys</em></strong> (dir. Karel Plicka) accompanied by David Kollar and Tomáš Mutina.</p>
<p>The festival will pay tribute to Juraj Jakubisko with three of his films: <em><strong>The Prime of Life</strong>, <strong>Deserters and Pilgrims</strong></em>, and <em><strong>Freckled Max and the Ghosts</strong></em>. It will also remember it’s former President Milan Lasica with his film <em><strong>Sweet Games of the Last Summer</strong></em> (dir. Juraj Herz).</p>
<p>Industry Programme will tackle topics such as filming in the East of Slovakia, expanding the audiovisual workforce, or special and visual effects. Peter Bebjak, Peter Neveďal, Martin Palúch, Radka Šišuláková, and Béla Tarr will give master classes.</p>
<p><em>Rodinné filmové striebro</em>, a new book published by the Slovak Film Institute, will be presented during the festival. It consists of 60 essays on 60 classic and contemporary Slovak films written by 60 authors from Slovakia, Czech Republic, and other European countries.</p>

<p>The 29th edition of International Film Festival Art Film Fest Košice (June 16 – 23, 2023) will present a lot of new Slovak films, will celebrate 60th anniversary of the Slovak Film Institute, and will commemorate life and work of two legends – Juraj Jakubisko and Milan Lasica.</p>
