{"id":38388,"date":"2023-05-30T14:32:00","date_gmt":"2023-05-30T12:32:00","guid":{"rendered":"https:\/\/sfu.sk\/?post_type=novinka&#038;p=38388"},"modified":"2025-09-22T17:05:06","modified_gmt":"2025-09-22T15:05:06","slug":"zlin-film-festival-2023","status":"publish","type":"novinka","link":"https:\/\/sfu.sk\/en\/news\/zlin-film-festival-2023\/","title":{"rendered":"Slovak films compete at Zl\u00edn Film Festival 2023"},"content":{"rendered":"<p align=\"justify\"><img decoding=\"async\" src=\"\/images\/AIC-2022\/zlin-ff-22.jpg\" alt=\"\" align=\"left\" class=\"table\" \/><strong>The 63rd edition of the <a href=\"https:\/\/www.zlinfest.cz\/en\/\" target=\"_blank\" rel=\"noopener\">International Film Festival for Children and Youth Zl\u00edn Film Festival<\/a> (June 1 \u2013 7, 2023) will present new Slovak films, feature films, short and student films will be competing in various programme sections.<\/strong><\/p>\n<p align=\"justify\">In the International Competition of Feature Films in the Children\u2019s Category (up to 10 years of age), Mira Fornay&#8217;s <em><strong><a href=\"https:\/\/sfu.sk\/en\/films\/she-hero\/\" target=\"_blank\" rel=\"noopener\">She \u2013 Hero<\/a><\/strong>,<\/em> world premiered at this year&#8217;s Berlinale, will vie for the prize as well as the stop-motion animated film <em><strong><a href=\"https:\/\/sfu.sk\/en\/films\/tony-shelly-and-the-magic-light\/\" target=\"_blank\" rel=\"noopener\">Tony, Shelly and the Magic Light<\/a><\/strong><\/em> directed by Filip Po\u0161iva\u010d.<\/p>\n<p align=\"justify\">Five short films will compete in the International Competition of Student Films Zl\u00edn Dog: <em><strong>Two Souls, One Mind <\/strong><\/em>(dir. Matej Moln\u00e1r), <em><strong>I Don&#8217;t Want to Go Yet<\/strong><\/em> (dir. Kl\u00e1ra Fedora Homzov\u00e1), <em><strong>After the Wedding<\/strong><\/em> (dir. Matej K\u013e\u00fa\u010dik), <em><strong>Mixed<\/strong> <\/em>(dir. Veronika Valentov\u00e1) and <em><strong>Rave to the Grave<\/strong><\/em> (dir. Vladim\u00edr Horn\u00edk).<\/p>\n<p align=\"justify\">Filip Diviak&#8217;s short animated film <a href=\"https:\/\/sfu.sk\/en\/films\/my-name-is-edgar-and-i-have-a-cow\/\" target=\"_blank\" rel=\"noopener\"><em><strong>My Name Is Edgar and I Have a Cow<\/strong><\/em><\/a> will compete in the International Competition of Short Animations for Children (up to 12 years of age).<\/p>\n<p align=\"justify\">The New Czech Films and TV Programmes section will present two Slovak films, the drama <em><strong><a href=\"https:\/\/sfu.sk\/en\/films\/victim\/\" target=\"_blank\" rel=\"noopener\">Victim<\/a><\/strong> <\/em>by Michal Bla\u0161ko and the fairy tale <em><strong>Krakono\u0161\u2019s Secret<\/strong><\/em> by Peter Bebjak.<\/p>\n<p align=\"justify\">More information at: <a href=\"https:\/\/www.zlinfest.cz\/en\/\">https:\/\/www.zlinfest.cz\/en\/<\/a><\/p>\n","protected":false},"excerpt":{"rendered":"<p>The 63rd edition of the International Film Festival for Children and Youth Zl\u00edn Film Festival (June 1 \u2013 7, 2023) will present new Slovak films, feature films, short and student films will be competing in various programme sections.<\/p>\n","protected":false},"featured_media":36962,"template":"","meta":{"_acf_changed":false,"inline_featured_image":false},"kategorie_noviniek":[1965,2038,2036,2037,2145,2152],"festival":[],"rok":[2176],"class_list":["post-38388","novinka","type-novinka","status-publish","has-post-thumbnail","hentry","kategorie_noviniek-aic","kategorie_noviniek-archive","kategorie_noviniek-english","kategorie_noviniek-news","kategorie_noviniek-prezentacia-en","kategorie_noviniek-slovak-cinema-abroad"],"acf":[],"_links":{"self":[{"href":"https:\/\/sfu.sk\/en\/wp-json\/wp\/v2\/novinka\/38388","targetHints":{"allow":["GET"]}}],"collection":[{"href":"https:\/\/sfu.sk\/en\/wp-json\/wp\/v2\/novinka"}],"about":[{"href":"https:\/\/sfu.sk\/en\/wp-json\/wp\/v2\/types\/novinka"}],"wp:featuredmedia":[{"embeddable":true,"href":"https:\/\/sfu.sk\/en\/wp-json\/wp\/v2\/media\/36962"}],"wp:attachment":[{"href":"https:\/\/sfu.sk\/en\/wp-json\/wp\/v2\/media?parent=38388"}],"wp:term":[{"taxonomy":"kategorie_noviniek","embeddable":true,"href":"https:\/\/sfu.sk\/en\/wp-json\/wp\/v2\/kategorie_noviniek?post=38388"},{"taxonomy":"festival","embeddable":true,"href":"https:\/\/sfu.sk\/en\/wp-json\/wp\/v2\/festival?post=38388"},{"taxonomy":"rok","embeddable":true,"href":"https:\/\/sfu.sk\/en\/wp-json\/wp\/v2\/rok?post=38388"}],"curies":[{"name":"wp","href":"https:\/\/api.w.org\/{rel}","templated":true}]}}

Slovak films compete at Zlín Film Festival 2023

<p align="justify"><img decoding="async" src="/images/AIC-2022/zlin-ff-22.jpg" alt="" align="left" class="table" /><strong>The 63rd edition of the <a href="https://www.zlinfest.cz/en/" target="_blank" rel="noopener">International Film Festival for Children and Youth Zlín Film Festival</a> (June 1 – 7, 2023) will present new Slovak films, feature films, short and student films will be competing in various programme sections.</strong></p>
<p align="justify">In the International Competition of Feature Films in the Children’s Category (up to 10 years of age), Mira Fornay&#8217;s <em><strong><a href="https://sfu.sk/en/films/she-hero/" target="_blank" rel="noopener">She – Hero</a></strong>,</em> world premiered at this year&#8217;s Berlinale, will vie for the prize as well as the stop-motion animated film <em><strong><a href="https://sfu.sk/en/films/tony-shelly-and-the-magic-light/" target="_blank" rel="noopener">Tony, Shelly and the Magic Light</a></strong></em> directed by Filip Pošivač.</p>
<p align="justify">Five short films will compete in the International Competition of Student Films Zlín Dog: <em><strong>Two Souls, One Mind </strong></em>(dir. Matej Molnár), <em><strong>I Don&#8217;t Want to Go Yet</strong></em> (dir. Klára Fedora Homzová), <em><strong>After the Wedding</strong></em> (dir. Matej Kľúčik), <em><strong>Mixed</strong> </em>(dir. Veronika Valentová) and <em><strong>Rave to the Grave</strong></em> (dir. Vladimír Horník).</p>
<p align="justify">Filip Diviak&#8217;s short animated film <a href="https://sfu.sk/en/films/my-name-is-edgar-and-i-have-a-cow/" target="_blank" rel="noopener"><em><strong>My Name Is Edgar and I Have a Cow</strong></em></a> will compete in the International Competition of Short Animations for Children (up to 12 years of age).</p>
<p align="justify">The New Czech Films and TV Programmes section will present two Slovak films, the drama <em><strong><a href="https://sfu.sk/en/films/victim/" target="_blank" rel="noopener">Victim</a></strong> </em>by Michal Blaško and the fairy tale <em><strong>Krakonoš’s Secret</strong></em> by Peter Bebjak.</p>
<p align="justify">More information at: <a href="https://www.zlinfest.cz/en/">https://www.zlinfest.cz/en/</a></p>

<p>The 63rd edition of the International Film Festival for Children and Youth Zlín Film Festival (June 1 – 7, 2023) will present new Slovak films, feature films, short and student films will be competing in various programme sections.</p>
