{"id":38428,"date":"2024-02-08T17:35:00","date_gmt":"2024-02-08T16:35:00","guid":{"rendered":"https:\/\/sfu.sk\/?post_type=novinka&#038;p=38428"},"modified":"2024-07-31T15:19:36","modified_gmt":"2024-07-31T13:19:36","slug":"whats-slovak-in-berlin","status":"publish","type":"novinka","link":"https:\/\/sfu.sk\/en\/news\/whats-slovak-in-berlin\/","title":{"rendered":"What&#8217;s Slovak in Berlin? 2024"},"content":{"rendered":"\n<p><strong>Multiple Slovak films and talents are heading to the <a href=\"https:\/\/www.berlinale.de\/en\/home.html\" target=\"_blank\" rel=\"noreferrer noopener\">74th Berlin International Film Festival<\/a> (February 15 \u2013 25, 2024).<\/strong><\/p>\n\n\n\n<p>A detective drama <em><a href=\"https:\/\/sfu.sk\/en\/films\/the-editorial-office\/\">The Editorial Office<\/a><\/em> (dir. Roman Bondarchuk), co-produced by Katar\u00edna Krn\u00e1\u010dov\u00e1 of Silverart, will premiere in <em>Forum<\/em>, while a creative documentary film <em><a href=\"https:\/\/sfu.sk\/en\/films\/im-not-everything-i-want-to-be\/\">I&#8217;m Not Everything I Want To Be<\/a><\/em>, co-produced by Jakub Viktor\u00edn of nutprodukcia, was selected for <em>Panorama<\/em>.<\/p>\n\n\n\n<p>A new project by director-producer Mira Fornay (winner of the last year\u2019s Grand Prix of the Generation Kplus International Jury for <em>She \u2013 Hero<\/em>), <em>Twist the Rabbit<\/em>, will be presented at the EFM <em>Co-Production Market<\/em>.<\/p>\n\n\n\n<p>Read short interviews with Katar\u00edna Krn\u00e1\u010dov\u00e1, Jakub Viktor\u00edn, and Mira Fornay in our magazine <em><a href=\"https:\/\/sfu.sk\/wp-content\/uploads\/2024\/02\/whats-slovak-in-berlin-24.pdf\" target=\"_blank\" rel=\"noreferrer noopener\">What&#8217;s Slovak in Berlin?<\/a><\/em> (pdf).<\/p>\n\n\n\n<p>Matej Sotn\u00edk (gu\u010da films) will represent Slovakia in the Emerging Producers 2024 program. Two Slovak films are up for the ECFA Awards which are announced at Berlinale: <em><a href=\"https:\/\/sfu.sk\/en\/films\/even-mice-belong-in-heaven\/\">Even Mice Belong in Heaven<\/a><\/em> (dir. Denisa Grimmov\u00e1, Jan Buben\u00ed\u010dek) and <em><a href=\"https:\/\/sfu.sk\/en\/films\/tony-shelly-and-the-magic-light\/\">Tony, Shelly and the Magic Light<\/a><\/em> (dir. Filip Po\u0161iva\u010d).<\/p>\n\n\n\n<p><strong><em><a href=\"https:\/\/sfu.sk\/en\/films\/the-editorial-office\/\">The Editorial Office<\/a><\/em><\/strong><\/p>\n\n\n\n<p>In the wild steppes of southern Ukraine, a young nature researcher named Yura is looking for an endangered species of groundhog but instead witnesses a crime. Eager to expose the truth, Yura takes his photo evidence to the local newspaper\u2019s editorial office. However, he quickly realizes that nobody there cares about pursuing justice. While a big war is looming over the horizon, Yura\u2019s naive worldview is splintering in a storm of fake news, rigged political elections, and mysterious cult rituals. On his quest, the hero is about to find out who he really is \u2013 an endangered species of a good man or just a loser?<\/p>\n\n\n<div class=\"wp-block-image\">\n<figure class=\"alignleft size-full is-resized\"><img decoding=\"async\" width=\"800\" height=\"566\" src=\"https:\/\/sfu.sk\/wp-content\/uploads\/2024\/01\/25199.jpg\" alt=\"\" class=\"wp-image-33107\" style=\"width:348px;height:auto\" srcset=\"https:\/\/sfu.sk\/wp-content\/uploads\/2024\/01\/25199.jpg 800w, https:\/\/sfu.sk\/wp-content\/uploads\/2024\/01\/25199-300x212.jpg 300w, https:\/\/sfu.sk\/wp-content\/uploads\/2024\/01\/25199-768x543.jpg 768w, https:\/\/sfu.sk\/wp-content\/uploads\/2024\/01\/25199-600x425.jpg 600w\" sizes=\"(max-width: 800px) 100vw, 800px\" \/><\/figure>\n<\/div>\n\n\n<p><strong><em><a href=\"https:\/\/sfu.sk\/en\/films\/im-not-everything-i-want-to-be\/\">I&#8217;m Not Everything I Want To Be<\/a><\/em><\/strong><\/p>\n\n\n\n<p>After the Soviet invasion of Prague, a young female photographer strives to break free from the constraints of Czechoslovak normalization and embarks on a wild journey towards freedom, capturing her experiences on thousands of subjective photographs.<\/p>\n\n\n\n<p><\/p>\n\n\n\n<p><strong><em>Twist the Rabbit<\/em><\/strong><\/p>\n\n\n\n<p>2052: Leila must \u201cgain\u201d a child. If Leila fails, she\u2019ll lose her freedom and the opportunity to be with her love G\u00e1bor.<\/p>\n\n\n\n<p>The EFM attendees can also watch four Slovak films at the <a href=\"https:\/\/sfu.sk\/en\/news\/market-screenings-efm-2024\/\">market screenings<\/a>.<\/p>\n\n\n<div class=\"wp-block-image\">\n<figure class=\"alignright size-full is-resized\"><a href=\"https:\/\/sfu.sk\/wp-content\/uploads\/2024\/02\/whats-slovak-in-berlin-24.pdf\" target=\"_blank\" rel=\"noreferrer noopener\"><img decoding=\"async\" width=\"722\" height=\"912\" src=\"https:\/\/sfu.sk\/wp-content\/uploads\/2024\/02\/whats-slovak-in-berlin-2024-obalka.jpg\" alt=\"\" class=\"wp-image-37250\" style=\"width:289px;height:auto\" srcset=\"https:\/\/sfu.sk\/wp-content\/uploads\/2024\/02\/whats-slovak-in-berlin-2024-obalka.jpg 722w, https:\/\/sfu.sk\/wp-content\/uploads\/2024\/02\/whats-slovak-in-berlin-2024-obalka-238x300.jpg 238w, https:\/\/sfu.sk\/wp-content\/uploads\/2024\/02\/whats-slovak-in-berlin-2024-obalka-600x758.jpg 600w\" sizes=\"(max-width: 722px) 100vw, 722px\" \/><\/a><\/figure>\n<\/div>\n\n\n<p>Discover what&#8217;s Slovak at the 74th Berlinale in our magazine  <em><a href=\"https:\/\/sfu.sk\/wp-content\/uploads\/2024\/02\/whats-slovak-in-berlin-24.pdf\" target=\"_blank\" rel=\"noreferrer noopener\">What&#8217;s Slovak in Berlin? 2024<\/a><\/em> (pdf).<\/p>\n\n\n\n<p>This year, Slovakia will be present at the European Film Market in Berlin for the 19th time. Together with friends and colleagues from the Czech Republic and Slovenia, under the umbrella of the Central European Cinema, The Slovak Film Institute offers an informational and promotional point for Slovak cinema, and a networking place for Slovak film professionals and their international counterparts.<\/p>\n\n\n\n<p>The Slovak Film Institute team is ready and happy to meet you at the <strong>Central European Cinema stand No. 112 in Gropius Bau<\/strong>. <\/p>\n\n\n\n<p>Presentation of Slovak cinema and audiovisual industry at the European Film Market is organized by: Slovak Film Institute, with financial support of the Ministry of Culture of the Slovak Republic, and Slovak Film Commission, organizational unit of Slovak Audiovisual Fund and in partnership with Slovak Institute in Berlin.<\/p>\n\n\n\n<p><strong>Slovak Film Institute at EFM:<br>Rastislav Steranka<\/strong> (Feb 16 \u2013 20)<br><strong>Tom\u00e1\u0161 Hud\u00e1k<\/strong> (Feb 15 \u2013 21)<br><strong>Veronika Krej\u010dov\u00e1<\/strong> (Feb 15 \u2013 21)<\/p>\n\n\n\n<p><strong>Slovak Film Commission:<br>Zuzana Bielikov\u00e1<\/strong> (Feb 15 \u2013 20)<br><strong>Jana Smoko\u0148ov\u00e1<\/strong> (Feb 15 \u2013 20)<\/p>\n\n\n\n<p>Web: <a href=\"https:\/\/www.berlinale.de\/en\/home.html\" target=\"_blank\" rel=\"noreferrer noopener\">www.berlinale.de<\/a>, <a href=\"https:\/\/www.efm-berlinale.de\/en\/home\/homepage.html\" target=\"_blank\" rel=\"noreferrer noopener\">www.efm-berlinale.de<\/a><\/p>\n","protected":false},"excerpt":{"rendered":"<p>Multiple Slovak films and talents are heading to the 74th Berlin International Film Festival (February 15 \u2013 25, 2024).<\/p>\n","protected":false},"featured_media":37247,"template":"","meta":{"_acf_changed":false,"inline_featured_image":false},"kategorie_noviniek":[2145,2144,2152],"festival":[556,2074],"rok":[2146,211],"class_list":["post-38428","novinka","type-novinka","status-publish","has-post-thumbnail","hentry","kategorie_noviniek-prezentacia-en","kategorie_noviniek-slovenska-kinematografia-na-festivaloch-en","kategorie_noviniek-slovak-cinema-abroad"],"acf":[],"_links":{"self":[{"href":"https:\/\/sfu.sk\/en\/wp-json\/wp\/v2\/novinka\/38428","targetHints":{"allow":["GET"]}}],"collection":[{"href":"https:\/\/sfu.sk\/en\/wp-json\/wp\/v2\/novinka"}],"about":[{"href":"https:\/\/sfu.sk\/en\/wp-json\/wp\/v2\/types\/novinka"}],"wp:featuredmedia":[{"embeddable":true,"href":"https:\/\/sfu.sk\/en\/wp-json\/wp\/v2\/media\/37247"}],"wp:attachment":[{"href":"https:\/\/sfu.sk\/en\/wp-json\/wp\/v2\/media?parent=38428"}],"wp:term":[{"taxonomy":"kategorie_noviniek","embeddable":true,"href":"https:\/\/sfu.sk\/en\/wp-json\/wp\/v2\/kategorie_noviniek?post=38428"},{"taxonomy":"festival","embeddable":true,"href":"https:\/\/sfu.sk\/en\/wp-json\/wp\/v2\/festival?post=38428"},{"taxonomy":"rok","embeddable":true,"href":"https:\/\/sfu.sk\/en\/wp-json\/wp\/v2\/rok?post=38428"}],"curies":[{"name":"wp","href":"https:\/\/api.w.org\/{rel}","templated":true}]}}

<p><strong>Multiple Slovak films and talents are heading to the <a href="https://www.berlinale.de/en/home.html" target="_blank" rel="noreferrer noopener">74th Berlin International Film Festival</a> (February 15 – 25, 2024).</strong></p>



<p>A detective drama <em><a href="https://sfu.sk/en/films/the-editorial-office/">The Editorial Office</a></em> (dir. Roman Bondarchuk), co-produced by Katarína Krnáčová of Silverart, will premiere in <em>Forum</em>, while a creative documentary film <em><a href="https://sfu.sk/en/films/im-not-everything-i-want-to-be/">I&#8217;m Not Everything I Want To Be</a></em>, co-produced by Jakub Viktorín of nutprodukcia, was selected for <em>Panorama</em>.</p>



<p>A new project by director-producer Mira Fornay (winner of the last year’s Grand Prix of the Generation Kplus International Jury for <em>She – Hero</em>), <em>Twist the Rabbit</em>, will be presented at the EFM <em>Co-Production Market</em>.</p>



<p>Read short interviews with Katarína Krnáčová, Jakub Viktorín, and Mira Fornay in our magazine <em><a href="https://sfu.sk/wp-content/uploads/2024/02/whats-slovak-in-berlin-24.pdf" target="_blank" rel="noreferrer noopener">What&#8217;s Slovak in Berlin?</a></em> (pdf).</p>



<p>Matej Sotník (guča films) will represent Slovakia in the Emerging Producers 2024 program. Two Slovak films are up for the ECFA Awards which are announced at Berlinale: <em><a href="https://sfu.sk/en/films/even-mice-belong-in-heaven/">Even Mice Belong in Heaven</a></em> (dir. Denisa Grimmová, Jan Bubeníček) and <em><a href="https://sfu.sk/en/films/tony-shelly-and-the-magic-light/">Tony, Shelly and the Magic Light</a></em> (dir. Filip Pošivač).</p>



<p><strong><em><a href="https://sfu.sk/en/films/the-editorial-office/">The Editorial Office</a></em></strong></p>



<p>In the wild steppes of southern Ukraine, a young nature researcher named Yura is looking for an endangered species of groundhog but instead witnesses a crime. Eager to expose the truth, Yura takes his photo evidence to the local newspaper’s editorial office. However, he quickly realizes that nobody there cares about pursuing justice. While a big war is looming over the horizon, Yura’s naive worldview is splintering in a storm of fake news, rigged political elections, and mysterious cult rituals. On his quest, the hero is about to find out who he really is – an endangered species of a good man or just a loser?</p>


<div class="wp-block-image">
<figure class="alignleft size-full is-resized"><img decoding="async" width="800" height="566" src="https://sfu.sk/wp-content/uploads/2024/01/25199.jpg" alt="" class="wp-image-33107" style="width:348px;height:auto" srcset="https://sfu.sk/wp-content/uploads/2024/01/25199.jpg 800w, https://sfu.sk/wp-content/uploads/2024/01/25199-300x212.jpg 300w, https://sfu.sk/wp-content/uploads/2024/01/25199-768x543.jpg 768w, https://sfu.sk/wp-content/uploads/2024/01/25199-600x425.jpg 600w" sizes="(max-width: 800px) 100vw, 800px" /></figure>
</div>


<p><strong><em><a href="https://sfu.sk/en/films/im-not-everything-i-want-to-be/">I&#8217;m Not Everything I Want To Be</a></em></strong></p>



<p>After the Soviet invasion of Prague, a young female photographer strives to break free from the constraints of Czechoslovak normalization and embarks on a wild journey towards freedom, capturing her experiences on thousands of subjective photographs.</p>



<p></p>



<p><strong><em>Twist the Rabbit</em></strong></p>



<p>2052: Leila must “gain” a child. If Leila fails, she’ll lose her freedom and the opportunity to be with her love Gábor.</p>



<p>The EFM attendees can also watch four Slovak films at the <a href="https://sfu.sk/en/news/market-screenings-efm-2024/">market screenings</a>.</p>


<div class="wp-block-image">
<figure class="alignright size-full is-resized"><a href="https://sfu.sk/wp-content/uploads/2024/02/whats-slovak-in-berlin-24.pdf" target="_blank" rel="noreferrer noopener"><img decoding="async" width="722" height="912" src="https://sfu.sk/wp-content/uploads/2024/02/whats-slovak-in-berlin-2024-obalka.jpg" alt="" class="wp-image-37250" style="width:289px;height:auto" srcset="https://sfu.sk/wp-content/uploads/2024/02/whats-slovak-in-berlin-2024-obalka.jpg 722w, https://sfu.sk/wp-content/uploads/2024/02/whats-slovak-in-berlin-2024-obalka-238x300.jpg 238w, https://sfu.sk/wp-content/uploads/2024/02/whats-slovak-in-berlin-2024-obalka-600x758.jpg 600w" sizes="(max-width: 722px) 100vw, 722px" /></a></figure>
</div>


<p>Discover what&#8217;s Slovak at the 74th Berlinale in our magazine  <em><a href="https://sfu.sk/wp-content/uploads/2024/02/whats-slovak-in-berlin-24.pdf" target="_blank" rel="noreferrer noopener">What&#8217;s Slovak in Berlin? 2024</a></em> (pdf).</p>



<p>This year, Slovakia will be present at the European Film Market in Berlin for the 19th time. Together with friends and colleagues from the Czech Republic and Slovenia, under the umbrella of the Central European Cinema, The Slovak Film Institute offers an informational and promotional point for Slovak cinema, and a networking place for Slovak film professionals and their international counterparts.</p>



<p>The Slovak Film Institute team is ready and happy to meet you at the <strong>Central European Cinema stand No. 112 in Gropius Bau</strong>. </p>



<p>Presentation of Slovak cinema and audiovisual industry at the European Film Market is organized by: Slovak Film Institute, with financial support of the Ministry of Culture of the Slovak Republic, and Slovak Film Commission, organizational unit of Slovak Audiovisual Fund and in partnership with Slovak Institute in Berlin.</p>



<p><strong>Slovak Film Institute at EFM:<br>Rastislav Steranka</strong> (Feb 16 – 20)<br><strong>Tomáš Hudák</strong> (Feb 15 – 21)<br><strong>Veronika Krejčová</strong> (Feb 15 – 21)</p>



<p><strong>Slovak Film Commission:<br>Zuzana Bieliková</strong> (Feb 15 – 20)<br><strong>Jana Smokoňová</strong> (Feb 15 – 20)</p>



<p>Web: <a href="https://www.berlinale.de/en/home.html" target="_blank" rel="noreferrer noopener">www.berlinale.de</a>, <a href="https://www.efm-berlinale.de/en/home/homepage.html" target="_blank" rel="noreferrer noopener">www.efm-berlinale.de</a></p>
