{"id":38644,"date":"2023-10-06T07:13:00","date_gmt":"2023-10-06T05:13:00","guid":{"rendered":"https:\/\/sfu.sk\/?post_type=novinka&#038;p=38644"},"modified":"2025-09-24T14:58:12","modified_gmt":"2025-09-24T12:58:12","slug":"dok-leipzig-2023","status":"publish","type":"novinka","link":"https:\/\/sfu.sk\/en\/news\/dok-leipzig-2023\/","title":{"rendered":"Multiple Slovak films, including Black Days, at Dok Leipzig"},"content":{"rendered":"\n<p><strong>The 66th edition of the&nbsp;<a href=\"https:\/\/www.dok-leipzig.de\/en\" target=\"_blank\" rel=\"noreferrer noopener\">International Leipzig Festival for Documentary and Animated Film<\/a>&nbsp;(October 8 \u2013 15, 2023) will present multiple Slovak films in the program, including a classic doc&nbsp;Black Days.<\/strong><\/p>\n\n\n\n<p><strong><em>Black Days<\/em><\/strong>, a Special Edition of A Week in Film, directed by Ladislav Kudelka, Milan \u010cern\u00e1k, \u0160tefan Kamenick\u00fd, and Ctibor Kov\u00e1\u010d, give us the first-hand testimony of the August 1968 events. The films will screen in the\u00a0Retrospective: Film and Protest \u2013 Popular Uprisings in the Cold War\u00a0section.<\/p>\n\n\n\n<p>Two new Slovak films are part of this year\u2019s festival programme.&nbsp;<em><strong><a href=\"https:\/\/sfu.sk\/en\/films\/photophobia\/\" target=\"_blank\" rel=\"noreferrer noopener\">Photophobia<\/a><\/strong><\/em>, directed by Ivan Ostrochovsk\u00fd and Pavol Pekar\u010d\u00edk, was selected for non-competitive&nbsp;Panorama: Central and Eastern Europe&nbsp;section, while Filip Diviak\u2019s&nbsp;<em><strong><a href=\"https:\/\/sfu.sk\/en\/films\/my-name-is-edgar-and-i-have-a-cow\/\" target=\"_blank\" rel=\"noreferrer noopener\">My Name Is Edgar and I Have a Cow<\/a><\/strong><\/em>&nbsp;is waiting for the young audience in&nbsp;Kids Dok&nbsp;programme.<\/p>\n\n\n\n<p>After last year\u2019s success, the festival once again decided to celebrate Central and Eastern European shorts with special program of&nbsp;<a href=\"https:\/\/www.dok-leipzig.de\/en\/programm\/events#5x5-shorts-from-the-east\" target=\"_blank\" rel=\"noreferrer noopener\">25 films from the region<\/a>&nbsp;shown one evening in a continuous screening. The program was made in co-operation with national centers and institutes of Croatia, Estonia, Latvia, Slovenia, and Slovakia (represented by the Slovak Film Institute). Audience will have a chance to see&nbsp;<em><a href=\"https:\/\/sfu.sk\/en\/films\/yellow\/\" target=\"_blank\" rel=\"noreferrer noopener\"><strong>Yellow<\/strong>&nbsp;<\/a><\/em>(dir. Ivana \u0160ebestov\u00e1),&nbsp;<em><strong>Symbol<\/strong>&nbsp;<\/em>(dir. Krist\u00edna \u017dilin\u010d\u00e1rov\u00e1),&nbsp;<strong><em>In Line<\/em><\/strong>&nbsp;(dir. Kamila Ku\u010d\u00edkov\u00e1),&nbsp;<strong><em>Attention All Passengers<\/em>&nbsp;<\/strong>(dir. Marek Mou\u010dka), and&nbsp;<em><strong>Journey<\/strong>&nbsp;<\/em>(dir. Marek Jasa\u0148).<\/p>\n\n\n\n<p>More information at: <a href=\"https:\/\/www.dok-leipzig.de\/en\" target=\"_blank\" rel=\"noreferrer noopener\">www.dok-leipzig.de\/en<\/a><\/p>\n","protected":false},"excerpt":{"rendered":"<p>The 66th edition of the\u00a0International Leipzig Festival for Documentary and Animated Film\u00a0(October 8 \u2013 15, 2023) will present multiple Slovak films in the program, including a classic doc\u00a0Black Days.<\/p>\n","protected":false},"featured_media":18053,"template":"","meta":{"_acf_changed":true,"inline_featured_image":false},"kategorie_noviniek":[2145,2152],"festival":[],"rok":[2176],"class_list":["post-38644","novinka","type-novinka","status-publish","has-post-thumbnail","hentry","kategorie_noviniek-prezentacia-en","kategorie_noviniek-slovak-cinema-abroad"],"acf":[],"_links":{"self":[{"href":"https:\/\/sfu.sk\/en\/wp-json\/wp\/v2\/novinka\/38644","targetHints":{"allow":["GET"]}}],"collection":[{"href":"https:\/\/sfu.sk\/en\/wp-json\/wp\/v2\/novinka"}],"about":[{"href":"https:\/\/sfu.sk\/en\/wp-json\/wp\/v2\/types\/novinka"}],"wp:featuredmedia":[{"embeddable":true,"href":"https:\/\/sfu.sk\/en\/wp-json\/wp\/v2\/media\/18053"}],"wp:attachment":[{"href":"https:\/\/sfu.sk\/en\/wp-json\/wp\/v2\/media?parent=38644"}],"wp:term":[{"taxonomy":"kategorie_noviniek","embeddable":true,"href":"https:\/\/sfu.sk\/en\/wp-json\/wp\/v2\/kategorie_noviniek?post=38644"},{"taxonomy":"festival","embeddable":true,"href":"https:\/\/sfu.sk\/en\/wp-json\/wp\/v2\/festival?post=38644"},{"taxonomy":"rok","embeddable":true,"href":"https:\/\/sfu.sk\/en\/wp-json\/wp\/v2\/rok?post=38644"}],"curies":[{"name":"wp","href":"https:\/\/api.w.org\/{rel}","templated":true}]}}

<p><strong>The 66th edition of the&nbsp;<a href="https://www.dok-leipzig.de/en" target="_blank" rel="noreferrer noopener">International Leipzig Festival for Documentary and Animated Film</a>&nbsp;(October 8 – 15, 2023) will present multiple Slovak films in the program, including a classic doc&nbsp;Black Days.</strong></p>



<p><strong><em>Black Days</em></strong>, a Special Edition of A Week in Film, directed by Ladislav Kudelka, Milan Černák, Štefan Kamenický, and Ctibor Kováč, give us the first-hand testimony of the August 1968 events. The films will screen in the Retrospective: Film and Protest – Popular Uprisings in the Cold War section.</p>



<p>Two new Slovak films are part of this year’s festival programme.&nbsp;<em><strong><a href="https://sfu.sk/en/films/photophobia/" target="_blank" rel="noreferrer noopener">Photophobia</a></strong></em>, directed by Ivan Ostrochovský and Pavol Pekarčík, was selected for non-competitive&nbsp;Panorama: Central and Eastern Europe&nbsp;section, while Filip Diviak’s&nbsp;<em><strong><a href="https://sfu.sk/en/films/my-name-is-edgar-and-i-have-a-cow/" target="_blank" rel="noreferrer noopener">My Name Is Edgar and I Have a Cow</a></strong></em>&nbsp;is waiting for the young audience in&nbsp;Kids Dok&nbsp;programme.</p>



<p>After last year’s success, the festival once again decided to celebrate Central and Eastern European shorts with special program of&nbsp;<a href="https://www.dok-leipzig.de/en/programm/events#5x5-shorts-from-the-east" target="_blank" rel="noreferrer noopener">25 films from the region</a>&nbsp;shown one evening in a continuous screening. The program was made in co-operation with national centers and institutes of Croatia, Estonia, Latvia, Slovenia, and Slovakia (represented by the Slovak Film Institute). Audience will have a chance to see&nbsp;<em><a href="https://sfu.sk/en/films/yellow/" target="_blank" rel="noreferrer noopener"><strong>Yellow</strong>&nbsp;</a></em>(dir. Ivana Šebestová),&nbsp;<em><strong>Symbol</strong>&nbsp;</em>(dir. Kristína Žilinčárová),&nbsp;<strong><em>In Line</em></strong>&nbsp;(dir. Kamila Kučíková),&nbsp;<strong><em>Attention All Passengers</em>&nbsp;</strong>(dir. Marek Moučka), and&nbsp;<em><strong>Journey</strong>&nbsp;</em>(dir. Marek Jasaň).</p>



<p>More information at: <a href="https://www.dok-leipzig.de/en" target="_blank" rel="noreferrer noopener">www.dok-leipzig.de/en</a></p>
