{"id":38673,"date":"2023-08-31T14:32:00","date_gmt":"2023-08-31T12:32:00","guid":{"rendered":"https:\/\/sfu.sk\/?post_type=novinka&#038;p=38673"},"modified":"2025-09-24T12:12:13","modified_gmt":"2025-09-24T10:12:13","slug":"toronto-iff-2023","status":"publish","type":"novinka","link":"https:\/\/sfu.sk\/en\/news\/toronto-iff-2023\/","title":{"rendered":"Toronto IFF presents Slovak co-production films Solitude and Electra"},"content":{"rendered":"\n<p><strong>The prestigious\u00a0<a href=\"https:\/\/www.tiff.net\/\" target=\"_blank\" rel=\"noreferrer noopener\">Toronto International Film Festival<\/a>\u00a0(September 7 \u2013 17, 2023) will present two Slovak co-production films. In the\u00a0TIFF Discovery\u00a0section, the feature film\u00a0<em><a href=\"https:\/\/sfu.sk\/en\/films\/solitude\/\">Solitude\u00a0<\/a><\/em>(dir. Ninna P\u00e1lmad\u00f3ttir) will have its world premiere, while\u00a0<em><a href=\"https:\/\/sfu.sk\/en\/films\/electra\/\" target=\"_blank\" rel=\"noreferrer noopener\">Electra<\/a>\u00a0<\/em>(dir. Daria Kashcheeva) will be screened in the\u00a0Short Cuts\u00a0section.<br><\/strong><br>The visually captivating drama\u00a0<em><strong><a href=\"https:\/\/sfu.sk\/wp-content\/uploads\/2023\/08\/SOLITUDE.jpg\" target=\"_blank\" rel=\"noreferrer noopener\">Solitude<\/a>\u00a0<\/strong><\/em>is based on a screenplay by the award-winning R\u00fannar R\u00fannarson. The Icelandic-Slovak co-production (nutprodukcia) directed by Ninna P\u00e1lmad\u00f3ttir tells the story of a farmer who has lived his whole life in the peaceful Icelandic countryside, but is forced by the state to sell his house. The man leaves his home and moves to the capital, where he soon meets a 10-year-old boy who delivers newspapers in the neighbourhood. A friendship is born that profoundly affects both the man and the boy.<br><br>After world premiere at the Cannes Film Festival and screenings at the festivals in Annecy or Karlovy Vary, director Daria Kashcheeva will present her film\u00a0<em><strong><a href=\"https:\/\/sfu.sk\/en\/films\/electra\/\" target=\"_blank\" rel=\"noreferrer noopener\">Electra<\/a>\u00a0<\/strong><\/em>in Toronto\u2019s\u00a0Short Cuts\u00a0section. The short animated film is inspired by psychoanalysis and psychotherapy. The protagonist Electra rethinks her 10th birthday, mixing memories with dreams. Isolated in her fantasy world full of busty dolls, plastic men\u2019s body parts and dentist tools, she builds up her own relationships with her body and sexuality. Diving deeper into her childhood memories, Electra goes through the most painful memories to let her suppressed feelings come out.<\/p>\n\n\n\n<p>More information at: <a href=\"https:\/\/www.tiff.net\/\">https:\/\/www.tiff.net\/<\/a><a href=\"https:\/\/www.labiennale.org\/en\/cinema\/2023\"><\/a><\/p>\n","protected":false},"excerpt":{"rendered":"<p>The prestigious\u00a0Toronto International Film Festival\u00a0(September 7 \u2013 17, 2023) will present two Slovak co-production films. In the\u00a0TIFF Discovery\u00a0section, the feature film\u00a0Solitude\u00a0(dir. Ninna P\u00e1lmad\u00f3ttir) will have its world premiere, while\u00a0Electra\u00a0(dir. Daria Kashcheeva) will be screened in the\u00a0Short Cuts\u00a0section.<\/p>\n","protected":false},"featured_media":18990,"template":"","meta":{"_acf_changed":false,"inline_featured_image":false},"kategorie_noviniek":[2145,2152],"festival":[],"rok":[2176],"class_list":["post-38673","novinka","type-novinka","status-publish","has-post-thumbnail","hentry","kategorie_noviniek-prezentacia-en","kategorie_noviniek-slovak-cinema-abroad"],"acf":[],"_links":{"self":[{"href":"https:\/\/sfu.sk\/en\/wp-json\/wp\/v2\/novinka\/38673","targetHints":{"allow":["GET"]}}],"collection":[{"href":"https:\/\/sfu.sk\/en\/wp-json\/wp\/v2\/novinka"}],"about":[{"href":"https:\/\/sfu.sk\/en\/wp-json\/wp\/v2\/types\/novinka"}],"wp:featuredmedia":[{"embeddable":true,"href":"https:\/\/sfu.sk\/en\/wp-json\/wp\/v2\/media\/18990"}],"wp:attachment":[{"href":"https:\/\/sfu.sk\/en\/wp-json\/wp\/v2\/media?parent=38673"}],"wp:term":[{"taxonomy":"kategorie_noviniek","embeddable":true,"href":"https:\/\/sfu.sk\/en\/wp-json\/wp\/v2\/kategorie_noviniek?post=38673"},{"taxonomy":"festival","embeddable":true,"href":"https:\/\/sfu.sk\/en\/wp-json\/wp\/v2\/festival?post=38673"},{"taxonomy":"rok","embeddable":true,"href":"https:\/\/sfu.sk\/en\/wp-json\/wp\/v2\/rok?post=38673"}],"curies":[{"name":"wp","href":"https:\/\/api.w.org\/{rel}","templated":true}]}}

<p><strong>The prestigious <a href="https://www.tiff.net/" target="_blank" rel="noreferrer noopener">Toronto International Film Festival</a> (September 7 – 17, 2023) will present two Slovak co-production films. In the TIFF Discovery section, the feature film <em><a href="https://sfu.sk/en/films/solitude/">Solitude </a></em>(dir. Ninna Pálmadóttir) will have its world premiere, while <em><a href="https://sfu.sk/en/films/electra/" target="_blank" rel="noreferrer noopener">Electra</a> </em>(dir. Daria Kashcheeva) will be screened in the Short Cuts section.<br></strong><br>The visually captivating drama <em><strong><a href="https://sfu.sk/wp-content/uploads/2023/08/SOLITUDE.jpg" target="_blank" rel="noreferrer noopener">Solitude</a> </strong></em>is based on a screenplay by the award-winning Rúnnar Rúnnarson. The Icelandic-Slovak co-production (nutprodukcia) directed by Ninna Pálmadóttir tells the story of a farmer who has lived his whole life in the peaceful Icelandic countryside, but is forced by the state to sell his house. The man leaves his home and moves to the capital, where he soon meets a 10-year-old boy who delivers newspapers in the neighbourhood. A friendship is born that profoundly affects both the man and the boy.<br><br>After world premiere at the Cannes Film Festival and screenings at the festivals in Annecy or Karlovy Vary, director Daria Kashcheeva will present her film <em><strong><a href="https://sfu.sk/en/films/electra/" target="_blank" rel="noreferrer noopener">Electra</a> </strong></em>in Toronto’s Short Cuts section. The short animated film is inspired by psychoanalysis and psychotherapy. The protagonist Electra rethinks her 10th birthday, mixing memories with dreams. Isolated in her fantasy world full of busty dolls, plastic men’s body parts and dentist tools, she builds up her own relationships with her body and sexuality. Diving deeper into her childhood memories, Electra goes through the most painful memories to let her suppressed feelings come out.</p>



<p>More information at: <a href="https://www.tiff.net/">https://www.tiff.net/</a><a href="https://www.labiennale.org/en/cinema/2023"></a></p>

<p>The prestigious Toronto International Film Festival (September 7 – 17, 2023) will present two Slovak co-production films. In the TIFF Discovery section, the feature film Solitude (dir. Ninna Pálmadóttir) will have its world premiere, while Electra (dir. Daria Kashcheeva) will be screened in the Short Cuts section.</p>
