{"id":38674,"date":"2023-08-22T14:32:00","date_gmt":"2023-08-22T12:32:00","guid":{"rendered":"https:\/\/sfu.sk\/?post_type=novinka&#038;p=38674"},"modified":"2025-09-24T11:50:06","modified_gmt":"2025-09-24T09:50:06","slug":"venice-2023","status":"publish","type":"novinka","link":"https:\/\/sfu.sk\/en\/news\/venice-2023\/","title":{"rendered":"Two Slovak films to premiere in Venice 2023"},"content":{"rendered":"\n<p><strong>The 80th edition of the\u00a0<a href=\"https:\/\/www.labiennale.org\/en\/cinema\/2023\" target=\"_blank\" rel=\"noreferrer noopener\">Venice International Film Festival<\/a>\u00a0(August 30 \u2013 September 9, 2023) will present the world premiere of G\u00e1bor Reisz\u2019s\u00a0<a href=\"https:\/\/sfu.sk\/en\/films\/explanation-for-everything\/\" target=\"_blank\" rel=\"noreferrer noopener\"><em>Explanation for Everything<\/em><\/a>\u00a0in the Orizzonti competition. In addition, the Slovak film\u00a0<a href=\"https:\/\/sfu.sk\/en\/films\/photophobia\/\" target=\"_blank\" rel=\"noreferrer noopener\"><em>Photophobia<\/em><\/a>, directed by Ivan Ostrochovsk\u00fd and Pavol Pekar\u010d\u00edk, will premiere in the independent sidebar\u00a0<a href=\"https:\/\/www.giornatedegliautori.com\/en\/home-english\/\" target=\"_blank\" rel=\"noreferrer noopener\">Giornate degli Autori<\/a>.<\/strong><\/p>\n\n\n\n<p>Slovak minority co-production film\u00a0<em><a href=\"https:\/\/sfu.sk\/en\/films\/explanation-for-everything\/\" target=\"_blank\" rel=\"noreferrer noopener\"><strong>Explanation for Everything<\/strong><\/a><\/em>\u00a0depicts high school student Abel, who is struggling to focus on his final exams, whilst coming to the realisation that he is hopelessly in love with his best friend Janka. The studious Janka has her own unrequited love with married history teacher Jakab who had a previous confrontation with Abel\u2019s conservative father. The tensions of a polarized society come unexpectedly to the surface when Abel\u2019s history graduation exam turns into a national scandal.<\/p>\n\n\n\n<p><a href=\"https:\/\/www.giornatedegliautori.com\/en\/home-english\/\" target=\"_blank\" rel=\"noreferrer noopener\">Giornate degli Autori\u2019<\/a>s\u00a0Special Events\u00a0will present hybrid film\u00a0<strong><em><a href=\"https:\/\/sfu.sk\/en\/films\/photophobia\/\">Photophobia\u00a0<\/a><\/em><\/strong>by Ivan Ostrochovsk\u00fd and Pavol Pekar\u010d\u00edk. On a cold February morning, 12-year-old Niki and his family arrive at the Kharkiv metro station to take shelter from the terrifying war raging outside. For Niki\u2019s family, daylight is synonymous with mortal danger, and the boy is not allowed to leave the station premises, living under the constant glow of their neon lights. While aimlessly wandering around the abandoned cars and full platforms, Niki meets Vika (11), and a new world opens up to him. As their bond strengthens, the children find the courage once again to feel the sun on their faces.<\/p>\n\n\n\n<p><em>\u201cWhen we arrived in Ukraine with humanitarian aid in the spring of 2022, and settled into a life alongside the metro refugees, we realized that the eyes of the world would be on the front line. That was why we decided to find something most closely approaching \u201cordinary life\u201d and preserve it to the best of our abilities: to find a moment of genuine humanity at a time of devastating horror. We decided to juxtapose the timeless, aimless life lived by Niki and his family with the chilling scenes playing out on ground level, using the format of Super 8mm film footage. We&#8217;ve filmed observations of a war-ravaged country that might seem as the distant ideas of a traumatized child \u2013 a fever dream from times long past \u2013 if only the audience did not know that this was the reality of Ukraine nowadays,\u201d<\/em>&nbsp;says the directors\u2019 statement.<\/p>\n\n\n\n<p>Slovak films screenings:<\/p>\n\n\n\n<p><em><strong>Explanation for Everything<\/strong><\/em>, dir. G\u00e1bor Reisz, HU-SK, 2023<br>31 August 19:00 Sala Casin\u00f2 *accredited<br>31 August 21:30 Sala Pasinetti *accredited<br>1 September 14:00 Sala Darsena *public\/accredited<br>2 September 14:00 PalaBiennale *public\/accredited<\/p>\n\n\n\n<p><em><strong>Photophobia<\/strong><\/em>, dir. Ivan Ostrochovsk\u00fd, Pavol Pekar\u010d\u00edk, SK-CZ-UA, 2023<br>31 August 19:30 Sala Corinto *press\/industry<br>1 September 11:45 Sala Perla &#8211; Palazzo del Casino *public\/accredited<br>2 September 16:30 Cinema Rossini *public\/accredited<br>2 September 16:30 IMG Candiani Cinemas *public\/accredited<\/p>\n\n\n\n<p>More information at:<br><a href=\"https:\/\/www.labiennale.org\/en\/cinema\/2023\" target=\"_blank\" rel=\"noreferrer noopener\">https:\/\/www.labiennale.org\/en\/cinema\/2023<\/a><br><a href=\"https:\/\/www.giornatedegliautori.com\/en\/home-english\/\" target=\"_blank\" rel=\"noreferrer noopener\">https:\/\/www.giornatedegliautori.com\/en\/home-english\/<\/a><\/p>\n","protected":false},"excerpt":{"rendered":"<p>The 80th edition of the\u00a0Venice International Film Festival\u00a0(August 30 \u2013 September 9, 2023) will present the world premiere of G\u00e1bor Reisz\u2019s\u00a0Explanation for Everything\u00a0in the Orizzonti competition. In addition, the Slovak film\u00a0Photophobia, directed by Ivan Ostrochovsk\u00fd and Pavol Pekar\u010d\u00edk, will premiere in the independent sidebar\u00a0Giornate degli Autori.<\/p>\n","protected":false},"featured_media":11559,"template":"","meta":{"_acf_changed":false,"inline_featured_image":false},"kategorie_noviniek":[2145,2152],"festival":[],"rok":[2176],"class_list":["post-38674","novinka","type-novinka","status-publish","has-post-thumbnail","hentry","kategorie_noviniek-prezentacia-en","kategorie_noviniek-slovak-cinema-abroad"],"acf":[],"_links":{"self":[{"href":"https:\/\/sfu.sk\/en\/wp-json\/wp\/v2\/novinka\/38674","targetHints":{"allow":["GET"]}}],"collection":[{"href":"https:\/\/sfu.sk\/en\/wp-json\/wp\/v2\/novinka"}],"about":[{"href":"https:\/\/sfu.sk\/en\/wp-json\/wp\/v2\/types\/novinka"}],"wp:featuredmedia":[{"embeddable":true,"href":"https:\/\/sfu.sk\/en\/wp-json\/wp\/v2\/media\/11559"}],"wp:attachment":[{"href":"https:\/\/sfu.sk\/en\/wp-json\/wp\/v2\/media?parent=38674"}],"wp:term":[{"taxonomy":"kategorie_noviniek","embeddable":true,"href":"https:\/\/sfu.sk\/en\/wp-json\/wp\/v2\/kategorie_noviniek?post=38674"},{"taxonomy":"festival","embeddable":true,"href":"https:\/\/sfu.sk\/en\/wp-json\/wp\/v2\/festival?post=38674"},{"taxonomy":"rok","embeddable":true,"href":"https:\/\/sfu.sk\/en\/wp-json\/wp\/v2\/rok?post=38674"}],"curies":[{"name":"wp","href":"https:\/\/api.w.org\/{rel}","templated":true}]}}

<p><strong>The 80th edition of the <a href="https://www.labiennale.org/en/cinema/2023" target="_blank" rel="noreferrer noopener">Venice International Film Festival</a> (August 30 – September 9, 2023) will present the world premiere of Gábor Reisz’s <a href="https://sfu.sk/en/films/explanation-for-everything/" target="_blank" rel="noreferrer noopener"><em>Explanation for Everything</em></a> in the Orizzonti competition. In addition, the Slovak film <a href="https://sfu.sk/en/films/photophobia/" target="_blank" rel="noreferrer noopener"><em>Photophobia</em></a>, directed by Ivan Ostrochovský and Pavol Pekarčík, will premiere in the independent sidebar <a href="https://www.giornatedegliautori.com/en/home-english/" target="_blank" rel="noreferrer noopener">Giornate degli Autori</a>.</strong></p>



<p>Slovak minority co-production film <em><a href="https://sfu.sk/en/films/explanation-for-everything/" target="_blank" rel="noreferrer noopener"><strong>Explanation for Everything</strong></a></em> depicts high school student Abel, who is struggling to focus on his final exams, whilst coming to the realisation that he is hopelessly in love with his best friend Janka. The studious Janka has her own unrequited love with married history teacher Jakab who had a previous confrontation with Abel’s conservative father. The tensions of a polarized society come unexpectedly to the surface when Abel’s history graduation exam turns into a national scandal.</p>



<p><a href="https://www.giornatedegliautori.com/en/home-english/" target="_blank" rel="noreferrer noopener">Giornate degli Autori’</a>s Special Events will present hybrid film <strong><em><a href="https://sfu.sk/en/films/photophobia/">Photophobia </a></em></strong>by Ivan Ostrochovský and Pavol Pekarčík. On a cold February morning, 12-year-old Niki and his family arrive at the Kharkiv metro station to take shelter from the terrifying war raging outside. For Niki’s family, daylight is synonymous with mortal danger, and the boy is not allowed to leave the station premises, living under the constant glow of their neon lights. While aimlessly wandering around the abandoned cars and full platforms, Niki meets Vika (11), and a new world opens up to him. As their bond strengthens, the children find the courage once again to feel the sun on their faces.</p>



<p><em>“When we arrived in Ukraine with humanitarian aid in the spring of 2022, and settled into a life alongside the metro refugees, we realized that the eyes of the world would be on the front line. That was why we decided to find something most closely approaching “ordinary life” and preserve it to the best of our abilities: to find a moment of genuine humanity at a time of devastating horror. We decided to juxtapose the timeless, aimless life lived by Niki and his family with the chilling scenes playing out on ground level, using the format of Super 8mm film footage. We&#8217;ve filmed observations of a war-ravaged country that might seem as the distant ideas of a traumatized child – a fever dream from times long past – if only the audience did not know that this was the reality of Ukraine nowadays,”</em>&nbsp;says the directors’ statement.</p>



<p>Slovak films screenings:</p>



<p><em><strong>Explanation for Everything</strong></em>, dir. Gábor Reisz, HU-SK, 2023<br>31 August 19:00 Sala Casinò *accredited<br>31 August 21:30 Sala Pasinetti *accredited<br>1 September 14:00 Sala Darsena *public/accredited<br>2 September 14:00 PalaBiennale *public/accredited</p>



<p><em><strong>Photophobia</strong></em>, dir. Ivan Ostrochovský, Pavol Pekarčík, SK-CZ-UA, 2023<br>31 August 19:30 Sala Corinto *press/industry<br>1 September 11:45 Sala Perla &#8211; Palazzo del Casino *public/accredited<br>2 September 16:30 Cinema Rossini *public/accredited<br>2 September 16:30 IMG Candiani Cinemas *public/accredited</p>



<p>More information at:<br><a href="https://www.labiennale.org/en/cinema/2023" target="_blank" rel="noreferrer noopener">https://www.labiennale.org/en/cinema/2023</a><br><a href="https://www.giornatedegliautori.com/en/home-english/" target="_blank" rel="noreferrer noopener">https://www.giornatedegliautori.com/en/home-english/</a></p>

<p>The 80th edition of the Venice International Film Festival (August 30 – September 9, 2023) will present the world premiere of Gábor Reisz’s Explanation for Everything in the Orizzonti competition. In addition, the Slovak film Photophobia, directed by Ivan Ostrochovský and Pavol Pekarčík, will premiere in the independent sidebar Giornate degli Autori.</p>
