{"id":40983,"date":"2024-05-13T11:14:57","date_gmt":"2024-05-13T09:14:57","guid":{"rendered":"https:\/\/sfu.sk\/novinky\/cannes-2024\/"},"modified":"2025-10-28T12:41:07","modified_gmt":"2025-10-28T11:41:07","slug":"cannes-2024","status":"publish","type":"novinka","link":"https:\/\/sfu.sk\/en\/news\/cannes-2024\/","title":{"rendered":"What\u2019s Slovak in Cannes 2024"},"content":{"rendered":"\n<p><strong>Multiple Slovak talents are heading to the March\u00e9 du Film and the 77th Festival de Cannes (May 14 \u2013 25, 2024).<\/strong><\/p>\n\n\n\n<p><em><strong><a href=\"https:\/\/sfu.sk\/en\/films\/father\/\" target=\"_blank\" rel=\"noreferrer noopener\">Father<\/a><\/strong><\/em>, a new feature project in production directed by Tereza Nvotov\u00e1 and produced by Veronika Pa\u0161t\u00e9kov\u00e1 of Danae Production, will be presented at Goes to Cannes within the <a href=\"https:\/\/www.marchedufilm.com\/programs\/goes-to-cannes\/tallinn-black-nights-film-festival\/\" target=\"_blank\" rel=\"noreferrer noopener\">Tallinn Black Nights collection<\/a>. Read the <a href=\"https:\/\/sfu.sk\/en\/news\/tereza-nvotova-goes-to-cannes\/\">interview<\/a> with Tereza Nvotov\u00e1.<\/p>\n\n\n\n<p>Wanda Adam\u00edk Hrycov\u00e1 will participate in Producers on the Move, a program organized by the European Film Promotion, to boost international cooperation. Read the <a href=\"https:\/\/sfu.sk\/en\/news\/wanda-adamik-hrycova-is-a-producer-on-the-move\/\">interview<\/a> with Wanda Adam\u00edk Hrycov\u00e1.<\/p>\n\n\n\n<p>Thanks to the support from ERIAC \u2013 European Roma Institute for Arts and Culture, a director-producer Vera Lackov\u00e1 will be part of Producers Network with her upcoming documentary <em><strong>Do Magic<\/strong><\/em>. Lackov\u00e1 will also be a guest at the panel titled Roma (in) Filmmaking as part of the <a href=\"https:\/\/www.marchedufilm.com\/programs\/impact\/\" target=\"_blank\" rel=\"noreferrer noopener\">impACT<\/a> program. Read the <a href=\"https:\/\/sfu.sk\/en\/news\/vera-lackova-in-producers-network\/\">article<\/a> to find out more.<\/p>\n\n\n\n<p>Jan Saska\u2019s <strong><a href=\"https:\/\/sfu.sk\/en\/film\/hurikan\/\"><em>Hurikan<\/em><\/a> <\/strong>and the Martin Smatana\u2013Veronika Zacharov\u00e1 animated film <strong><em><a href=\"https:\/\/sfu.sk\/en\/film\/hello-summer\/\">Hello Summer<\/a><\/em> <\/strong>have been nominated for <a href=\"https:\/\/en.unifrance.org\/news\/16903\/22nd-unifrance-short-film-awards\" target=\"_blank\" rel=\"noreferrer noopener\">Prix UniFrance<\/a> awarded during the festival.<\/p>\n\n\n\n<p>Audiences will have a chance to catch three Slovak films at <a href=\"https:\/\/sfu.sk\/en\/news\/market-screenings-marche-2024\/\">market screenings<\/a>. <\/p>\n\n\n\n<p>This year, Slovakia will be present at the March\u00e9 du Film in Cannes for the 20th time. Together with friends and colleagues from the Czech Republic, the Slovak Film Institute offers an informational and promotional point for Slovak cinema, and a networking place for Slovak film professionals and their international counterparts.<\/p>\n\n\n\n<p>The Slovak Film Institute team is ready and happy to meet you at the Czech and Slovak pavilion \u2013 No. 140 in Village International.<\/p>\n\n\n\n<p>Presentation of Slovak cinema and audiovisual industry at the March\u00e9 du Film is organized by the Slovak Film Institute, with financial support from the Ministry of Culture of the Slovak Republic, and the Slovak Film Commission, an organizational unit of the Slovak Audiovisual Fund.<\/p>\n\n\n\n<p><strong>Slovak Film Institute at March\u00e9 du Film:<br><\/strong><a href=\"https:\/\/sfu.sk\/en\/presentation\/our-team\/\">Rastislav Steranka<\/a> (May 15 \u2013 22)<br><a href=\"https:\/\/sfu.sk\/en\/presentation\/our-team\/\">Tom\u00e1\u0161 Hud\u00e1k<\/a> (May 14 \u2013 22)<br><a href=\"https:\/\/sfu.sk\/en\/presentation\/our-team\/\">Veronika Krej\u010dov\u00e1<\/a> (May 14 \u2013 22)<\/p>\n\n\n\n<p><strong>Slovak Film Commission:<br><\/strong><a href=\"https:\/\/www.filmcommission.sk\/contact\/\" target=\"_blank\" rel=\"noreferrer noopener\">Zuzana Bielikov\u00e1<\/a> (May 15 \u2013 22)<\/p>\n\n\n\n<p>More information at: <a href=\"https:\/\/www.festival-cannes.com\/en\/\" target=\"_blank\" rel=\"noreferrer noopener\">www.festival-cannes.com\/en<\/a>, <a href=\"https:\/\/www.marchedufilm.com\/\" target=\"_blank\" rel=\"noreferrer noopener\">www.marchedufilm.com<\/a><\/p>\n","protected":false},"excerpt":{"rendered":"<p>Multiple Slovak talents are heading to the March\u00e9 du Film and the 77th Festival de Cannes (May 14 \u2013 25, 2024).<\/p>\n","protected":false},"featured_media":41163,"template":"","meta":{"_acf_changed":false,"inline_featured_image":false},"kategorie_noviniek":[2145,2144,2152],"festival":[2075],"rok":[2146],"class_list":["post-40983","novinka","type-novinka","status-publish","has-post-thumbnail","hentry","kategorie_noviniek-prezentacia-en","kategorie_noviniek-slovenska-kinematografia-na-festivaloch-en","kategorie_noviniek-slovak-cinema-abroad"],"acf":[],"_links":{"self":[{"href":"https:\/\/sfu.sk\/en\/wp-json\/wp\/v2\/novinka\/40983","targetHints":{"allow":["GET"]}}],"collection":[{"href":"https:\/\/sfu.sk\/en\/wp-json\/wp\/v2\/novinka"}],"about":[{"href":"https:\/\/sfu.sk\/en\/wp-json\/wp\/v2\/types\/novinka"}],"wp:featuredmedia":[{"embeddable":true,"href":"https:\/\/sfu.sk\/en\/wp-json\/wp\/v2\/media\/41163"}],"wp:attachment":[{"href":"https:\/\/sfu.sk\/en\/wp-json\/wp\/v2\/media?parent=40983"}],"wp:term":[{"taxonomy":"kategorie_noviniek","embeddable":true,"href":"https:\/\/sfu.sk\/en\/wp-json\/wp\/v2\/kategorie_noviniek?post=40983"},{"taxonomy":"festival","embeddable":true,"href":"https:\/\/sfu.sk\/en\/wp-json\/wp\/v2\/festival?post=40983"},{"taxonomy":"rok","embeddable":true,"href":"https:\/\/sfu.sk\/en\/wp-json\/wp\/v2\/rok?post=40983"}],"curies":[{"name":"wp","href":"https:\/\/api.w.org\/{rel}","templated":true}]}}

<p><strong>Multiple Slovak talents are heading to the Marché du Film and the 77th Festival de Cannes (May 14 – 25, 2024).</strong></p>



<p><em><strong><a href="https://sfu.sk/en/films/father/" target="_blank" rel="noreferrer noopener">Father</a></strong></em>, a new feature project in production directed by Tereza Nvotová and produced by Veronika Paštéková of Danae Production, will be presented at Goes to Cannes within the <a href="https://www.marchedufilm.com/programs/goes-to-cannes/tallinn-black-nights-film-festival/" target="_blank" rel="noreferrer noopener">Tallinn Black Nights collection</a>. Read the <a href="https://sfu.sk/en/news/tereza-nvotova-goes-to-cannes/">interview</a> with Tereza Nvotová.</p>



<p>Wanda Adamík Hrycová will participate in Producers on the Move, a program organized by the European Film Promotion, to boost international cooperation. Read the <a href="https://sfu.sk/en/news/wanda-adamik-hrycova-is-a-producer-on-the-move/">interview</a> with Wanda Adamík Hrycová.</p>



<p>Thanks to the support from ERIAC – European Roma Institute for Arts and Culture, a director-producer Vera Lacková will be part of Producers Network with her upcoming documentary <em><strong>Do Magic</strong></em>. Lacková will also be a guest at the panel titled Roma (in) Filmmaking as part of the <a href="https://www.marchedufilm.com/programs/impact/" target="_blank" rel="noreferrer noopener">impACT</a> program. Read the <a href="https://sfu.sk/en/news/vera-lackova-in-producers-network/">article</a> to find out more.</p>



<p>Jan Saska’s <strong><a href="https://sfu.sk/en/film/hurikan/"><em>Hurikan</em></a> </strong>and the Martin Smatana–Veronika Zacharová animated film <strong><em><a href="https://sfu.sk/en/film/hello-summer/">Hello Summer</a></em> </strong>have been nominated for <a href="https://en.unifrance.org/news/16903/22nd-unifrance-short-film-awards" target="_blank" rel="noreferrer noopener">Prix UniFrance</a> awarded during the festival.</p>



<p>Audiences will have a chance to catch three Slovak films at <a href="https://sfu.sk/en/news/market-screenings-marche-2024/">market screenings</a>. </p>



<p>This year, Slovakia will be present at the Marché du Film in Cannes for the 20th time. Together with friends and colleagues from the Czech Republic, the Slovak Film Institute offers an informational and promotional point for Slovak cinema, and a networking place for Slovak film professionals and their international counterparts.</p>



<p>The Slovak Film Institute team is ready and happy to meet you at the Czech and Slovak pavilion – No. 140 in Village International.</p>



<p>Presentation of Slovak cinema and audiovisual industry at the Marché du Film is organized by the Slovak Film Institute, with financial support from the Ministry of Culture of the Slovak Republic, and the Slovak Film Commission, an organizational unit of the Slovak Audiovisual Fund.</p>



<p><strong>Slovak Film Institute at Marché du Film:<br></strong><a href="https://sfu.sk/en/presentation/our-team/">Rastislav Steranka</a> (May 15 – 22)<br><a href="https://sfu.sk/en/presentation/our-team/">Tomáš Hudák</a> (May 14 – 22)<br><a href="https://sfu.sk/en/presentation/our-team/">Veronika Krejčová</a> (May 14 – 22)</p>



<p><strong>Slovak Film Commission:<br></strong><a href="https://www.filmcommission.sk/contact/" target="_blank" rel="noreferrer noopener">Zuzana Bieliková</a> (May 15 – 22)</p>



<p>More information at: <a href="https://www.festival-cannes.com/en/" target="_blank" rel="noreferrer noopener">www.festival-cannes.com/en</a>, <a href="https://www.marchedufilm.com/" target="_blank" rel="noreferrer noopener">www.marchedufilm.com</a></p>

<p>Multiple Slovak talents are heading to the Marché du Film and the 77th Festival de Cannes (May 14 – 25, 2024).</p>
