{"id":44226,"date":"2024-10-09T13:39:14","date_gmt":"2024-10-09T11:39:14","guid":{"rendered":"https:\/\/sfu.sk\/novinky\/casffa-2024-2\/"},"modified":"2025-09-25T11:54:43","modified_gmt":"2025-09-25T09:54:43","slug":"casffa-2024-2","status":"publish","type":"novinka","link":"https:\/\/sfu.sk\/en\/news\/casffa-2024-2\/","title":{"rendered":"CaSFFA will bring many australian premieres"},"content":{"rendered":"\n<p><strong>The theme of the 12th year of the Czech &amp; Slovak Film Festival of Australia (CaSFFA) is Labyrinth. The festival will take place in the cities of Melbourne and Adelaide and will bring to the big screens 13 Slovak films.<\/strong><\/p>\n\n\n\n<p>Audiences will have the opportunity to see the most films in Melbourne (October 10 &#8211; 20). The new releases that premiered in <a href=\"https:\/\/www.kviff.com\/en\/homepage\" target=\"_blank\" rel=\"noreferrer noopener\">Karlovy Vary Film Festival<\/a> this year and are currently experiencing success in Slovak and Czech cinemas are among them: historical drama<strong> <em><a href=\"https:\/\/sfu.sk\/en\/films\/the-hungarian-dressmaker\/\" target=\"_blank\" rel=\"noreferrer noopener\">The Hungarian Dressmaker<\/a><\/em><\/strong> (dir. Iveta Gr\u00f3fov\u00e1), the co-production <em><a href=\"https:\/\/sfu.sk\/en\/films\/our-lovely-pig-slaughter\/\" target=\"_blank\" rel=\"noreferrer noopener\"><strong>Our Lovely Pig Slaughter<\/strong><\/a><\/em> (dir. Martin Adamec) and the documentary film <strong><em><a href=\"https:\/\/sfu.sk\/en\/films\/im-not-everything-i-want-to-be\/\" target=\"_blank\" rel=\"noreferrer noopener\">I\u00b4m Not Everything I Want to Be<\/a><\/em> <\/strong>(dir. Kl\u00e1ra Tasovsk\u00e1, Berlinale 2024).<\/p>\n\n\n\n<p>Less recent Slovak titles <em><a href=\"https:\/\/sfu.sk\/en\/films\/she-hero\/\" target=\"_blank\" rel=\"noreferrer noopener\"><strong>She &#8211; Hero<\/strong><\/a><\/em> (dir. Mira Fornay, Berlinale 2023) and <em><a href=\"https:\/\/sfu.sk\/en\/films\/nightsiren\/\" target=\"_blank\" rel=\"noreferrer noopener\"><strong>Nightsiren<\/strong><\/a><\/em> (dir. Tereza Nvotov\u00e1, Locarno 2022) will also be screened, as well as co-productions:<strong> <em><a href=\"https:\/\/sfu.sk\/en\/films\/the-last-aristocrat-2\/\" target=\"_blank\" rel=\"noreferrer noopener\">The Last Aristocrat 2<\/a><\/em><\/strong> (dir. Ji\u0159\u00ed Vejd\u011blek), <em><a href=\"https:\/\/sfu.sk\/en\/films\/calm-in-the-canopy\/\" target=\"_blank\" rel=\"noreferrer noopener\"><strong>Calm in the Canopy<\/strong><\/a><\/em> (dir. Michal Hogenauer) and <em><a href=\"https:\/\/sfu.sk\/en\/films\/waltzing-matilda\/\" target=\"_blank\" rel=\"noreferrer noopener\"><strong>Waltzing Matilda<\/strong><\/a><\/em> (dir. Petr Slav\u00edk).<\/p>\n\n\n\n<p>Besides the film <em><strong>She &#8211; Hero<\/strong><\/em>, young audiences can also look forward to the full-length animation <em><a href=\"https:\/\/sfu.sk\/en\/films\/tony-shelly-and-the-magic-light\/\" target=\"_blank\" rel=\"noreferrer noopener\"><strong>Tony, Shelly and the Magic Light<\/strong><\/a><\/em> (dir. Filip Po\u0161iva\u010d).<\/p>\n\n\n\n<p>From the short films, documentaries <em><a href=\"https:\/\/sfu.sk\/en\/films\/a-good-mind-grows-in-thorny-places\/\" target=\"_blank\" rel=\"noreferrer noopener\"><strong>A Good Mind Grows in Thorny Places<\/strong><\/a><\/em> (which was presented by director Katar\u00edna Gramatov\u00e1 in Karlovy Vary as part of the Future Frames section) and <em><strong>Cold and Dark<\/strong><\/em> (dir. Peter Ho\u0161t\u00e1k) will be screened, followed by the short fiction <em><strong><a href=\"https:\/\/sfu.sk\/en\/films\/far-between-us\/\" target=\"_blank\" rel=\"noreferrer noopener\">Far Between Us<\/a><\/strong><\/em> (dir. Vojtech Javurek) and animation <em><strong><a href=\"https:\/\/sfu.sk\/en\/films\/the-wasteland\/\" target=\"_blank\" rel=\"noreferrer noopener\">The Wasteland<\/a><\/strong><\/em> (dir. Timotej Lukovi\u010d).<\/p>\n\n\n\n<p>The festival also prepared a focus on the director Ji\u0159\u00ed Menzel at The Melbourne Cin\u00e9math\u00e8que, which will offer a selection of favourite classics, including the Slovak co-production <em><strong>I Served the King of England<\/strong>.<\/em><\/p>\n\n\n\n<p>In Adelaide (November 1 &#8211; 9), the co-production <strong><em><a href=\"https:\/\/sfu.sk\/en\/films\/the-last-aristocrat-2\/\" target=\"_blank\" rel=\"noreferrer noopener\">The Last Aristocrat 2<\/a><\/em> <\/strong>(dir. Ji\u0159\u00ed Vejd\u011blek) and the full-length children&#8217;s animated film <em><a href=\"https:\/\/sfu.sk\/en\/films\/tony-shelly-and-the-magic-light\/\" target=\"_blank\" rel=\"noreferrer noopener\"><strong>Tony, Shelly and the Magic Light<\/strong><\/a><\/em> (dir. Filip Po\u0161iva\u010d) will be screened.<\/p>\n\n\n\n<p>More information at: <a href=\"https:\/\/casffa.com.au\/\" target=\"_blank\" rel=\"noreferrer noopener\">casffa.com.au\/<\/a><\/p>\n","protected":false},"excerpt":{"rendered":"<p>The theme of the 12th year of the Czech &amp; Slovak Film Festival of Australia (CaSFFA) is Labyrinth. The festival will take place in the cities of Melbourne and Adelaide and will bring to the big screens 13 Slovak films.<\/p>\n","protected":false},"featured_media":44227,"template":"","meta":{"_acf_changed":true,"inline_featured_image":false},"kategorie_noviniek":[2145,2152],"festival":[],"rok":[2146],"class_list":["post-44226","novinka","type-novinka","status-publish","has-post-thumbnail","hentry","kategorie_noviniek-prezentacia-en","kategorie_noviniek-slovak-cinema-abroad"],"acf":[],"_links":{"self":[{"href":"https:\/\/sfu.sk\/en\/wp-json\/wp\/v2\/novinka\/44226","targetHints":{"allow":["GET"]}}],"collection":[{"href":"https:\/\/sfu.sk\/en\/wp-json\/wp\/v2\/novinka"}],"about":[{"href":"https:\/\/sfu.sk\/en\/wp-json\/wp\/v2\/types\/novinka"}],"wp:featuredmedia":[{"embeddable":true,"href":"https:\/\/sfu.sk\/en\/wp-json\/wp\/v2\/media\/44227"}],"wp:attachment":[{"href":"https:\/\/sfu.sk\/en\/wp-json\/wp\/v2\/media?parent=44226"}],"wp:term":[{"taxonomy":"kategorie_noviniek","embeddable":true,"href":"https:\/\/sfu.sk\/en\/wp-json\/wp\/v2\/kategorie_noviniek?post=44226"},{"taxonomy":"festival","embeddable":true,"href":"https:\/\/sfu.sk\/en\/wp-json\/wp\/v2\/festival?post=44226"},{"taxonomy":"rok","embeddable":true,"href":"https:\/\/sfu.sk\/en\/wp-json\/wp\/v2\/rok?post=44226"}],"curies":[{"name":"wp","href":"https:\/\/api.w.org\/{rel}","templated":true}]}}

<p><strong>The theme of the 12th year of the Czech &amp; Slovak Film Festival of Australia (CaSFFA) is Labyrinth. The festival will take place in the cities of Melbourne and Adelaide and will bring to the big screens 13 Slovak films.</strong></p>



<p>Audiences will have the opportunity to see the most films in Melbourne (October 10 &#8211; 20). The new releases that premiered in <a href="https://www.kviff.com/en/homepage" target="_blank" rel="noreferrer noopener">Karlovy Vary Film Festival</a> this year and are currently experiencing success in Slovak and Czech cinemas are among them: historical drama<strong> <em><a href="https://sfu.sk/en/films/the-hungarian-dressmaker/" target="_blank" rel="noreferrer noopener">The Hungarian Dressmaker</a></em></strong> (dir. Iveta Grófová), the co-production <em><a href="https://sfu.sk/en/films/our-lovely-pig-slaughter/" target="_blank" rel="noreferrer noopener"><strong>Our Lovely Pig Slaughter</strong></a></em> (dir. Martin Adamec) and the documentary film <strong><em><a href="https://sfu.sk/en/films/im-not-everything-i-want-to-be/" target="_blank" rel="noreferrer noopener">I´m Not Everything I Want to Be</a></em> </strong>(dir. Klára Tasovská, Berlinale 2024).</p>



<p>Less recent Slovak titles <em><a href="https://sfu.sk/en/films/she-hero/" target="_blank" rel="noreferrer noopener"><strong>She &#8211; Hero</strong></a></em> (dir. Mira Fornay, Berlinale 2023) and <em><a href="https://sfu.sk/en/films/nightsiren/" target="_blank" rel="noreferrer noopener"><strong>Nightsiren</strong></a></em> (dir. Tereza Nvotová, Locarno 2022) will also be screened, as well as co-productions:<strong> <em><a href="https://sfu.sk/en/films/the-last-aristocrat-2/" target="_blank" rel="noreferrer noopener">The Last Aristocrat 2</a></em></strong> (dir. Jiří Vejdělek), <em><a href="https://sfu.sk/en/films/calm-in-the-canopy/" target="_blank" rel="noreferrer noopener"><strong>Calm in the Canopy</strong></a></em> (dir. Michal Hogenauer) and <em><a href="https://sfu.sk/en/films/waltzing-matilda/" target="_blank" rel="noreferrer noopener"><strong>Waltzing Matilda</strong></a></em> (dir. Petr Slavík).</p>



<p>Besides the film <em><strong>She &#8211; Hero</strong></em>, young audiences can also look forward to the full-length animation <em><a href="https://sfu.sk/en/films/tony-shelly-and-the-magic-light/" target="_blank" rel="noreferrer noopener"><strong>Tony, Shelly and the Magic Light</strong></a></em> (dir. Filip Pošivač).</p>



<p>From the short films, documentaries <em><a href="https://sfu.sk/en/films/a-good-mind-grows-in-thorny-places/" target="_blank" rel="noreferrer noopener"><strong>A Good Mind Grows in Thorny Places</strong></a></em> (which was presented by director Katarína Gramatová in Karlovy Vary as part of the Future Frames section) and <em><strong>Cold and Dark</strong></em> (dir. Peter Hošták) will be screened, followed by the short fiction <em><strong><a href="https://sfu.sk/en/films/far-between-us/" target="_blank" rel="noreferrer noopener">Far Between Us</a></strong></em> (dir. Vojtech Javurek) and animation <em><strong><a href="https://sfu.sk/en/films/the-wasteland/" target="_blank" rel="noreferrer noopener">The Wasteland</a></strong></em> (dir. Timotej Lukovič).</p>



<p>The festival also prepared a focus on the director Jiří Menzel at The Melbourne Cinémathèque, which will offer a selection of favourite classics, including the Slovak co-production <em><strong>I Served the King of England</strong>.</em></p>



<p>In Adelaide (November 1 &#8211; 9), the co-production <strong><em><a href="https://sfu.sk/en/films/the-last-aristocrat-2/" target="_blank" rel="noreferrer noopener">The Last Aristocrat 2</a></em> </strong>(dir. Jiří Vejdělek) and the full-length children&#8217;s animated film <em><a href="https://sfu.sk/en/films/tony-shelly-and-the-magic-light/" target="_blank" rel="noreferrer noopener"><strong>Tony, Shelly and the Magic Light</strong></a></em> (dir. Filip Pošivač) will be screened.</p>



<p>More information at: <a href="https://casffa.com.au/" target="_blank" rel="noreferrer noopener">casffa.com.au/</a></p>
