{"id":54525,"date":"2025-09-17T12:32:37","date_gmt":"2025-09-17T10:32:37","guid":{"rendered":"https:\/\/sfu.sk\/?post_type=novinka&#038;p=54525"},"modified":"2025-09-17T16:51:26","modified_gmt":"2025-09-17T14:51:26","slug":"the-film-father-oscar","status":"publish","type":"novinka","link":"https:\/\/sfu.sk\/en\/news\/the-film-father-oscar\/","title":{"rendered":"The film Father is competing for the Oscar for Best International Feature Film"},"content":{"rendered":"\n<p><a href=\"https:\/\/sfta.sk\/\">The Slovak Film and Television Academy (SFTA)<\/a> has selected <strong><em><a href=\"https:\/\/sfu.sk\/en\/films\/father\/\">Father<\/a> <\/em><\/strong>by Tereza Nvotov\u00e1 as Slovakia\u2019s national candidate for the 98th Academy Awards (AMPAS) in the Best International Feature Film category. For the second time, this announcement was made at the <a href=\"https:\/\/www.cinematik.sk\/en\/\">International Film Festival Cinematik<\/a> in Pie\u0161\u0165any, by SFTA president Katar\u00edna Krn\u00e1\u010dov\u00e1.<\/p>\n\n\n\n<p>The nominee was chosen by all members of the academy, who voted from among nine submitted titles. The selection process had to comply with the rules set by the Academy of Motion Picture Arts and Sciences (AMPAS):<br><em><strong><a href=\"https:\/\/sfu.sk\/en\/films\/aquabells-from-prandorf\/\" target=\"_blank\" rel=\"noreferrer noopener\">Aquabells from Prandorf<\/a><\/strong><\/em>\u00a0(dir. Pavol Korec)<br><em><strong><a href=\"https:\/\/sfu.sk\/en\/films\/czechoslovak-architecture-58-89\/\" target=\"_blank\" rel=\"noreferrer noopener\">Czechoslovak Architecture 58-89<\/a><\/strong><\/em>\u00a0(dir. Jan Zaj\u00ed\u010dek)<br><strong><em><a href=\"https:\/\/sfu.sk\/en\/films\/cernak\/\" target=\"_blank\" rel=\"noreferrer noopener\">\u010cERN\u00c1K <\/a><\/em><\/strong>(dir. Jakub Kroner)<br><strong><em><a href=\"https:\/\/sfu.sk\/en\/films\/promise-i-ll-be-fine\/\" target=\"_blank\" rel=\"noreferrer noopener\">Promise, I\u2019ll Be Fine<\/a><\/em><\/strong> (dir. Katar\u00edna Gramatov\u00e1)<br><a href=\"https:\/\/sfu.sk\/en\/films\/sluggard-clan\/\" target=\"_blank\" rel=\"noreferrer noopener\"><em><strong>Sluggard Clan<\/strong><\/em>\u00a0<\/a>(dir. Rastislav Boro\u0161)<br><strong><em><a href=\"https:\/\/sfu.sk\/en\/films\/father\/\" target=\"_blank\" rel=\"noreferrer noopener\">Father <\/a><\/em><\/strong>(dir. Tereza Nvotov\u00e1)<br><strong><em><a href=\"https:\/\/sfu.sk\/en\/films\/another-round\/\">Another Round<\/a><\/em><\/strong> (dir. Rudolf Biermann)<br><strong><em><a href=\"https:\/\/sfu.sk\/en\/films\/ms-president\/\" target=\"_blank\" rel=\"noreferrer noopener\">Ms. President<\/a> <\/em><\/strong>(dir. Marek \u0160ul\u00edk)<br><em><a href=\"https:\/\/sfu.sk\/en\/films\/grey-zone\/\"><strong>Grey Zone<\/strong><\/a><\/em> (dir. Daniela Meressa Rusnokov\u00e1)<\/p>\n\n\n\n<p><em><strong><a href=\"https:\/\/sfu.sk\/en\/films\/father\/\">Father<\/a><\/strong><\/em> tells the story of a loving father whose peaceful life collapses after a single tragic mistake\u2014his happy marriage falls apart, and he is left completely alone. Despite the looming threat of imprisonment and the crushing weight of guilt, he strives to regain his wife\u2019s trust and save the love that still connects them through the pain. When he discovers that the roots of the tragedy reach deep into the human psyche, a fragile path toward reconciliation begins to unfold.<\/p>\n\n\n\n<p>The film had its world premiere at the <a href=\"https:\/\/www.labiennale.org\/en\/cinema\/2025\">Venice International Film Festival<\/a> in 2025.<\/p>\n\n\n\n<p>Oscar nominations will be announced on January 22, 2026, and the ceremony itself will take place on March 15, 2026.<\/p>\n","protected":false},"excerpt":{"rendered":"<p>The Slovak Film and Television Academy (SFTA) has selected Father by Tereza Nvotov\u00e1 as Slovakia\u2019s national candidate for the 98th Academy Awards (AMPAS) in the Best International Feature Film category. For the second time, this announcement was made at the International Film Festival Cinematik in Pie\u0161\u0165any, by SFTA president Katar\u00edna Krn\u00e1\u010dov\u00e1. The nominee was chosen [&hellip;]<\/p>\n","protected":false},"featured_media":43133,"template":"","meta":{"_acf_changed":false,"inline_featured_image":false},"kategorie_noviniek":[2149,2145],"festival":[],"rok":[2331],"class_list":["post-54525","novinka","type-novinka","status-publish","has-post-thumbnail","hentry","kategorie_noviniek-awards","kategorie_noviniek-prezentacia-en"],"acf":[],"_links":{"self":[{"href":"https:\/\/sfu.sk\/en\/wp-json\/wp\/v2\/novinka\/54525","targetHints":{"allow":["GET"]}}],"collection":[{"href":"https:\/\/sfu.sk\/en\/wp-json\/wp\/v2\/novinka"}],"about":[{"href":"https:\/\/sfu.sk\/en\/wp-json\/wp\/v2\/types\/novinka"}],"wp:featuredmedia":[{"embeddable":true,"href":"https:\/\/sfu.sk\/en\/wp-json\/wp\/v2\/media\/43133"}],"wp:attachment":[{"href":"https:\/\/sfu.sk\/en\/wp-json\/wp\/v2\/media?parent=54525"}],"wp:term":[{"taxonomy":"kategorie_noviniek","embeddable":true,"href":"https:\/\/sfu.sk\/en\/wp-json\/wp\/v2\/kategorie_noviniek?post=54525"},{"taxonomy":"festival","embeddable":true,"href":"https:\/\/sfu.sk\/en\/wp-json\/wp\/v2\/festival?post=54525"},{"taxonomy":"rok","embeddable":true,"href":"https:\/\/sfu.sk\/en\/wp-json\/wp\/v2\/rok?post=54525"}],"curies":[{"name":"wp","href":"https:\/\/api.w.org\/{rel}","templated":true}]}}

<p><a href="https://sfta.sk/">The Slovak Film and Television Academy (SFTA)</a> has selected <strong><em><a href="https://sfu.sk/en/films/father/">Father</a> </em></strong>by Tereza Nvotová as Slovakia’s national candidate for the 98th Academy Awards (AMPAS) in the Best International Feature Film category. For the second time, this announcement was made at the <a href="https://www.cinematik.sk/en/">International Film Festival Cinematik</a> in Piešťany, by SFTA president Katarína Krnáčová.</p>



<p>The nominee was chosen by all members of the academy, who voted from among nine submitted titles. The selection process had to comply with the rules set by the Academy of Motion Picture Arts and Sciences (AMPAS):<br><em><strong><a href="https://sfu.sk/en/films/aquabells-from-prandorf/" target="_blank" rel="noreferrer noopener">Aquabells from Prandorf</a></strong></em> (dir. Pavol Korec)<br><em><strong><a href="https://sfu.sk/en/films/czechoslovak-architecture-58-89/" target="_blank" rel="noreferrer noopener">Czechoslovak Architecture 58-89</a></strong></em> (dir. Jan Zajíček)<br><strong><em><a href="https://sfu.sk/en/films/cernak/" target="_blank" rel="noreferrer noopener">ČERNÁK </a></em></strong>(dir. Jakub Kroner)<br><strong><em><a href="https://sfu.sk/en/films/promise-i-ll-be-fine/" target="_blank" rel="noreferrer noopener">Promise, I’ll Be Fine</a></em></strong> (dir. Katarína Gramatová)<br><a href="https://sfu.sk/en/films/sluggard-clan/" target="_blank" rel="noreferrer noopener"><em><strong>Sluggard Clan</strong></em> </a>(dir. Rastislav Boroš)<br><strong><em><a href="https://sfu.sk/en/films/father/" target="_blank" rel="noreferrer noopener">Father </a></em></strong>(dir. Tereza Nvotová)<br><strong><em><a href="https://sfu.sk/en/films/another-round/">Another Round</a></em></strong> (dir. Rudolf Biermann)<br><strong><em><a href="https://sfu.sk/en/films/ms-president/" target="_blank" rel="noreferrer noopener">Ms. President</a> </em></strong>(dir. Marek Šulík)<br><em><a href="https://sfu.sk/en/films/grey-zone/"><strong>Grey Zone</strong></a></em> (dir. Daniela Meressa Rusnoková)</p>



<p><em><strong><a href="https://sfu.sk/en/films/father/">Father</a></strong></em> tells the story of a loving father whose peaceful life collapses after a single tragic mistake—his happy marriage falls apart, and he is left completely alone. Despite the looming threat of imprisonment and the crushing weight of guilt, he strives to regain his wife’s trust and save the love that still connects them through the pain. When he discovers that the roots of the tragedy reach deep into the human psyche, a fragile path toward reconciliation begins to unfold.</p>



<p>The film had its world premiere at the <a href="https://www.labiennale.org/en/cinema/2025">Venice International Film Festival</a> in 2025.</p>



<p>Oscar nominations will be announced on January 22, 2026, and the ceremony itself will take place on March 15, 2026.</p>

<p>The Slovak Film and Television Academy (SFTA) has selected Father by Tereza Nvotová as Slovakia’s national candidate for the 98th Academy Awards (AMPAS) in the Best International Feature Film category. For the second time, this announcement was made at the International Film Festival Cinematik in Piešťany, by SFTA president Katarína Krnáčová. The nominee was chosen [&hellip;]</p>
