{"id":55690,"date":"2025-11-11T16:08:39","date_gmt":"2025-11-11T15:08:39","guid":{"rendered":"https:\/\/sfu.sk\/?post_type=novinka&#038;p=55690"},"modified":"2025-11-20T14:34:36","modified_gmt":"2025-11-20T13:34:36","slug":"tallinn-black-nights-2025","status":"publish","type":"novinka","link":"https:\/\/sfu.sk\/en\/news\/tallinn-black-nights-2025\/","title":{"rendered":"The family comedy The Bugaboo will have its world premiere at the Tallinn Black Nights Film Festival"},"content":{"rendered":"\n<p><strong>At the 29th edition of the&nbsp;<a href=\"https:\/\/poff.ee\/en\/\" target=\"_blank\" rel=\"noreferrer noopener\">Tallinn Black Nights Film Festival (P\u00d6FF)<\/a> \u2013 one of the most important film events in Northern Europe, taking place from November 7 to 23, 2025 \u2013 four new and one upcoming Slovak film are presented<\/strong>.<\/p>\n\n\n\n<p>The feature film&nbsp;<em><a href=\"https:\/\/sfu.sk\/en\/films\/the-bogaboo\/\" target=\"_blank\" rel=\"noreferrer noopener\"><strong>The Bugaboo<\/strong><\/a><\/em>&nbsp;(dirs.&nbsp;Tom\u00e1\u0161 Pavl\u00ed\u010dek, Kate\u0159ina Karh\u00e1nkov\u00e1), a production between Czechia and Slovakia (SK prod.&nbsp;<a href=\"https:\/\/www.punkchart.sk\/\" target=\"_blank\" rel=\"noreferrer noopener\">Punkchart films<\/a>), will have its world premiere at the 25th edition of&nbsp;<a href=\"https:\/\/www.justfilm.ee\/en\/\" target=\"_blank\" rel=\"noreferrer noopener\">Just Film<\/a>, children\u2019s and youth festival and the largest sub-festival of P\u00d6FF. The spooky family comedy&nbsp;<em><a href=\"https:\/\/sfu.sk\/en\/films\/the-bogaboo\/\" target=\"_blank\" rel=\"noreferrer noopener\"><strong>The Bugaboo<\/strong><\/a><\/em>&nbsp;is included in the competition section dedicated to young audiences.<\/p>\n\n\n\n<p>The short film&nbsp;<a href=\"https:\/\/sfu.sk\/en\/films\/nights-and-days\/\" target=\"_blank\" rel=\"noreferrer noopener\"><em><strong>Nights and Days<\/strong><\/em><\/a>&nbsp;by&nbsp;Daniela Sl\u00e1vikov\u00e1 (SK prod. <a href=\"https:\/\/www.vsmu.sk\/en\/ftf\/\" target=\"_blank\" rel=\"noreferrer noopener\">Film and Television Faculty of the Academy of Performing Arts in Bratislava<\/a>) has been selected for the programme of the&nbsp;<a href=\"https:\/\/shorts.poff.ee\/en\/\" target=\"_blank\" rel=\"noreferrer noopener\">P\u00d6FF Shorts<\/a>&nbsp;sub-festival, where it competes in the section dedicated to live-action films by new talents. The surreal comedy about the relationship between two sisters will be presented in its Baltic premiere. The short animated film <strong><em><a href=\"https:\/\/sfu.sk\/en\/films\/i-died-in-irpin\/\" target=\"_blank\" rel=\"noreferrer noopener\">I Died in Irpin<\/a><\/em><\/strong> (dir. Anastasia Falileieva), which was produced in a co-production between Czechia, Slovakia (SK prod. <a href=\"https:\/\/www.artichoke.sk\/\" target=\"_blank\" rel=\"noreferrer noopener\">Artichoke<\/a>) and Ukraine, is among the ten short and feature-length films nominated for the <a href=\"https:\/\/www.facebook.com\/europeananimationawards?__cft__[0]=AZU6U9Rq8FsRkV1zg1JLAXsEZz8KFjxHvKE0O998vTIv0DuOHxBLkwflvCyZN4JNFwvkotuM-PNESi3HZk6kDBjk_ApfTReJR6dvSWb6Pph47RZMoGykx1jezKQX3a33oHHx3AEwCS3FFRu4XrthSVfZ5Odo0CQmGHb9QNS1bZb7EQ&amp;__tn__=-]K-R\">European Animation Awards<\/a>. The so-called Emile Awards, which are awarded to the best European animated films, are presented this year in Tallinn as part of the partnership with the P\u00d6FF Shorts. The awards ceremony will take place on November 16.<\/p>\n\n\n\n<p>The feature film&nbsp;<a href=\"https:\/\/sfu.sk\/en\/films\/father\/\" target=\"_blank\" rel=\"noreferrer noopener\"><em><strong>Father<\/strong><\/em><\/a>&nbsp;\u2013 which, since its Venice world premiere, has been sold to distributors in several territories, remains among the most-watched films in Slovak cinemas, and continues to collect festival screenings and awards \u2013 is included in the Best of Festivals section, showcasing films currently resonating on the international festival circuit.<\/p>\n\n\n\n<p>Finally, as part of the\u00a0<a href=\"https:\/\/industry.poff.ee\/\" target=\"_blank\" rel=\"noreferrer noopener\">Industry@Tallinn &amp; Baltic Event<\/a>\u00a0(November 14 \u2013 21, 2025), the drama\u00a0<em><strong>The Hour between Dog and Wolf<\/strong><\/em>\u00a0by Ter\u00e9zia Halamov\u00e1 (SK co-prod.\u00a0<a href=\"https:\/\/gucafilms.com\/\" target=\"_blank\" rel=\"noreferrer noopener\">gu\u010da films<\/a>), currently in pre-production, will be presented in the\u00a0<a href=\"https:\/\/industry.poff.ee\/about\/script-pool\/\" target=\"_blank\" rel=\"noreferrer noopener\">Script Pool<\/a>\u00a0programme. Script Pool offers producers, directors and screenwriters of five selected projects a multi-day series of workshops designed to prepare them for a final presentation before film industry professionals, including distributors, sales agents, and potential co-production partners.<\/p>\n\n\n\n<p>More information at: <a href=\"https:\/\/poff.ee\/en\/\" target=\"_blank\" rel=\"noreferrer noopener\">poff.ee\/en<\/a><\/p>\n","protected":false},"excerpt":{"rendered":"<p>At the 29th edition of the&nbsp;Tallinn Black Nights Film Festival (P\u00d6FF) \u2013 one of the most important film events in Northern Europe, taking place from November 7 to 23, 2025 \u2013 four new and one upcoming Slovak film are presented. The feature film&nbsp;The Bugaboo&nbsp;(dirs.&nbsp;Tom\u00e1\u0161 Pavl\u00ed\u010dek, Kate\u0159ina Karh\u00e1nkov\u00e1), a production between Czechia and Slovakia (SK prod.&nbsp;Punkchart [&hellip;]<\/p>\n","protected":false},"featured_media":48282,"template":"","meta":{"_acf_changed":false,"inline_featured_image":false},"kategorie_noviniek":[2145,2152],"festival":[],"rok":[],"class_list":["post-55690","novinka","type-novinka","status-publish","has-post-thumbnail","hentry","kategorie_noviniek-prezentacia-en","kategorie_noviniek-slovak-cinema-abroad"],"acf":[],"_links":{"self":[{"href":"https:\/\/sfu.sk\/en\/wp-json\/wp\/v2\/novinka\/55690","targetHints":{"allow":["GET"]}}],"collection":[{"href":"https:\/\/sfu.sk\/en\/wp-json\/wp\/v2\/novinka"}],"about":[{"href":"https:\/\/sfu.sk\/en\/wp-json\/wp\/v2\/types\/novinka"}],"wp:featuredmedia":[{"embeddable":true,"href":"https:\/\/sfu.sk\/en\/wp-json\/wp\/v2\/media\/48282"}],"wp:attachment":[{"href":"https:\/\/sfu.sk\/en\/wp-json\/wp\/v2\/media?parent=55690"}],"wp:term":[{"taxonomy":"kategorie_noviniek","embeddable":true,"href":"https:\/\/sfu.sk\/en\/wp-json\/wp\/v2\/kategorie_noviniek?post=55690"},{"taxonomy":"festival","embeddable":true,"href":"https:\/\/sfu.sk\/en\/wp-json\/wp\/v2\/festival?post=55690"},{"taxonomy":"rok","embeddable":true,"href":"https:\/\/sfu.sk\/en\/wp-json\/wp\/v2\/rok?post=55690"}],"curies":[{"name":"wp","href":"https:\/\/api.w.org\/{rel}","templated":true}]}}

<p><strong>At the 29th edition of the&nbsp;<a href="https://poff.ee/en/" target="_blank" rel="noreferrer noopener">Tallinn Black Nights Film Festival (PÖFF)</a> – one of the most important film events in Northern Europe, taking place from November 7 to 23, 2025 – four new and one upcoming Slovak film are presented</strong>.</p>



<p>The feature film&nbsp;<em><a href="https://sfu.sk/en/films/the-bogaboo/" target="_blank" rel="noreferrer noopener"><strong>The Bugaboo</strong></a></em>&nbsp;(dirs.&nbsp;Tomáš Pavlíček, Kateřina Karhánková), a production between Czechia and Slovakia (SK prod.&nbsp;<a href="https://www.punkchart.sk/" target="_blank" rel="noreferrer noopener">Punkchart films</a>), will have its world premiere at the 25th edition of&nbsp;<a href="https://www.justfilm.ee/en/" target="_blank" rel="noreferrer noopener">Just Film</a>, children’s and youth festival and the largest sub-festival of PÖFF. The spooky family comedy&nbsp;<em><a href="https://sfu.sk/en/films/the-bogaboo/" target="_blank" rel="noreferrer noopener"><strong>The Bugaboo</strong></a></em>&nbsp;is included in the competition section dedicated to young audiences.</p>



<p>The short film&nbsp;<a href="https://sfu.sk/en/films/nights-and-days/" target="_blank" rel="noreferrer noopener"><em><strong>Nights and Days</strong></em></a>&nbsp;by&nbsp;Daniela Sláviková (SK prod. <a href="https://www.vsmu.sk/en/ftf/" target="_blank" rel="noreferrer noopener">Film and Television Faculty of the Academy of Performing Arts in Bratislava</a>) has been selected for the programme of the&nbsp;<a href="https://shorts.poff.ee/en/" target="_blank" rel="noreferrer noopener">PÖFF Shorts</a>&nbsp;sub-festival, where it competes in the section dedicated to live-action films by new talents. The surreal comedy about the relationship between two sisters will be presented in its Baltic premiere. The short animated film <strong><em><a href="https://sfu.sk/en/films/i-died-in-irpin/" target="_blank" rel="noreferrer noopener">I Died in Irpin</a></em></strong> (dir. Anastasia Falileieva), which was produced in a co-production between Czechia, Slovakia (SK prod. <a href="https://www.artichoke.sk/" target="_blank" rel="noreferrer noopener">Artichoke</a>) and Ukraine, is among the ten short and feature-length films nominated for the <a href="https://www.facebook.com/europeananimationawards?__cft__[0]=AZU6U9Rq8FsRkV1zg1JLAXsEZz8KFjxHvKE0O998vTIv0DuOHxBLkwflvCyZN4JNFwvkotuM-PNESi3HZk6kDBjk_ApfTReJR6dvSWb6Pph47RZMoGykx1jezKQX3a33oHHx3AEwCS3FFRu4XrthSVfZ5Odo0CQmGHb9QNS1bZb7EQ&amp;__tn__=-]K-R">European Animation Awards</a>. The so-called Emile Awards, which are awarded to the best European animated films, are presented this year in Tallinn as part of the partnership with the PÖFF Shorts. The awards ceremony will take place on November 16.</p>



<p>The feature film&nbsp;<a href="https://sfu.sk/en/films/father/" target="_blank" rel="noreferrer noopener"><em><strong>Father</strong></em></a>&nbsp;– which, since its Venice world premiere, has been sold to distributors in several territories, remains among the most-watched films in Slovak cinemas, and continues to collect festival screenings and awards – is included in the Best of Festivals section, showcasing films currently resonating on the international festival circuit.</p>



<p>Finally, as part of the <a href="https://industry.poff.ee/" target="_blank" rel="noreferrer noopener">Industry@Tallinn &amp; Baltic Event</a> (November 14 – 21, 2025), the drama <em><strong>The Hour between Dog and Wolf</strong></em> by Terézia Halamová (SK co-prod. <a href="https://gucafilms.com/" target="_blank" rel="noreferrer noopener">guča films</a>), currently in pre-production, will be presented in the <a href="https://industry.poff.ee/about/script-pool/" target="_blank" rel="noreferrer noopener">Script Pool</a> programme. Script Pool offers producers, directors and screenwriters of five selected projects a multi-day series of workshops designed to prepare them for a final presentation before film industry professionals, including distributors, sales agents, and potential co-production partners.</p>



<p>More information at: <a href="https://poff.ee/en/" target="_blank" rel="noreferrer noopener">poff.ee/en</a></p>

<p>At the 29th edition of the&nbsp;Tallinn Black Nights Film Festival (PÖFF) – one of the most important film events in Northern Europe, taking place from November 7 to 23, 2025 – four new and one upcoming Slovak film are presented. The feature film&nbsp;The Bugaboo&nbsp;(dirs.&nbsp;Tomáš Pavlíček, Kateřina Karhánková), a production between Czechia and Slovakia (SK prod.&nbsp;Punkchart [&hellip;]</p>
