{"id":55785,"date":"2025-11-19T15:33:26","date_gmt":"2025-11-19T14:33:26","guid":{"rendered":"https:\/\/sfu.sk\/?post_type=novinka&#038;p=55785"},"modified":"2025-11-19T15:58:06","modified_gmt":"2025-11-19T14:58:06","slug":"efa-2025-tales-from-the-magic-garden","status":"publish","type":"novinka","link":"https:\/\/sfu.sk\/en\/news\/efa-2025-tales-from-the-magic-garden\/","title":{"rendered":"The animated film Tales from the Magic Garden is nominated for the 2025 European Film Awards"},"content":{"rendered":"\n<p><strong>The feature-length animated film <em><a href=\"https:\/\/sfu.sk\/en\/films\/tales-from-the-magic-garden\/\" target=\"_blank\" rel=\"noreferrer noopener\">Tales From the Magic Garden<\/a><\/em> (dirs. David S\u00fakup, Patrik Pa\u0161\u0161, Leon Vidmar, Jean-Claude Rozec) was nominated in two categories for the 2025 <a href=\"https:\/\/www.europeanfilmawards.eu\/european-film-awards-nominees-2026\/\" target=\"_blank\" rel=\"noreferrer noopener\">European Film Awards<\/a>.<\/strong><\/p>\n\n\n\n<p>The only Slovak film was nominated from among the films shortlisted in the first round, based on the votes of 5,400 members of the <a href=\"https:\/\/www.europeanfilmacademy.org\/\" target=\"_blank\" rel=\"noreferrer noopener\">European Film Academy<\/a>. It will compete for the award in the European Animated Feature Film category and is also in the running for the main European Film category, which includes 15 feature-length live-action, documentary, and animated films.<\/p>\n\n\n\n<p>The family film <em><strong>Tales From the Magic Garden<\/strong><\/em> draws inspiration from the book <em>Of Unwanted Things and People<\/em> by Czech author Arno\u0161t Goldflam. The story of three children staying overnight at their grandfather\u2019s for the first time after the death of their grandmother, a remarkable storyteller, gently conveys hope and helps navigate challenging life situations.<\/p>\n\n\n\n<p>The film was produced as an equal four-way co-production between the Czech Republic (Maurfilm), Slovakia (<a href=\"https:\/\/www.artichoke.sk\/\" target=\"_blank\" rel=\"noreferrer noopener\">Artichoke Production<\/a>), Slovenia (ZVVIKS), and France (Vivement Lundi). It had its world premiere at this year\u2019s Berlinale in the Generation Kplus competition section and was also presented to audiences at festivals in Zl\u00edn, Annecy, Karlovy Vary, Hamburg, Warsaw, and many others. It is currently being distributed in Slovak cinemas by Bear With Me Distribution.<\/p>\n\n\n\n<p>The 38th European Film Awards ceremony will take place on January 17, 2026, in Berlin.<\/p>\n\n\n\n<p><strong><a href=\"https:\/\/www.europeanfilmawards.eu\/european-film-awards-nominees-2026\/\" target=\"_blank\" rel=\"noreferrer noopener\">More information about the European Film Awards on the EFA website<\/a><\/strong><\/p>\n","protected":false},"excerpt":{"rendered":"<p>The feature-length animated film Tales From the Magic Garden (dirs. David S\u00fakup, Patrik Pa\u0161\u0161, Leon Vidmar, Jean-Claude Rozec) was nominated in two categories for the 2025 European Film Awards. The only Slovak film was nominated from among the films shortlisted in the first round, based on the votes of 5,400 members of the European Film [&hellip;]<\/p>\n","protected":false},"featured_media":45617,"template":"","meta":{"_acf_changed":false,"inline_featured_image":false},"kategorie_noviniek":[2149,2145],"festival":[],"rok":[],"class_list":["post-55785","novinka","type-novinka","status-publish","has-post-thumbnail","hentry","kategorie_noviniek-awards","kategorie_noviniek-prezentacia-en"],"acf":[],"_links":{"self":[{"href":"https:\/\/sfu.sk\/en\/wp-json\/wp\/v2\/novinka\/55785","targetHints":{"allow":["GET"]}}],"collection":[{"href":"https:\/\/sfu.sk\/en\/wp-json\/wp\/v2\/novinka"}],"about":[{"href":"https:\/\/sfu.sk\/en\/wp-json\/wp\/v2\/types\/novinka"}],"wp:featuredmedia":[{"embeddable":true,"href":"https:\/\/sfu.sk\/en\/wp-json\/wp\/v2\/media\/45617"}],"wp:attachment":[{"href":"https:\/\/sfu.sk\/en\/wp-json\/wp\/v2\/media?parent=55785"}],"wp:term":[{"taxonomy":"kategorie_noviniek","embeddable":true,"href":"https:\/\/sfu.sk\/en\/wp-json\/wp\/v2\/kategorie_noviniek?post=55785"},{"taxonomy":"festival","embeddable":true,"href":"https:\/\/sfu.sk\/en\/wp-json\/wp\/v2\/festival?post=55785"},{"taxonomy":"rok","embeddable":true,"href":"https:\/\/sfu.sk\/en\/wp-json\/wp\/v2\/rok?post=55785"}],"curies":[{"name":"wp","href":"https:\/\/api.w.org\/{rel}","templated":true}]}}

<p><strong>The feature-length animated film <em><a href="https://sfu.sk/en/films/tales-from-the-magic-garden/" target="_blank" rel="noreferrer noopener">Tales From the Magic Garden</a></em> (dirs. David Súkup, Patrik Pašš, Leon Vidmar, Jean-Claude Rozec) was nominated in two categories for the 2025 <a href="https://www.europeanfilmawards.eu/european-film-awards-nominees-2026/" target="_blank" rel="noreferrer noopener">European Film Awards</a>.</strong></p>



<p>The only Slovak film was nominated from among the films shortlisted in the first round, based on the votes of 5,400 members of the <a href="https://www.europeanfilmacademy.org/" target="_blank" rel="noreferrer noopener">European Film Academy</a>. It will compete for the award in the European Animated Feature Film category and is also in the running for the main European Film category, which includes 15 feature-length live-action, documentary, and animated films.</p>



<p>The family film <em><strong>Tales From the Magic Garden</strong></em> draws inspiration from the book <em>Of Unwanted Things and People</em> by Czech author Arnošt Goldflam. The story of three children staying overnight at their grandfather’s for the first time after the death of their grandmother, a remarkable storyteller, gently conveys hope and helps navigate challenging life situations.</p>



<p>The film was produced as an equal four-way co-production between the Czech Republic (Maurfilm), Slovakia (<a href="https://www.artichoke.sk/" target="_blank" rel="noreferrer noopener">Artichoke Production</a>), Slovenia (ZVVIKS), and France (Vivement Lundi). It had its world premiere at this year’s Berlinale in the Generation Kplus competition section and was also presented to audiences at festivals in Zlín, Annecy, Karlovy Vary, Hamburg, Warsaw, and many others. It is currently being distributed in Slovak cinemas by Bear With Me Distribution.</p>



<p>The 38th European Film Awards ceremony will take place on January 17, 2026, in Berlin.</p>



<p><strong><a href="https://www.europeanfilmawards.eu/european-film-awards-nominees-2026/" target="_blank" rel="noreferrer noopener">More information about the European Film Awards on the EFA website</a></strong></p>

<p>The feature-length animated film Tales From the Magic Garden (dirs. David Súkup, Patrik Pašš, Leon Vidmar, Jean-Claude Rozec) was nominated in two categories for the 2025 European Film Awards. The only Slovak film was nominated from among the films shortlisted in the first round, based on the votes of 5,400 members of the European Film [&hellip;]</p>
