{"id":58865,"date":"2026-08-05T16:34:15","date_gmt":"2026-08-05T14:34:15","guid":{"rendered":"https:\/\/sfu.sk\/novinky\/4-zivly-2026\/"},"modified":"2026-08-05T18:47:04","modified_gmt":"2026-08-05T16:47:04","slug":"4-zivly-2026","status":"publish","type":"novinka","link":"https:\/\/sfu.sk\/en\/news\/4-zivly-2026\/","title":{"rendered":"Generations of Slovak filmmakers at the 4 \u017eivly film festival"},"content":{"rendered":"\n<p class=\"wp-block-paragraph\"><strong>The <a href=\"https:\/\/www.4zivly.sk\/\" id=\"https:\/\/www.4zivly.sk\/\" target=\"_blank\" rel=\"noreferrer noopener\">4 \u017eivly Summer Film Festival<\/a> will be held in Bansk\u00e1 \u0160tiavnica for the 28th time on August 6-9, 2026 with the main theme being Generations. Despite the shortened programme, the audience can look forward to many Slovak films.<\/strong><\/p>\n\n\n\n<p class=\"wp-block-paragraph\">Film historian Eva Filov\u00e1 has once again curated the traditional programme of short films from the collections of the Slovak Film Institute. The programme titled Generational Troubles takes a closer look at the lives of different generations from the 1960s to the 1980s. The 1963 film <em><strong><a href=\"http:\/\/www.skcinema.sk\/arl-sfu\/sk\/detail-sfu_un_cat.0-009343-Maturanti-dokumentarny-film\/\" target=\"_blank\" rel=\"noreferrer noopener\">Graduates<\/a><\/strong><\/em> by Jaroslav Pogran portrays the preparations for and the excitement surrounding students\u2019 graduation exams. Pavol S\u00fdkora captured the lives of three orphans and a grandfather in the 1966 film <em><strong><a href=\"http:\/\/www.skcinema.sk\/arl-sfu\/sk\/detail-sfu_un_cat.0-010961-Vlado-Marienka-Jojo-stary-otec-dokumentarny-film\/\" target=\"_blank\" rel=\"noreferrer noopener\">Vlado Marienka Jojo Grandfather<\/a><\/strong><\/em>. Du\u0161an Tran\u010d\u00edk&#8217;s 1968 film <em><strong><a href=\"http:\/\/www.skcinema.sk\/arl-sfu\/sk\/detail-sfu_un_cat.0-008842-Fotografovanie-obyvatelov-domu-dokumentarny-film\/\" target=\"_blank\" rel=\"noreferrer noopener\">Photographing the House Dwellers<\/a><\/strong><\/em> is a look at the joyful and tragic events in one multi-generational family. Fero Feni\u010d&#8217;s 1978 film <em><strong><a href=\"http:\/\/www.skcinema.sk\/arl-sfu\/sk\/detail-sfu_un_cat.0-008642-Diadem-dokumentarny-film\/\" target=\"_blank\" rel=\"noreferrer noopener\">Diad\u00e9m<\/a><\/strong><\/em> tells the story of the problems of young people in an amateur music group. The last film in the programme is the 1980 health education film <em><a href=\"http:\/\/www.skcinema.sk\/arl-sfu\/sk\/detail-sfu_un_cat.0-010068-Problem-veku-dokumentarny-film\/\" target=\"_blank\" rel=\"noreferrer noopener\"><strong>A Problem of Age<\/strong><\/a><\/em> directed by Kazim\u00edr Barl\u00edk about the principles of proper nutrition for older people.<\/p>\n\n\n\n<p class=\"wp-block-paragraph\">Two contemporary Slovak short films can be seen as part of The Voice of the Young Generation \u2013 Award-Winning Films of the FilmEU Film Festival 2026 programme. It will present the successful documentary about public space <em><strong><a href=\"https:\/\/sfu.sk\/en\/films\/how-to-listen-to-fountains\/\" id=\"47841\" target=\"_blank\" rel=\"noreferrer noopener\">How to Listen to Fountains<\/a><\/strong><\/em> by Eva Sajanov\u00e1, which was awarded in San Sebasti\u00e1n and at many other festivals, and the fiction <strong><em><a href=\"https:\/\/sfu.sk\/en\/films\/hot-flush\/\" id=\"46437\" target=\"_blank\" rel=\"noreferrer noopener\">Hot Flush<\/a><\/em><\/strong> by Hana Han\u010dinov\u00e1, which thematizes explores a woman&#8217;s transition into menopause, representing a new stage in her life.<\/p>\n\n\n\n<p class=\"wp-block-paragraph\">The festival programme also includes two feature films. <strong><em><a href=\"https:\/\/sfu.sk\/en\/films\/extraordinary\/\" id=\"38787\" target=\"_blank\" rel=\"noreferrer noopener\">Extraordinary<\/a><\/em><\/strong> is an adventure family film by Marina Andree \u0160kop and Vanda Ra\u00fdmanov\u00e1, which premiered at this year&#8217;s BUFF festival in Malm\u00f6, Sweden. It is a heartwarming story about otherness , friendship, and the power of cooperation which reminds us that every generation has something to learn from another. Marek Kubo\u0161\u2019 documentary film <strong><em><a href=\"https:\/\/sfu.sk\/en\/films\/%c2%b1-90\/\" id=\"40538\" target=\"_blank\" rel=\"noreferrer noopener\">\u00b1 90<\/a><\/em><\/strong> is a portrait of the influential generation of Slovak documentary filmmakers, the so-called Generation 90, whose leading figures include Kubo\u0161 himself, Peter Kerekes, Marko \u0160kop, Jaro Vojtek, Zuzana Piussi, Juraj Lehotsk\u00fd, and Robert Kirchhoff<\/p>\n\n\n\n<p class=\"wp-block-paragraph\"><a href=\"https:\/\/www.4zivly.sk\/\" target=\"_blank\" rel=\"noreferrer noopener\"><strong>More information can be found on the 4 \u017eivly website.<\/strong><\/a><\/p>\n","protected":false},"excerpt":{"rendered":"<p>The 4 \u017eivly Summer Film Festival will be held in Bansk\u00e1 \u0160tiavnica for the 28th time on August 6-9, 2026 with the main theme being Generations. Despite the shortened programme, the audience can look forward to many Slovak films.<\/p>\n","protected":false},"featured_media":42351,"template":"","meta":{"_acf_changed":false,"inline_featured_image":false},"kategorie_noviniek":[2145,2151],"festival":[],"rok":[],"class_list":["post-58865","novinka","type-novinka","status-publish","has-post-thumbnail","hentry","kategorie_noviniek-prezentacia-en","kategorie_noviniek-slovak-cinema-at-home"],"acf":[],"_links":{"self":[{"href":"https:\/\/sfu.sk\/en\/wp-json\/wp\/v2\/novinka\/58865","targetHints":{"allow":["GET"]}}],"collection":[{"href":"https:\/\/sfu.sk\/en\/wp-json\/wp\/v2\/novinka"}],"about":[{"href":"https:\/\/sfu.sk\/en\/wp-json\/wp\/v2\/types\/novinka"}],"wp:featuredmedia":[{"embeddable":true,"href":"https:\/\/sfu.sk\/en\/wp-json\/wp\/v2\/media\/42351"}],"wp:attachment":[{"href":"https:\/\/sfu.sk\/en\/wp-json\/wp\/v2\/media?parent=58865"}],"wp:term":[{"taxonomy":"kategorie_noviniek","embeddable":true,"href":"https:\/\/sfu.sk\/en\/wp-json\/wp\/v2\/kategorie_noviniek?post=58865"},{"taxonomy":"festival","embeddable":true,"href":"https:\/\/sfu.sk\/en\/wp-json\/wp\/v2\/festival?post=58865"},{"taxonomy":"rok","embeddable":true,"href":"https:\/\/sfu.sk\/en\/wp-json\/wp\/v2\/rok?post=58865"}],"curies":[{"name":"wp","href":"https:\/\/api.w.org\/{rel}","templated":true}]}}

Generations of Slovak filmmakers at the 4 živly film festival

<p class="wp-block-paragraph"><strong>The <a href="https://www.4zivly.sk/" id="https://www.4zivly.sk/" target="_blank" rel="noreferrer noopener">4 živly Summer Film Festival</a> will be held in Banská Štiavnica for the 28th time on August 6-9, 2026 with the main theme being Generations. Despite the shortened programme, the audience can look forward to many Slovak films.</strong></p>



<p class="wp-block-paragraph">Film historian Eva Filová has once again curated the traditional programme of short films from the collections of the Slovak Film Institute. The programme titled Generational Troubles takes a closer look at the lives of different generations from the 1960s to the 1980s. The 1963 film <em><strong><a href="http://www.skcinema.sk/arl-sfu/sk/detail-sfu_un_cat.0-009343-Maturanti-dokumentarny-film/" target="_blank" rel="noreferrer noopener">Graduates</a></strong></em> by Jaroslav Pogran portrays the preparations for and the excitement surrounding students’ graduation exams. Pavol Sýkora captured the lives of three orphans and a grandfather in the 1966 film <em><strong><a href="http://www.skcinema.sk/arl-sfu/sk/detail-sfu_un_cat.0-010961-Vlado-Marienka-Jojo-stary-otec-dokumentarny-film/" target="_blank" rel="noreferrer noopener">Vlado Marienka Jojo Grandfather</a></strong></em>. Dušan Trančík&#8217;s 1968 film <em><strong><a href="http://www.skcinema.sk/arl-sfu/sk/detail-sfu_un_cat.0-008842-Fotografovanie-obyvatelov-domu-dokumentarny-film/" target="_blank" rel="noreferrer noopener">Photographing the House Dwellers</a></strong></em> is a look at the joyful and tragic events in one multi-generational family. Fero Fenič&#8217;s 1978 film <em><strong><a href="http://www.skcinema.sk/arl-sfu/sk/detail-sfu_un_cat.0-008642-Diadem-dokumentarny-film/" target="_blank" rel="noreferrer noopener">Diadém</a></strong></em> tells the story of the problems of young people in an amateur music group. The last film in the programme is the 1980 health education film <em><a href="http://www.skcinema.sk/arl-sfu/sk/detail-sfu_un_cat.0-010068-Problem-veku-dokumentarny-film/" target="_blank" rel="noreferrer noopener"><strong>A Problem of Age</strong></a></em> directed by Kazimír Barlík about the principles of proper nutrition for older people.</p>



<p class="wp-block-paragraph">Two contemporary Slovak short films can be seen as part of The Voice of the Young Generation – Award-Winning Films of the FilmEU Film Festival 2026 programme. It will present the successful documentary about public space <em><strong><a href="https://sfu.sk/en/films/how-to-listen-to-fountains/" id="47841" target="_blank" rel="noreferrer noopener">How to Listen to Fountains</a></strong></em> by Eva Sajanová, which was awarded in San Sebastián and at many other festivals, and the fiction <strong><em><a href="https://sfu.sk/en/films/hot-flush/" id="46437" target="_blank" rel="noreferrer noopener">Hot Flush</a></em></strong> by Hana Hančinová, which thematizes explores a woman&#8217;s transition into menopause, representing a new stage in her life.</p>



<p class="wp-block-paragraph">The festival programme also includes two feature films. <strong><em><a href="https://sfu.sk/en/films/extraordinary/" id="38787" target="_blank" rel="noreferrer noopener">Extraordinary</a></em></strong> is an adventure family film by Marina Andree Škop and Vanda Raýmanová, which premiered at this year&#8217;s BUFF festival in Malmö, Sweden. It is a heartwarming story about otherness , friendship, and the power of cooperation which reminds us that every generation has something to learn from another. Marek Kuboš’ documentary film <strong><em><a href="https://sfu.sk/en/films/%c2%b1-90/" id="40538" target="_blank" rel="noreferrer noopener">± 90</a></em></strong> is a portrait of the influential generation of Slovak documentary filmmakers, the so-called Generation 90, whose leading figures include Kuboš himself, Peter Kerekes, Marko Škop, Jaro Vojtek, Zuzana Piussi, Juraj Lehotský, and Robert Kirchhoff</p>



<p class="wp-block-paragraph"><a href="https://www.4zivly.sk/" target="_blank" rel="noreferrer noopener"><strong>More information can be found on the 4 živly website.</strong></a></p>

<p>The 4 živly Summer Film Festival will be held in Banská Štiavnica for the 28th time on August 6-9, 2026 with the main theme being Generations. Despite the shortened programme, the audience can look forward to many Slovak films.</p>
